{"id":22792,"date":"2025-08-01T17:00:16","date_gmt":"2025-08-01T15:00:16","guid":{"rendered":"https:\/\/uj.adatbank.ro\/lexikon\/termek\/teleki-domokos-%c2%a7-szeki-gr-3\/"},"modified":"2025-08-01T17:00:16","modified_gmt":"2025-08-01T15:00:16","slug":"teleki-domokos-%c2%a7-szeki-gr-3","status":"publish","type":"product","link":"https:\/\/uj.adatbank.ro\/lexikon\/termek\/teleki-domokos-%c2%a7-szeki-gr-3\/","title":{"rendered":"TELEKI Domokos, \u00a7 sz\u00e9ki gr."},"content":{"rendered":"<p>Maross\u00e1rpatak, 1841. aug. 11; 1842. aug. 4., \u2020 Bp., 1907. jan. 17: orsz. k\u00e9pvisel\u0151, f\u0151rendih\u00e1zi tag. f\u00f6ldbirtokos Koz\u00e1rv\u00e1ron, EMKE alap\u00edt\u00f3tag, aleln\u00f6k. \u2013 Lajos (1807\u20131842) \u00e9s gr. Bethlen Eszter fia. \u00d6ccse K\u00e1rolynak a f\u0151rendih\u00e1z tagj\u00e1nak. Tanulm\u00e1nyai v\u00e9gezt\u00e9vel egy ideig katona volt, sz\u00e1zadosi rangig emelkedett. A k\u00e9pvisel\u0151h\u00e1zban a magyarl\u00e1posi ker. k\u00e9pvisel\u0151je volt szabadelv\u0171p\u00e1rti programmal (1884\u2013). Nev\u00e9t k\u00fcl\u00f6n\u00f6sen az EMKE \u00e9rdek\u00e9ben tan\u00fas\u00edtott buzgalma tette ismertt\u00e9: a bp.-i Nemzeti Kaszin\u00f3ban gy\u0171jt\u00e9st kezdem\u00e9nyezett az EMKE megalak\u00edt\u00e1s\u00e1ra, bar\u00e1tai, ismer\u0151sei k\u00f6r\u00e9ben ezreket gy\u0171jt\u00f6tt, \u0151 maga 1000 koron\u00e1s adom\u00e1nyoz\u00f3. Az alakul\u00f3 k\u00f6zgy\u0171l\u00e9st\u0151l az EMKE alap\u00edt\u00f3 \u00e9s \u00f6r\u00f6k\u00f6s tagja, aleln\u00f6ke (1885. aug. 31\u2013). A maross\u00e1rpataki als\u00f3 ma is megl\u00e9v\u0151 kast\u00e9ly \u00e9p\u00edttet\u0151je (1872), amelyet unoka\u00f6ccse J\u00f3zsef (1902\u20131967) \u00f6r\u00f6k\u00f6lt, \u0151 volt az utols\u00f3 tulajdonosa. Val\u00f3sz\u00edn\u0171 azt a birtokot, ami a tulajdon\u00e1ba volt 2153 holdat, saj\u00e1t\u00edtott ki (100 %-ban) az \u00f6r\u00f6k\u00f6s\u00f6kt\u0151l a rom\u00e1n \u00e1llam az imp\u00e9rium v\u00e1ltoz\u00e1s ut\u00e1n, a f\u00f6ldreformkor (1921). <br \/><strong>\u2013 Irod.:<\/strong> Bicsok\u2013Orb\u00e1n; Gudenus; Ogy.-i almanach; Pan\u0103; S\u00e1ndor.<\/br><\/p>\n","protected":false},"excerpt":{"rendered":"<p>Maross\u00e1rpatak, 1841. aug. 11; 1842. aug. 4., \u2020 Bp., 1907. jan. 17: orsz. k\u00e9pvisel\u0151, f\u0151rendih\u00e1zi tag. f\u00f6ldbirtokos Koz\u00e1rv\u00e1ron, EMKE alap\u00edt\u00f3tag, aleln\u00f6k. \u2013 Lajos (1807\u20131842) \u00e9s gr. Bethlen Eszter fia. \u00d6ccse K\u00e1rolynak a f\u0151rendih\u00e1z tagj\u00e1nak. Tanulm\u00e1nyai v\u00e9gezt\u00e9vel egy ideig katona volt, sz\u00e1zadosi rangig emelkedett. A k\u00e9pvisel\u0151h\u00e1zban a magyarl\u00e1posi ker. k\u00e9pvisel\u0151je volt szabadelv\u0171p\u00e1rti programmal (1884\u2013). Nev\u00e9t k\u00fcl\u00f6n\u00f6sen [&hellip;]<\/p>\n","protected":false},"featured_media":0,"comment_status":"open","ping_status":"closed","template":"","meta":[],"product_brand":[],"product_cat":[137],"product_tag":[],"class_list":{"0":"post-22792","1":"product","2":"type-product","3":"status-publish","5":"product_cat-maros-megyei-eletrajzi-lexikon","7":"first","8":"instock","9":"shipping-taxable","10":"product-type-simple"},"_links":{"self":[{"href":"https:\/\/uj.adatbank.ro\/lexikon\/wp-json\/wp\/v2\/product\/22792","targetHints":{"allow":["GET"]}}],"collection":[{"href":"https:\/\/uj.adatbank.ro\/lexikon\/wp-json\/wp\/v2\/product"}],"about":[{"href":"https:\/\/uj.adatbank.ro\/lexikon\/wp-json\/wp\/v2\/types\/product"}],"replies":[{"embeddable":true,"href":"https:\/\/uj.adatbank.ro\/lexikon\/wp-json\/wp\/v2\/comments?post=22792"}],"wp:attachment":[{"href":"https:\/\/uj.adatbank.ro\/lexikon\/wp-json\/wp\/v2\/media?parent=22792"}],"wp:term":[{"taxonomy":"product_brand","embeddable":true,"href":"https:\/\/uj.adatbank.ro\/lexikon\/wp-json\/wp\/v2\/product_brand?post=22792"},{"taxonomy":"product_cat","embeddable":true,"href":"https:\/\/uj.adatbank.ro\/lexikon\/wp-json\/wp\/v2\/product_cat?post=22792"},{"taxonomy":"product_tag","embeddable":true,"href":"https:\/\/uj.adatbank.ro\/lexikon\/wp-json\/wp\/v2\/product_tag?post=22792"}],"curies":[{"name":"wp","href":"https:\/\/api.w.org\/{rel}","templated":true}]}}

TELEKI Domokos, § széki gr.

<p>Marossárpatak, 1841. aug. 11; 1842. aug. 4., † Bp., 1907. jan. 17: orsz. képviselő, főrendiházi tag. földbirtokos Kozárváron, EMKE alapítótag, alelnök. – Lajos (1807–1842) és gr. Bethlen Eszter fia. Öccse Károlynak a főrendiház tagjának. Tanulmányai végeztével egy ideig katona volt, századosi rangig emelkedett. A képviselőházban a magyarláposi ker. képviselője volt szabadelvűpárti programmal (1884–). Nevét különösen az EMKE érdekében tanúsított buzgalma tette ismertté: a bp.-i Nemzeti Kaszinóban gyűjtést kezdeményezett az EMKE megalakítására, barátai, ismerősei körében ezreket gyűjtött, ő maga 1000 koronás adományozó. Az alakuló közgyűléstől az EMKE alapító és örökös tagja, alelnöke (1885. aug. 31–). A marossárpataki alsó ma is meglévő kastély építtetője (1872), amelyet unokaöccse József (1902–1967) örökölt, ő volt az utolsó tulajdonosa. Valószínű azt a birtokot, ami a tulajdonába volt 2153 holdat, sajátított ki (100 %-ban) az örökösöktől a román állam az impérium változás után, a földreformkor (1921). <br /><strong>– Irod.:</strong> Bicsok–Orbán; Gudenus; Ogy.-i almanach; Pană; Sándor.</br></p>

<p>Marossárpatak, 1841. aug. 11; 1842. aug. 4., † Bp., 1907. jan. 17: orsz. képviselő, főrendiházi tag. földbirtokos Kozárváron, EMKE alapítótag, alelnök. – Lajos (1807–1842) és gr. Bethlen Eszter fia. Öccse Károlynak a főrendiház tagjának. Tanulmányai végeztével egy ideig katona volt, századosi rangig emelkedett. A képviselőházban a magyarláposi ker. képviselője volt szabadelvűpárti programmal (1884–). Nevét különösen [&hellip;]</p>
