{"id":22793,"date":"2025-08-01T17:00:18","date_gmt":"2025-08-01T15:00:18","guid":{"rendered":"https:\/\/uj.adatbank.ro\/lexikon\/termek\/teleki-domokos-%c2%a7-szeki-gr-4\/"},"modified":"2025-08-01T17:00:18","modified_gmt":"2025-08-01T15:00:18","slug":"teleki-domokos-%c2%a7-szeki-gr-4","status":"publish","type":"product","link":"https:\/\/uj.adatbank.ro\/lexikon\/termek\/teleki-domokos-%c2%a7-szeki-gr-4\/","title":{"rendered":"TELEKI Domokos, \u00a7 sz\u00e9ki gr."},"content":{"rendered":"<p>Kv., 1880. jan. 11., \u2020 Csombord, 1955. j\u00fal. 3., temetve a gernyeszegi csal\u00e1di kript\u00e1ban (2009): archeol\u00f3gus, jog\u00e1szdoktor, a m. f\u0151rendih\u00e1z \u00f6r\u00f6k\u00f6s tagja, a Johannita Rend lovagja, birtokos. \u2013 T. Domokos (1810\u20131876) \u00e9s T. Klementina (1827\u20131894) fia. Testv\u00e9re T. Ilona, Bethlen Istv\u00e1nn\u00e9. Feles\u00e9ge sz\u00e9ki gr. Teleki Eduardina Sarolta Ir\u00e9n Matild R\u00f3za. Gyermekei: Mih\u00e1ly, Domokos, Margit. \u2013 A k\u00f6z\u00e9piskol\u00e1t mag\u00e1n\u00faton, r\u00e9szben Bp.-en a II. ker. R. k. f\u0151gimn.-ban v\u00e9gezte Egyetemi tanulm\u00e1nyokat folytatott a Strassbourgi Egy. Jogtud. Kar\u00e1n (1899\u20131900, Kv.-on \u00e9s Berlinben. \u00c1llamtudom\u00e1nyi doktori fokozatot szerzett Kv.-on. Mint n\u00e9pfelkel\u0151 tiszt (1917. dec. 1.\u20131918. febr. 4.) felmentve. A m. f\u0151rendi h\u00e1znak tagja (1910\u201318) a Johannita rend lovagja. Az I. vh.-ban hadnagy, az orsz\u00e1gos V\u00f6r\u00f6s Kereszt Egylet f\u0151megb\u00edzottja, hat\u00e1sk\u00f6re kiterjedt Mv. \u00e9s Maros-Torda v\u00e1rmegye \u00f6sszes v\u00f6r\u00f6skeresztes egyes\u00fcleteire \u00e9s k\u00f3rh\u00e1zaira. A Mv.-i V\u00edv\u00f3egylet eln\u00f6ke (1910). V\u00e1rmegyei virilista (1910, 1913). Apj\u00e1t\u00f3l \u00f6r\u00f6k\u00f6lte a gernyeszegi Teleki-kast\u00e9lyt. Gazdag\u00edtotta a kast\u00e9lyt \u00e9p\u00edt\u00e9szeti elemekkel, plasztik\u00e1kkal, r\u00e9gi s\u00edrfeliratokkal \u00e9s a parkban h\u00e9t g\u00f6r\u00f6g mitol\u00f3giai istenszobrot \u00e1ll\u00edtott fel: Juno, Neptun, P\u00e1n, Venus, Ceres, Bacchus \u00e9s Ganymedes, ezeket Bud\u00e1n tal\u00e1lta, felt\u00e9telezhet\u0151, hogy Martinelli \u00e9p\u00edt\u00e9sz Bp.-en dolgoz\u00f3 szobr\u00e1szai k\u00e9sz\u00edtett\u00e9k. A gernyeszegi uradalomban gazd\u00e1lkodott. Az 1180 kataszteri holdj\u00e1b\u00f3l 540 holdat kisaj\u00e1t\u00edtottak a f\u00f6ldreformkor (1921). G\u00e9pekkel felszerelt mintagazdas\u00e1got alak\u00edtott ki. Ki\u00e1ll\u00edt\u00e1sokon d\u00edjakat nyert az \u00e1llatokkal \u00e9s k\u00fcl\u00f6nb\u00f6z\u0151 mez\u0151gazdas\u00e1gi term\u00e9kekkel. A v\u00e1ltozott viszonyok k\u00f6zt sz\u00f6vetkezeti \u00fcgyekkel (f\u00f6ldm\u0171ves sz\u00f6vets\u00e9g), egyh\u00e1zi \u00fcgyekkel (a g\u00f6rg\u00e9nyi ref. egyh\u00e1zmegye f\u0151gondnoka) foglalkozott, vezette mintagazdas\u00e1g\u00e1t, mez\u0151gazdas\u00e1gi szakk\u00f6nyveket \u00edrt. A Teleki T\u00e9ka \u00fcgyeivel foglalkozott (1930-as \u00e9vekt\u0151l), a T\u00e9ka hivatalos \u00fcgyvezet\u0151je (1942\u2013), \u00fatmutat\u00e1sai alapj\u00e1n jav\u00edtott\u00e1k az \u00e9p\u00fcletet: a tet\u0151t, \u00faj k\u00e9m\u00e9nyeket \u00e1ll\u00edtottak, p\u00e1nc\u00e9lszekr\u00e9nyt, t\u00e1rl\u00f3kat v\u00e1s\u00e1roltak. H\u00edres \u00e9s szakavatott m\u0171gy\u0171jt\u0151, archeol\u00f3gus volt. Akt\u00edv r\u00e9sztvev\u0151je volt a k\u00f6zs\u00e9g \u00e9s a megye \u00e9let\u00e9nek. Az MTK eln\u00f6ke (1921), A Maros \u00e9s Kisk\u00fck\u00fcll\u0151 megyei k\u00f6z\u00f6s mez\u0151gazdas\u00e1gi Kamara titk\u00e1ra (1925). Az MSE alap\u00edt\u00f3 tagja, mint versenyz\u0151 vett r\u00e9sz a mv.-i v\u00edv\u00f3akad\u00e9mia d\u00edsztorn\u00e1j\u00e1n (1909). Az OMP helyi tagozat\u00e1nak vezet\u0151s\u00e9gi tagja (1927), eln\u00f6ke (1932). A KZST tagja (1936), sz\u00e9kfoglal\u00f3ja vet\u00edtettk\u00e9pes el\u0151ad\u00e1s Mv. m\u00faltj\u00e1r\u00f3l. Eladta a K\u00f6peczi-Teleki h\u00e1zat Csisz\u00e1r Lajos \u00e9p\u00edt\u0151mesternek (1920). \u2013  <strong>F. m..:<\/strong> A Marosv\u00e1s\u00e1rhelyi Teleki-k\u00f6nyvt\u00e1r t\u00f6rt\u00e9nete (Kv., 1931); A v\u00edv\u00e1sr\u00f3l = Illy\u00e9s;  <strong>t\u00e1rssz.:<\/strong> Gr\u00f3f Teleki S\u00e1muel eml\u00e9k\u00fcnnep (Bp., 1940); A Teleki Th\u00e9ka \u00fcgy\u00e9nek rendez\u00e9se (Kv., s.a.). <br \/><strong>\u2013 Irod.:<\/strong> 1924\u20131944 Helikon; Antalfi Imola. Gernyeszegen nyugszanak imm\u00e1r a Telekiek (N\u00fa., 2011. szept. 5.); B\u00e1nyai R\u00e9ka; Bicsok\u2013Orb\u00e1n; Castellum \u00c9rtes\u00edt\u0151 (2000, 3. sz.); Fekete; Gazdas\u00e1gi s\u00e9relmeink \u00e9s k\u00edv\u00e1ns\u00e1gaink: Az Orsz\u00e1gos MP k\u00f6zgazdas\u00e1gi szakoszt\u00e1ly\u00e1nak Gyergy\u00f3szentmikl\u00f3son 1926. okt. 9.-\u00e9n tartott nyilv\u00e1nos \u00fcl\u00e9s\u00e9r\u0151l (Dics\u0151szentm\u00e1rton, 1926); Gudenus; Guly\u00e1s K\u00e1roly [k\u00e9zirat]; Id\u0151t\u00e1r 2; Id\u0151t\u00e1r 3; Illy\u00e9s; K.L. Mv. Molter; Koszta; M\u0171v. t\u00f6rt. tan. 2.; Mv. \u00e9s a h\u00e1bor\u00fa 1. Molter; Ol\u00e1h-G\u00e1l Elvira = Nobile officium; Szab\u00f3\u2013Simon\u2013Sz\u00f6gi.<\/br><\/p>\n","protected":false},"excerpt":{"rendered":"<p>Kv., 1880. jan. 11., \u2020 Csombord, 1955. j\u00fal. 3., temetve a gernyeszegi csal\u00e1di kript\u00e1ban (2009): archeol\u00f3gus, jog\u00e1szdoktor, a m. f\u0151rendih\u00e1z \u00f6r\u00f6k\u00f6s tagja, a Johannita Rend lovagja, birtokos. \u2013 T. Domokos (1810\u20131876) \u00e9s T. Klementina (1827\u20131894) fia. Testv\u00e9re T. Ilona, Bethlen Istv\u00e1nn\u00e9. Feles\u00e9ge sz\u00e9ki gr. Teleki Eduardina Sarolta Ir\u00e9n Matild R\u00f3za. Gyermekei: Mih\u00e1ly, Domokos, Margit. \u2013 [&hellip;]<\/p>\n","protected":false},"featured_media":0,"comment_status":"open","ping_status":"closed","template":"","meta":[],"product_brand":[],"product_cat":[137],"product_tag":[],"class_list":{"0":"post-22793","1":"product","2":"type-product","3":"status-publish","5":"product_cat-maros-megyei-eletrajzi-lexikon","7":"first","8":"instock","9":"shipping-taxable","10":"product-type-simple"},"_links":{"self":[{"href":"https:\/\/uj.adatbank.ro\/lexikon\/wp-json\/wp\/v2\/product\/22793","targetHints":{"allow":["GET"]}}],"collection":[{"href":"https:\/\/uj.adatbank.ro\/lexikon\/wp-json\/wp\/v2\/product"}],"about":[{"href":"https:\/\/uj.adatbank.ro\/lexikon\/wp-json\/wp\/v2\/types\/product"}],"replies":[{"embeddable":true,"href":"https:\/\/uj.adatbank.ro\/lexikon\/wp-json\/wp\/v2\/comments?post=22793"}],"wp:attachment":[{"href":"https:\/\/uj.adatbank.ro\/lexikon\/wp-json\/wp\/v2\/media?parent=22793"}],"wp:term":[{"taxonomy":"product_brand","embeddable":true,"href":"https:\/\/uj.adatbank.ro\/lexikon\/wp-json\/wp\/v2\/product_brand?post=22793"},{"taxonomy":"product_cat","embeddable":true,"href":"https:\/\/uj.adatbank.ro\/lexikon\/wp-json\/wp\/v2\/product_cat?post=22793"},{"taxonomy":"product_tag","embeddable":true,"href":"https:\/\/uj.adatbank.ro\/lexikon\/wp-json\/wp\/v2\/product_tag?post=22793"}],"curies":[{"name":"wp","href":"https:\/\/api.w.org\/{rel}","templated":true}]}}

TELEKI Domokos, § széki gr.

<p>Kv., 1880. jan. 11., † Csombord, 1955. júl. 3., temetve a gernyeszegi családi kriptában (2009): archeológus, jogászdoktor, a m. főrendiház örökös tagja, a Johannita Rend lovagja, birtokos. – T. Domokos (1810–1876) és T. Klementina (1827–1894) fia. Testvére T. Ilona, Bethlen Istvánné. Felesége széki gr. Teleki Eduardina Sarolta Irén Matild Róza. Gyermekei: Mihály, Domokos, Margit. – A középiskolát magánúton, részben Bp.-en a II. ker. R. k. főgimn.-ban végezte Egyetemi tanulmányokat folytatott a Strassbourgi Egy. Jogtud. Karán (1899–1900, Kv.-on és Berlinben. Államtudományi doktori fokozatot szerzett Kv.-on. Mint népfelkelő tiszt (1917. dec. 1.–1918. febr. 4.) felmentve. A m. főrendi háznak tagja (1910–18) a Johannita rend lovagja. Az I. vh.-ban hadnagy, az országos Vörös Kereszt Egylet főmegbízottja, hatásköre kiterjedt Mv. és Maros-Torda vármegye összes vöröskeresztes egyesületeire és kórházaira. A Mv.-i Vívóegylet elnöke (1910). Vármegyei virilista (1910, 1913). Apjától örökölte a gernyeszegi Teleki-kastélyt. Gazdagította a kastélyt építészeti elemekkel, plasztikákkal, régi sírfeliratokkal és a parkban hét görög mitológiai istenszobrot állított fel: Juno, Neptun, Pán, Venus, Ceres, Bacchus és Ganymedes, ezeket Budán találta, feltételezhető, hogy Martinelli építész Bp.-en dolgozó szobrászai készítették. A gernyeszegi uradalomban gazdálkodott. Az 1180 kataszteri holdjából 540 holdat kisajátítottak a földreformkor (1921). Gépekkel felszerelt mintagazdaságot alakított ki. Kiállításokon díjakat nyert az állatokkal és különböző mezőgazdasági termékekkel. A változott viszonyok közt szövetkezeti ügyekkel (földműves szövetség), egyházi ügyekkel (a görgényi ref. egyházmegye főgondnoka) foglalkozott, vezette mintagazdaságát, mezőgazdasági szakkönyveket írt. A Teleki Téka ügyeivel foglalkozott (1930-as évektől), a Téka hivatalos ügyvezetője (1942–), útmutatásai alapján javították az épületet: a tetőt, új kéményeket állítottak, páncélszekrényt, tárlókat vásároltak. Híres és szakavatott műgyűjtő, archeológus volt. Aktív résztvevője volt a község és a megye életének. Az MTK elnöke (1921), A Maros és Kisküküllő megyei közös mezőgazdasági Kamara titkára (1925). Az MSE alapító tagja, mint versenyző vett rész a mv.-i vívóakadémia dísztornáján (1909). Az OMP helyi tagozatának vezetőségi tagja (1927), elnöke (1932). A KZST tagja (1936), székfoglalója vetítettképes előadás Mv. múltjáról. Eladta a Köpeczi-Teleki házat Csiszár Lajos építőmesternek (1920). –  <strong>F. m..:</strong> A Marosvásárhelyi Teleki-könyvtár története (Kv., 1931); A vívásról = Illyés;  <strong>társsz.:</strong> Gróf Teleki Sámuel emlékünnep (Bp., 1940); A Teleki Théka ügyének rendezése (Kv., s.a.). <br /><strong>– Irod.:</strong> 1924–1944 Helikon; Antalfi Imola. Gernyeszegen nyugszanak immár a Telekiek (Nú., 2011. szept. 5.); Bányai Réka; Bicsok–Orbán; Castellum Értesítő (2000, 3. sz.); Fekete; Gazdasági sérelmeink és kívánságaink: Az Országos MP közgazdasági szakosztályának Gyergyószentmiklóson 1926. okt. 9.-én tartott nyilvános üléséről (Dicsőszentmárton, 1926); Gudenus; Gulyás Károly [kézirat]; Időtár 2; Időtár 3; Illyés; K.L. Mv. Molter; Koszta; Műv. tört. tan. 2.; Mv. és a háború 1. Molter; Oláh-Gál Elvira = Nobile officium; Szabó–Simon–Szögi.</br></p>

<p>Kv., 1880. jan. 11., † Csombord, 1955. júl. 3., temetve a gernyeszegi családi kriptában (2009): archeológus, jogászdoktor, a m. főrendiház örökös tagja, a Johannita Rend lovagja, birtokos. – T. Domokos (1810–1876) és T. Klementina (1827–1894) fia. Testvére T. Ilona, Bethlen Istvánné. Felesége széki gr. Teleki Eduardina Sarolta Irén Matild Róza. Gyermekei: Mihály, Domokos, Margit. – [&hellip;]</p>
