{"id":22799,"date":"2025-08-01T17:00:33","date_gmt":"2025-08-01T15:00:33","guid":{"rendered":"https:\/\/uj.adatbank.ro\/lexikon\/termek\/teleki-erzsebet-szeki-gr\/"},"modified":"2025-08-01T17:00:33","modified_gmt":"2025-08-01T15:00:33","slug":"teleki-erzsebet-szeki-gr","status":"publish","type":"product","link":"https:\/\/uj.adatbank.ro\/lexikon\/termek\/teleki-erzsebet-szeki-gr\/","title":{"rendered":"TELEKI Erzs\u00e9bet, sz\u00e9ki gr."},"content":{"rendered":"<p>Mv., 1938. szept. 1., \u2020 ?: g\u00e9p\u00edr\u00f3n\u0151. \u2013 T. Mih\u00e1ly \u00e9s Tisza Aime\u00e9 l\u00e1nya. A kommunista rendszer \u00fcld\u00f6z\u00f6ttje. \u2013 T\u00f6bb r\u00f6pc\u00e9dul\u00e1t sokszoros\u00edtott \u00e9s terjesztett. Letart\u00f3ztatt\u00e1k (1957. m\u00e1rc. 15.) \u00e9s a kv.-i Katonai B\u00edr\u00f3s\u00e1g rendszerellenes r\u00f6pc\u00e9dul\u00e1k sokszoros\u00edt\u00e1s\u00e1ban val\u00f3 b\u0171nr\u00e9szess\u00e9g v\u00e1dj\u00e1val 15 \u00e9v b\u00f6rt\u00f6nre \u00edt\u00e9lte. B\u00f6rt\u00f6n\u00e9veit Mv.-en, Cs\u00edkszered\u00e1ban, Zsil\u00e1v\u00e1n, Misle\u00e1n, Aradon \u00e9s Nagyv\u00e1radon t\u00f6lt\u00f6tte. Innen szabadult (1964. j\u00fan. 30.). Hazat\u00e9r\u00e9se ut\u00e1n m\u0171szaki rajzol\u00f3k\u00e9nt dolgozott. N\u00e9metorsz\u00e1gban \u00e9l (1971\u2013). Itthon volt a sz\u00fclei gernyeszegi \u00fajratemet\u00e9s\u00e9n (2011). <br \/><strong>\u2013 Irod.:<\/strong> 1956 Erd\u00e9lyben;\u00c1ldozatok; Bottoni 2006; Ioni\u0163oiu.<\/br><\/p>\n","protected":false},"excerpt":{"rendered":"<p>Mv., 1938. szept. 1., \u2020 ?: g\u00e9p\u00edr\u00f3n\u0151. \u2013 T. Mih\u00e1ly \u00e9s Tisza Aime\u00e9 l\u00e1nya. A kommunista rendszer \u00fcld\u00f6z\u00f6ttje. \u2013 T\u00f6bb r\u00f6pc\u00e9dul\u00e1t sokszoros\u00edtott \u00e9s terjesztett. Letart\u00f3ztatt\u00e1k (1957. m\u00e1rc. 15.) \u00e9s a kv.-i Katonai B\u00edr\u00f3s\u00e1g rendszerellenes r\u00f6pc\u00e9dul\u00e1k sokszoros\u00edt\u00e1s\u00e1ban val\u00f3 b\u0171nr\u00e9szess\u00e9g v\u00e1dj\u00e1val 15 \u00e9v b\u00f6rt\u00f6nre \u00edt\u00e9lte. B\u00f6rt\u00f6n\u00e9veit Mv.-en, Cs\u00edkszered\u00e1ban, Zsil\u00e1v\u00e1n, Misle\u00e1n, Aradon \u00e9s Nagyv\u00e1radon t\u00f6lt\u00f6tte. Innen szabadult (1964. [&hellip;]<\/p>\n","protected":false},"featured_media":0,"comment_status":"open","ping_status":"closed","template":"","meta":[],"product_brand":[],"product_cat":[137],"product_tag":[],"class_list":{"0":"post-22799","1":"product","2":"type-product","3":"status-publish","5":"product_cat-maros-megyei-eletrajzi-lexikon","7":"first","8":"instock","9":"shipping-taxable","10":"product-type-simple"},"_links":{"self":[{"href":"https:\/\/uj.adatbank.ro\/lexikon\/wp-json\/wp\/v2\/product\/22799","targetHints":{"allow":["GET"]}}],"collection":[{"href":"https:\/\/uj.adatbank.ro\/lexikon\/wp-json\/wp\/v2\/product"}],"about":[{"href":"https:\/\/uj.adatbank.ro\/lexikon\/wp-json\/wp\/v2\/types\/product"}],"replies":[{"embeddable":true,"href":"https:\/\/uj.adatbank.ro\/lexikon\/wp-json\/wp\/v2\/comments?post=22799"}],"wp:attachment":[{"href":"https:\/\/uj.adatbank.ro\/lexikon\/wp-json\/wp\/v2\/media?parent=22799"}],"wp:term":[{"taxonomy":"product_brand","embeddable":true,"href":"https:\/\/uj.adatbank.ro\/lexikon\/wp-json\/wp\/v2\/product_brand?post=22799"},{"taxonomy":"product_cat","embeddable":true,"href":"https:\/\/uj.adatbank.ro\/lexikon\/wp-json\/wp\/v2\/product_cat?post=22799"},{"taxonomy":"product_tag","embeddable":true,"href":"https:\/\/uj.adatbank.ro\/lexikon\/wp-json\/wp\/v2\/product_tag?post=22799"}],"curies":[{"name":"wp","href":"https:\/\/api.w.org\/{rel}","templated":true}]}}

TELEKI Erzsébet, széki gr.

<p>Mv., 1938. szept. 1., † ?: gépírónő. – T. Mihály és Tisza Aimeé lánya. A kommunista rendszer üldözöttje. – Több röpcédulát sokszorosított és terjesztett. Letartóztatták (1957. márc. 15.) és a kv.-i Katonai Bíróság rendszerellenes röpcédulák sokszorosításában való bűnrészesség vádjával 15 év börtönre ítélte. Börtönéveit Mv.-en, Csíkszeredában, Zsiláván, Misleán, Aradon és Nagyváradon töltötte. Innen szabadult (1964. jún. 30.). Hazatérése után műszaki rajzolóként dolgozott. Németországban él (1971–). Itthon volt a szülei gernyeszegi újratemetésén (2011). <br /><strong>– Irod.:</strong> 1956 Erdélyben;Áldozatok; Bottoni 2006; Ioniţoiu.</br></p>

<p>Mv., 1938. szept. 1., † ?: gépírónő. – T. Mihály és Tisza Aimeé lánya. A kommunista rendszer üldözöttje. – Több röpcédulát sokszorosított és terjesztett. Letartóztatták (1957. márc. 15.) és a kv.-i Katonai Bíróság rendszerellenes röpcédulák sokszorosításában való bűnrészesség vádjával 15 év börtönre ítélte. Börtönéveit Mv.-en, Csíkszeredában, Zsiláván, Misleán, Aradon és Nagyváradon töltötte. Innen szabadult (1964. [&hellip;]</p>
