{"id":22806,"date":"2025-08-01T17:00:52","date_gmt":"2025-08-01T15:00:52","guid":{"rendered":"https:\/\/uj.adatbank.ro\/lexikon\/termek\/teleki-ferenc-szeki-gr\/"},"modified":"2025-08-01T17:00:52","modified_gmt":"2025-08-01T15:00:52","slug":"teleki-ferenc-szeki-gr","status":"publish","type":"product","link":"https:\/\/uj.adatbank.ro\/lexikon\/termek\/teleki-ferenc-szeki-gr\/","title":{"rendered":"TELEKI Ferenc, sz\u00e9ki gr."},"content":{"rendered":"<p>Paszmos, 1785. \u00e1pr. 4., \u2020 Paszmos, 1831. dec. 20.: cs. k. kamar\u00e1s, k\u00f6lt\u0151. \u2013 T. Mih\u00e1ly \u00e9s D\u00f3sa \u00c1gnes fia. Feles\u00e9ge: gr. Teleki K\u00e1rolina. Gyermekeik: Edv\u00e1rd \u00e9s K\u00e1rolina. \u2013 Tanult Beszterc\u00e9n, ahov\u00e1 sz\u00fclei a Horea l\u00e1zad\u00e1s h\u00edr\u00e9re menek\u00fcltek Paszmosr\u00f3l, a piarist\u00e1kn\u00e1l, majd Mv.-en, azut\u00e1n k\u00e9t \u00e9vig H\u00e9na Ferenc pl\u00e9b\u00e1nos fel\u00fcgyelete alatt Zalatn\u00e1n \u00e9s K\u00e1rolyfeh\u00e9rv\u00e1ron. Apja hal\u00e1la (1792) ut\u00e1n nevel\u00e9s\u00e9t nagyb\u00e1tyja, gr. T. Ferenc fel\u00fcgyelte, aki ut\u00f3bb szemreh\u00e1ny\u00e1st tett neki magyartalans\u00e1g\u00e1\u00e9rt. A b\u00e9csi Theresianumban folytatta tanulm\u00e1nyait (1799\u20131801), ahol szinte teljesen eln\u00e9metesedett. J\u00f3l besz\u00e9lt angolul \u00e9s franci\u00e1ul, \u00e9s t\u0171rhet\u0151en olaszul. Kv.-on jogot tanult (1805\u2013). Kv.-on t\u00e1mogatta a n\u00e9met sz\u00edn\u00e9szetet (1813\u2013). Megismerkedett D\u00f6brentei G\u00e1borral (k\u00e9s\u0151bbi bar\u00e1tj\u00e1val), akinek hat\u00e1s\u00e1ra \u00e9rdekl\u0151d\u00e9se teljesen a m. nyelv \u00e9s kult\u00fara fel\u00e9 fordult (1816\u2013). D\u00f6brentei \u00f6szt\u00f6nz\u00e9s\u00e9re m. nyelv\u0171 verseket kezdett \u00edrni, melyek a Fels\u0151mo.-i Minerv\u00e1ban (1817), a Sz\u00e9p literat\u00farai Aj\u00e1nd\u00e9kban (1821), az Auror\u00e1ban, a Heb\u00e9ben (1824\u201326), a Koszor\u00faban (1830) \u00e9s a Reg\u00e9l\u0151ben (1834) meg is jelentek. Emellett rendbehozta \u00e9s felvir\u00e1goztatta addig elhanyagolt paszmosi birtok\u00e1t. T. s\u00falyosan megbetegedett (1829), verseit kiad\u00e1sra D\u00f6brenteinek k\u00fcldte el. A vele t\u00f6rt\u00e9ntekr\u0151l napl\u00f3t is vezetett. A MTA tb. tagja (1831). Cs\u00e1sz\u00e1ri-kir. kamar\u00e1s (1810). Paszmosi Kazinczynak is nevezt\u00e9k. \u2013  <strong>F. m..:<\/strong> Die Spiegelschreibe ein neues Catoptrisches Instrument zur Messung terrestrischer Winkel ubd Bestimmung der Sonnenh\u00f6hen (Wien, 1812); Hogy kell a haza ir\u00e1nti vonz\u00f3d\u00e1st tekinteni&#8230; (Erd. M\u00faz., 1816); Gr\u00f3f T. F. versei, s n\u00e9h\u00e1ny level\u00e9b\u0151l t\u00f6red\u00e9kek. Kiad. D\u00f6brentei G\u00e1bor (Buda, 1834); Gedichte (Pest, 1857); <strong>antol\u00f3g.:<\/strong> A magyar k\u00f6lt\u00e9szet k\u00e9zik\u00f6nyve (Pest, 1855\u201357). <br \/><strong>\u2013 Irod.:<\/strong> Baloghy Istv\u00e1n: A M. K. Egyetemi Nyomda term\u00e9keinek c\u00edmjegyz\u00e9ke (Bp., 1882); Gudenus; Ho\u00f3s Ferenc: T. F. gr\u00f3f mint ember \u00e9s k\u00f6lt\u0151 (Veszpr\u00e9m, 1908); Lev\u00e9lt\u00e1ri gy\u00e1szj.; A magyar k\u00f6lt\u00e9szet k\u00e9zik\u00f6nyve (Pest, 1855\u201357); Maros megye; Szinnyei; Szinnyei J. \u2013 Sz. J.; Szinnyey J\u00f3zsef: Sz\u00e9ki gr\u00f3f Teleki csal\u00e1d \u00edr\u00f3i (Bp., 1910); \u00daM\u00c9L.<\/br><\/p>\n","protected":false},"excerpt":{"rendered":"<p>Paszmos, 1785. \u00e1pr. 4., \u2020 Paszmos, 1831. dec. 20.: cs. k. kamar\u00e1s, k\u00f6lt\u0151. \u2013 T. Mih\u00e1ly \u00e9s D\u00f3sa \u00c1gnes fia. Feles\u00e9ge: gr. Teleki K\u00e1rolina. Gyermekeik: Edv\u00e1rd \u00e9s K\u00e1rolina. \u2013 Tanult Beszterc\u00e9n, ahov\u00e1 sz\u00fclei a Horea l\u00e1zad\u00e1s h\u00edr\u00e9re menek\u00fcltek Paszmosr\u00f3l, a piarist\u00e1kn\u00e1l, majd Mv.-en, azut\u00e1n k\u00e9t \u00e9vig H\u00e9na Ferenc pl\u00e9b\u00e1nos fel\u00fcgyelete alatt Zalatn\u00e1n \u00e9s K\u00e1rolyfeh\u00e9rv\u00e1ron. Apja [&hellip;]<\/p>\n","protected":false},"featured_media":0,"comment_status":"open","ping_status":"closed","template":"","meta":[],"product_brand":[],"product_cat":[137],"product_tag":[],"class_list":{"0":"post-22806","1":"product","2":"type-product","3":"status-publish","5":"product_cat-maros-megyei-eletrajzi-lexikon","7":"first","8":"instock","9":"shipping-taxable","10":"product-type-simple"},"_links":{"self":[{"href":"https:\/\/uj.adatbank.ro\/lexikon\/wp-json\/wp\/v2\/product\/22806","targetHints":{"allow":["GET"]}}],"collection":[{"href":"https:\/\/uj.adatbank.ro\/lexikon\/wp-json\/wp\/v2\/product"}],"about":[{"href":"https:\/\/uj.adatbank.ro\/lexikon\/wp-json\/wp\/v2\/types\/product"}],"replies":[{"embeddable":true,"href":"https:\/\/uj.adatbank.ro\/lexikon\/wp-json\/wp\/v2\/comments?post=22806"}],"wp:attachment":[{"href":"https:\/\/uj.adatbank.ro\/lexikon\/wp-json\/wp\/v2\/media?parent=22806"}],"wp:term":[{"taxonomy":"product_brand","embeddable":true,"href":"https:\/\/uj.adatbank.ro\/lexikon\/wp-json\/wp\/v2\/product_brand?post=22806"},{"taxonomy":"product_cat","embeddable":true,"href":"https:\/\/uj.adatbank.ro\/lexikon\/wp-json\/wp\/v2\/product_cat?post=22806"},{"taxonomy":"product_tag","embeddable":true,"href":"https:\/\/uj.adatbank.ro\/lexikon\/wp-json\/wp\/v2\/product_tag?post=22806"}],"curies":[{"name":"wp","href":"https:\/\/api.w.org\/{rel}","templated":true}]}}

TELEKI Ferenc, széki gr.

<p>Paszmos, 1785. ápr. 4., † Paszmos, 1831. dec. 20.: cs. k. kamarás, költő. – T. Mihály és Dósa Ágnes fia. Felesége: gr. Teleki Károlina. Gyermekeik: Edvárd és Károlina. – Tanult Besztercén, ahová szülei a Horea lázadás hírére menekültek Paszmosról, a piaristáknál, majd Mv.-en, azután két évig Héna Ferenc plébános felügyelete alatt Zalatnán és Károlyfehérváron. Apja halála (1792) után nevelését nagybátyja, gr. T. Ferenc felügyelte, aki utóbb szemrehányást tett neki magyartalanságáért. A bécsi Theresianumban folytatta tanulmányait (1799–1801), ahol szinte teljesen elnémetesedett. Jól beszélt angolul és franciául, és tűrhetően olaszul. Kv.-on jogot tanult (1805–). Kv.-on támogatta a német színészetet (1813–). Megismerkedett Döbrentei Gáborral (későbbi barátjával), akinek hatására érdeklődése teljesen a m. nyelv és kultúra felé fordult (1816–). Döbrentei ösztönzésére m. nyelvű verseket kezdett írni, melyek a Felsőmo.-i Minervában (1817), a Szép literatúrai Ajándékban (1821), az Aurorában, a Hebében (1824–26), a Koszorúban (1830) és a Regélőben (1834) meg is jelentek. Emellett rendbehozta és felvirágoztatta addig elhanyagolt paszmosi birtokát. T. súlyosan megbetegedett (1829), verseit kiadásra Döbrenteinek küldte el. A vele történtekről naplót is vezetett. A MTA tb. tagja (1831). Császári-kir. kamarás (1810). Paszmosi Kazinczynak is nevezték. –  <strong>F. m..:</strong> Die Spiegelschreibe ein neues Catoptrisches Instrument zur Messung terrestrischer Winkel ubd Bestimmung der Sonnenhöhen (Wien, 1812); Hogy kell a haza iránti vonzódást tekinteni&#8230; (Erd. Múz., 1816); Gróf T. F. versei, s néhány leveléből töredékek. Kiad. Döbrentei Gábor (Buda, 1834); Gedichte (Pest, 1857); <strong>antológ.:</strong> A magyar költészet kézikönyve (Pest, 1855–57). <br /><strong>– Irod.:</strong> Baloghy István: A M. K. Egyetemi Nyomda termékeinek címjegyzéke (Bp., 1882); Gudenus; Hoós Ferenc: T. F. gróf mint ember és költő (Veszprém, 1908); Levéltári gyászj.; A magyar költészet kézikönyve (Pest, 1855–57); Maros megye; Szinnyei; Szinnyei J. – Sz. J.; Szinnyey József: Széki gróf Teleki család írói (Bp., 1910); ÚMÉL.</br></p>

<p>Paszmos, 1785. ápr. 4., † Paszmos, 1831. dec. 20.: cs. k. kamarás, költő. – T. Mihály és Dósa Ágnes fia. Felesége: gr. Teleki Károlina. Gyermekeik: Edvárd és Károlina. – Tanult Besztercén, ahová szülei a Horea lázadás hírére menekültek Paszmosról, a piaristáknál, majd Mv.-en, azután két évig Héna Ferenc plébános felügyelete alatt Zalatnán és Károlyfehérváron. Apja [&hellip;]</p>
