{"id":22807,"date":"2025-08-01T17:00:53","date_gmt":"2025-08-01T15:00:53","guid":{"rendered":"https:\/\/uj.adatbank.ro\/lexikon\/termek\/teleki-ferenc-szeki-gr-2\/"},"modified":"2025-08-01T17:00:53","modified_gmt":"2025-08-01T15:00:53","slug":"teleki-ferenc-szeki-gr-2","status":"publish","type":"product","link":"https:\/\/uj.adatbank.ro\/lexikon\/termek\/teleki-ferenc-szeki-gr-2\/","title":{"rendered":"TELEKI Ferenc, sz\u00e9ki gr."},"content":{"rendered":"<p>Stresslitz (Morvao), 1790. \u00e1pr. 20., \u2020 B\u00e9cs, 1853. m\u00e1rc. 8.: t\u00f6rt\u00e9n\u00e9sz. \u2013 Feles\u00e9ge: gr. Sz\u00e1p\u00e1ry Leopoldine; s\u00f3gorn\u0151je: gr. T. Karoline, sz\u00fcl. Teleki; testv\u00e9re Krisztina. \u2013 Mint a kv.-i Theatralis Commissio egyik vezet\u0151tagja (1803) egyengette a sz\u00edn\u00e9szt\u00e1rsas\u00e1g mv.-i vend\u00e9gszerepl\u00e9seinek lehet\u0151s\u00e9geit. T\u00f6bb \u00e9vig a m. udvari kancell\u00e1ri\u00e1n\u00e1l szolg\u00e1lt \u00e9s mint titkos tan\u00e1csos l\u00e9pett nyugalomba (1848). Irodalmi \u00e9s t\u00f6rt\u00e9nelmi dolgozatai a Tud. Gy\u0171jt.-ben jelentek meg. <br \/><strong>\u2013 Irod.:<\/strong> Enyedi: erd\u00e9lyi m. sz\u00ednj\u00e1tsz\u00e1s, Kr\u00f3n. F\u00fcz. (1939. 4\/6).<\/br><\/p>\n","protected":false},"excerpt":{"rendered":"<p>Stresslitz (Morvao), 1790. \u00e1pr. 20., \u2020 B\u00e9cs, 1853. m\u00e1rc. 8.: t\u00f6rt\u00e9n\u00e9sz. \u2013 Feles\u00e9ge: gr. Sz\u00e1p\u00e1ry Leopoldine; s\u00f3gorn\u0151je: gr. T. Karoline, sz\u00fcl. Teleki; testv\u00e9re Krisztina. \u2013 Mint a kv.-i Theatralis Commissio egyik vezet\u0151tagja (1803) egyengette a sz\u00edn\u00e9szt\u00e1rsas\u00e1g mv.-i vend\u00e9gszerepl\u00e9seinek lehet\u0151s\u00e9geit. T\u00f6bb \u00e9vig a m. udvari kancell\u00e1ri\u00e1n\u00e1l szolg\u00e1lt \u00e9s mint titkos tan\u00e1csos l\u00e9pett nyugalomba (1848). Irodalmi \u00e9s [&hellip;]<\/p>\n","protected":false},"featured_media":0,"comment_status":"open","ping_status":"closed","template":"","meta":[],"product_brand":[],"product_cat":[137],"product_tag":[],"class_list":{"0":"post-22807","1":"product","2":"type-product","3":"status-publish","5":"product_cat-maros-megyei-eletrajzi-lexikon","7":"first","8":"instock","9":"shipping-taxable","10":"product-type-simple"},"_links":{"self":[{"href":"https:\/\/uj.adatbank.ro\/lexikon\/wp-json\/wp\/v2\/product\/22807","targetHints":{"allow":["GET"]}}],"collection":[{"href":"https:\/\/uj.adatbank.ro\/lexikon\/wp-json\/wp\/v2\/product"}],"about":[{"href":"https:\/\/uj.adatbank.ro\/lexikon\/wp-json\/wp\/v2\/types\/product"}],"replies":[{"embeddable":true,"href":"https:\/\/uj.adatbank.ro\/lexikon\/wp-json\/wp\/v2\/comments?post=22807"}],"wp:attachment":[{"href":"https:\/\/uj.adatbank.ro\/lexikon\/wp-json\/wp\/v2\/media?parent=22807"}],"wp:term":[{"taxonomy":"product_brand","embeddable":true,"href":"https:\/\/uj.adatbank.ro\/lexikon\/wp-json\/wp\/v2\/product_brand?post=22807"},{"taxonomy":"product_cat","embeddable":true,"href":"https:\/\/uj.adatbank.ro\/lexikon\/wp-json\/wp\/v2\/product_cat?post=22807"},{"taxonomy":"product_tag","embeddable":true,"href":"https:\/\/uj.adatbank.ro\/lexikon\/wp-json\/wp\/v2\/product_tag?post=22807"}],"curies":[{"name":"wp","href":"https:\/\/api.w.org\/{rel}","templated":true}]}}

TELEKI Ferenc, széki gr.

<p>Stresslitz (Morvao), 1790. ápr. 20., † Bécs, 1853. márc. 8.: történész. – Felesége: gr. Szápáry Leopoldine; sógornője: gr. T. Karoline, szül. Teleki; testvére Krisztina. – Mint a kv.-i Theatralis Commissio egyik vezetőtagja (1803) egyengette a színésztársaság mv.-i vendégszerepléseinek lehetőségeit. Több évig a m. udvari kancelláriánál szolgált és mint titkos tanácsos lépett nyugalomba (1848). Irodalmi és történelmi dolgozatai a Tud. Gyűjt.-ben jelentek meg. <br /><strong>– Irod.:</strong> Enyedi: erdélyi m. színjátszás, Krón. Füz. (1939. 4/6).</br></p>

<p>Stresslitz (Morvao), 1790. ápr. 20., † Bécs, 1853. márc. 8.: történész. – Felesége: gr. Szápáry Leopoldine; sógornője: gr. T. Karoline, szül. Teleki; testvére Krisztina. – Mint a kv.-i Theatralis Commissio egyik vezetőtagja (1803) egyengette a színésztársaság mv.-i vendégszerepléseinek lehetőségeit. Több évig a m. udvari kancelláriánál szolgált és mint titkos tanácsos lépett nyugalomba (1848). Irodalmi és [&hellip;]</p>
