{"id":22809,"date":"2025-08-01T17:01:00","date_gmt":"2025-08-01T15:01:00","guid":{"rendered":"https:\/\/uj.adatbank.ro\/lexikon\/termek\/teleki-ferenc-samuel\/"},"modified":"2025-08-01T17:01:00","modified_gmt":"2025-08-01T15:01:00","slug":"teleki-ferenc-samuel","status":"publish","type":"product","link":"https:\/\/uj.adatbank.ro\/lexikon\/termek\/teleki-ferenc-samuel\/","title":{"rendered":"TELEKI Ferenc S\u00e1muel"},"content":{"rendered":"<p>1819, \u2020 S\u00e1romberke, 1882.: a T\u00e9ka tulajdonosa. \u2013 Gr. Teleki Ferenc (1787\u20131861) fia, Teleki Samu (1845\u20131916) Afrika-utaz\u00f3 apja. \u2013 A Ref. F\u0151konziszt\u00f3rium vizsg\u00e1l\u00f3dott a T\u00e9k\u00e1ban (1834). A jelent\u00e9s s\u00falyos hi\u00e1nyoss\u00e1gokat t\u00e1rt fel \u00e9s elmarasztalta T. F.-et, aki a hitbizom\u00e1ny kur\u00e1tora mert a k\u00f6nyvt\u00e1r \u00e1llom\u00e1ny\u00e1t nem fejleszti. \u00dajabb jelent\u00e9sek az \u00e1llapotok roml\u00e1s\u00e1r\u00f3l sz\u00f3lnak (1843, 1844, 1851). T. F. gr\u00f3f nem enged belesz\u00f3l\u00e1st a k\u00f6nyvt\u00e1r m\u0171k\u00f6dtet\u00e9s\u00e9be, visszautas\u00edtotta az egyh\u00e1zi ellen\u0151rz\u00e9st. <br \/><strong>\u2013 Irod.:<\/strong> Berekm\u00e9ri D. Istv\u00e1n: S\u00e1romberke \u00e9s a Telekiek \u2013 verseshelyt\u00f6rt\u00e9neti kismonogr\u00e1fia; Id\u0151t\u00e1r 1; Nemes Gyula: Szakr\u00e1lis eml\u00e9kek&#8230; = P\u00e1l-Antal \u2013 Simon.<\/br><\/p>\n","protected":false},"excerpt":{"rendered":"<p>1819, \u2020 S\u00e1romberke, 1882.: a T\u00e9ka tulajdonosa. \u2013 Gr. Teleki Ferenc (1787\u20131861) fia, Teleki Samu (1845\u20131916) Afrika-utaz\u00f3 apja. \u2013 A Ref. F\u0151konziszt\u00f3rium vizsg\u00e1l\u00f3dott a T\u00e9k\u00e1ban (1834). A jelent\u00e9s s\u00falyos hi\u00e1nyoss\u00e1gokat t\u00e1rt fel \u00e9s elmarasztalta T. F.-et, aki a hitbizom\u00e1ny kur\u00e1tora mert a k\u00f6nyvt\u00e1r \u00e1llom\u00e1ny\u00e1t nem fejleszti. \u00dajabb jelent\u00e9sek az \u00e1llapotok roml\u00e1s\u00e1r\u00f3l sz\u00f3lnak (1843, 1844, 1851). [&hellip;]<\/p>\n","protected":false},"featured_media":0,"comment_status":"open","ping_status":"closed","template":"","meta":[],"product_brand":[],"product_cat":[137],"product_tag":[],"class_list":{"0":"post-22809","1":"product","2":"type-product","3":"status-publish","5":"product_cat-maros-megyei-eletrajzi-lexikon","7":"first","8":"instock","9":"shipping-taxable","10":"product-type-simple"},"_links":{"self":[{"href":"https:\/\/uj.adatbank.ro\/lexikon\/wp-json\/wp\/v2\/product\/22809","targetHints":{"allow":["GET"]}}],"collection":[{"href":"https:\/\/uj.adatbank.ro\/lexikon\/wp-json\/wp\/v2\/product"}],"about":[{"href":"https:\/\/uj.adatbank.ro\/lexikon\/wp-json\/wp\/v2\/types\/product"}],"replies":[{"embeddable":true,"href":"https:\/\/uj.adatbank.ro\/lexikon\/wp-json\/wp\/v2\/comments?post=22809"}],"wp:attachment":[{"href":"https:\/\/uj.adatbank.ro\/lexikon\/wp-json\/wp\/v2\/media?parent=22809"}],"wp:term":[{"taxonomy":"product_brand","embeddable":true,"href":"https:\/\/uj.adatbank.ro\/lexikon\/wp-json\/wp\/v2\/product_brand?post=22809"},{"taxonomy":"product_cat","embeddable":true,"href":"https:\/\/uj.adatbank.ro\/lexikon\/wp-json\/wp\/v2\/product_cat?post=22809"},{"taxonomy":"product_tag","embeddable":true,"href":"https:\/\/uj.adatbank.ro\/lexikon\/wp-json\/wp\/v2\/product_tag?post=22809"}],"curies":[{"name":"wp","href":"https:\/\/api.w.org\/{rel}","templated":true}]}}

TELEKI Ferenc Sámuel

<p>1819, † Sáromberke, 1882.: a Téka tulajdonosa. – Gr. Teleki Ferenc (1787–1861) fia, Teleki Samu (1845–1916) Afrika-utazó apja. – A Ref. Főkonzisztórium vizsgálódott a Tékában (1834). A jelentés súlyos hiányosságokat tárt fel és elmarasztalta T. F.-et, aki a hitbizomány kurátora mert a könyvtár állományát nem fejleszti. Újabb jelentések az állapotok romlásáról szólnak (1843, 1844, 1851). T. F. gróf nem enged beleszólást a könyvtár működtetésébe, visszautasította az egyházi ellenőrzést. <br /><strong>– Irod.:</strong> Berekméri D. István: Sáromberke és a Telekiek – verseshelytörténeti kismonográfia; Időtár 1; Nemes Gyula: Szakrális emlékek&#8230; = Pál-Antal – Simon.</br></p>

<p>1819, † Sáromberke, 1882.: a Téka tulajdonosa. – Gr. Teleki Ferenc (1787–1861) fia, Teleki Samu (1845–1916) Afrika-utazó apja. – A Ref. Főkonzisztórium vizsgálódott a Tékában (1834). A jelentés súlyos hiányosságokat tárt fel és elmarasztalta T. F.-et, aki a hitbizomány kurátora mert a könyvtár állományát nem fejleszti. Újabb jelentések az állapotok romlásáról szólnak (1843, 1844, 1851). [&hellip;]</p>
