{"id":22810,"date":"2025-08-01T17:01:02","date_gmt":"2025-08-01T15:01:02","guid":{"rendered":"https:\/\/uj.adatbank.ro\/lexikon\/termek\/teleki-gemma-szeki-gr-teleki-karolyne\/"},"modified":"2025-08-01T17:01:02","modified_gmt":"2025-08-01T15:01:02","slug":"teleki-gemma-szeki-gr-teleki-karolyne","status":"publish","type":"product","link":"https:\/\/uj.adatbank.ro\/lexikon\/termek\/teleki-gemma-szeki-gr-teleki-karolyne\/","title":{"rendered":"TELEKI Gemma, sz\u00e9ki gr., Teleki K\u00e1rolyn\u00e9"},"content":{"rendered":"<p>Kv., 1907. aug. 28. \u2020 Mv., 2001. j\u00fan.1.: tancsi f\u00f6ldbirtokos. \u2013 Nagyapja T. Mikl\u00f3s. Apja T. Arct\u00far (1873\u20131959) anyja hadadi Wessel\u00e9nyi Ilona (1877\u20131959). F\u00e9rje: T. K\u00e1roly (Esk\u00fcv\u0151: Tancs, 1928. jan. 15.; V\u00e1l\u00e1s, 1943). Gyermekeik: M\u00e1ria-\u00c1gnes (1928\u2013) B\u00e9csben \u00e9l; K\u00e1roly (1930) az AE\u00c1-ban \u00e9l, S\u00e1muel (1931) Kanad\u00e1ban \u00e9lt. \u2013 Csal\u00e1dj\u00e1nak utols\u00f3 Erd\u00e9lyben \u00e9l\u0151 tagja volt. S\u00e1romberk\u00e9n a kast\u00e9lyban \u00e9ltek Elv\u00e1ltak (1943), f\u00e9rje v\u00e1l\u00e1suk ut\u00e1n h\u00e1rom gyermek\u00e9vel Amerik\u00e1ba t\u00e1vozott, Gemma Tancson \u00e9lt sz\u00fcleivel. Tancsr\u00f3l hozt\u00e1k Mv.-re k\u00e9nyszerlakhelyre (1945), a T\u00e9ka egy beny\u00edl\u00f3j\u00e1ban, majd pincelak\u00e1sban lakott, bej\u00e1r\u00f3n\u0151 volt egy rom\u00e1n csal\u00e1dn\u00e1l, majd Bern\u00e1dyn\u00e9n\u00e1l, csuhatalpk\u00e9sz\u00edt\u0151, fagylalt\u00e1rus, h\u00e1zal\u00f3, kert\u00e9szetvezet\u0151, piaci vir\u00e1g- \u00e9s z\u00f6lds\u00e9g\u00e1rus, szalmavir\u00e1g koszor\u00fakat k\u00f6t\u00f6tt. Egy id\u0151ben csal\u00e1di h\u00e1z\u00e1val, a Teleki T\u00e9k\u00e1val szemben, a Bolyai utcai kapualjban z\u00f6lds\u00e9get, vir\u00e1got \u00e1rult. Gyermekei visszakapt\u00e1k a s\u00e1romberki kast\u00e9lyt (2005). J\u00f3 nyelv\u00e9rz\u00e9ke volt, tudott n\u00e9met\u00fcl, franci\u00e1ul, rom\u00e1nul, angolul. Gyakorlati ismeretei nem voltak, k\u00e9s\u0151bb \u00e9rdekl\u0151d\u00e9ssel fordult a paraszti kult\u00fara \u00e9s a n\u00e9pm\u0171v\u00e9szet fel\u00e9. Term\u00e9nyszed\u0151 laposkosarakat k\u00e9sz\u00edtett elad\u00e1ssal. A m\u00faltb\u00f3l csak a k\u00e1rtya, a bridzs \u00e9s paszi\u00e1nsz vonzotta. Beteg, egy\u00e9ves k\u00f3rh\u00e1zi kezel\u00e9s ut\u00e1n Betegh Stef\u00e1nia \u00e9s Margit befogadta \u00e9s gondozta. Temet\u00e9se Mv.-en a ref. temet\u0151ben (2001. j\u00fan. 6.) volt. <br \/><strong>\u2013 Irod.:<\/strong> Antal Erika: Mindenki Gemm\u00e1ja. (Kr\u00f3nika, 2001. j\u00fan. 7.); Bicsok\u2013Orb\u00e1n; Castellum \u00c9rtes\u00edt\u0151 (5. sz., 2001); Gudenus; L\u0151wy 2013; M\u00e1th\u00e9 \u00c9va: Lecke emberi m\u00e9lt\u00f3s\u00e1gb\u00f3l (N\u00fa., 1995. j\u00fal.19.); Mik\u00f3; Nagy Zsolt: Sz\u00e9ki Teleki Gemma, \u201ea Vir\u00e1g\u00e1rus gr\u00f3fn\u0151 \u201d lok\u00e1lis m\u00edtosza Marosv\u00e1s\u00e1rhelyen. (p. 353\u2013398) = Sebesty\u00e9n-Spielmann; Scholten; Sebesty\u00e9n Mih\u00e1ly: Gemma (\u00c1talvet\u0151, 2002 m\u00e1rc., 41. sz.; N\u00fa., 2001. j\u00fan. 8.); Teleki \u00c9va: T\u00f6lgy \u00e9s repk\u00e9ny; Vitus K. Gy\u00f6rgy: Tal\u00e1lkoz\u00e1s gr\u00f3f T. K\u00e1rollyal. (N\u00fa., 1998. nov. 27.).<\/br><\/p>\n","protected":false},"excerpt":{"rendered":"<p>Kv., 1907. aug. 28. \u2020 Mv., 2001. j\u00fan.1.: tancsi f\u00f6ldbirtokos. \u2013 Nagyapja T. Mikl\u00f3s. Apja T. Arct\u00far (1873\u20131959) anyja hadadi Wessel\u00e9nyi Ilona (1877\u20131959). F\u00e9rje: T. K\u00e1roly (Esk\u00fcv\u0151: Tancs, 1928. jan. 15.; V\u00e1l\u00e1s, 1943). Gyermekeik: M\u00e1ria-\u00c1gnes (1928\u2013) B\u00e9csben \u00e9l; K\u00e1roly (1930) az AE\u00c1-ban \u00e9l, S\u00e1muel (1931) Kanad\u00e1ban \u00e9lt. \u2013 Csal\u00e1dj\u00e1nak utols\u00f3 Erd\u00e9lyben \u00e9l\u0151 tagja volt. S\u00e1romberk\u00e9n [&hellip;]<\/p>\n","protected":false},"featured_media":0,"comment_status":"open","ping_status":"closed","template":"","meta":[],"product_brand":[],"product_cat":[137],"product_tag":[],"class_list":{"0":"post-22810","1":"product","2":"type-product","3":"status-publish","5":"product_cat-maros-megyei-eletrajzi-lexikon","7":"first","8":"instock","9":"shipping-taxable","10":"product-type-simple"},"_links":{"self":[{"href":"https:\/\/uj.adatbank.ro\/lexikon\/wp-json\/wp\/v2\/product\/22810","targetHints":{"allow":["GET"]}}],"collection":[{"href":"https:\/\/uj.adatbank.ro\/lexikon\/wp-json\/wp\/v2\/product"}],"about":[{"href":"https:\/\/uj.adatbank.ro\/lexikon\/wp-json\/wp\/v2\/types\/product"}],"replies":[{"embeddable":true,"href":"https:\/\/uj.adatbank.ro\/lexikon\/wp-json\/wp\/v2\/comments?post=22810"}],"wp:attachment":[{"href":"https:\/\/uj.adatbank.ro\/lexikon\/wp-json\/wp\/v2\/media?parent=22810"}],"wp:term":[{"taxonomy":"product_brand","embeddable":true,"href":"https:\/\/uj.adatbank.ro\/lexikon\/wp-json\/wp\/v2\/product_brand?post=22810"},{"taxonomy":"product_cat","embeddable":true,"href":"https:\/\/uj.adatbank.ro\/lexikon\/wp-json\/wp\/v2\/product_cat?post=22810"},{"taxonomy":"product_tag","embeddable":true,"href":"https:\/\/uj.adatbank.ro\/lexikon\/wp-json\/wp\/v2\/product_tag?post=22810"}],"curies":[{"name":"wp","href":"https:\/\/api.w.org\/{rel}","templated":true}]}}

TELEKI Gemma, széki gr., Teleki Károlyné

<p>Kv., 1907. aug. 28. † Mv., 2001. jún.1.: tancsi földbirtokos. – Nagyapja T. Miklós. Apja T. Arctúr (1873–1959) anyja hadadi Wesselényi Ilona (1877–1959). Férje: T. Károly (Esküvő: Tancs, 1928. jan. 15.; Válás, 1943). Gyermekeik: Mária-Ágnes (1928–) Bécsben él; Károly (1930) az AEÁ-ban él, Sámuel (1931) Kanadában élt. – Családjának utolsó Erdélyben élő tagja volt. Sáromberkén a kastélyban éltek Elváltak (1943), férje válásuk után három gyermekével Amerikába távozott, Gemma Tancson élt szüleivel. Tancsról hozták Mv.-re kényszerlakhelyre (1945), a Téka egy benyílójában, majd pincelakásban lakott, bejárónő volt egy román családnál, majd Bernádynénál, csuhatalpkészítő, fagylaltárus, házaló, kertészetvezető, piaci virág- és zöldségárus, szalmavirág koszorúkat kötött. Egy időben családi házával, a Teleki Tékával szemben, a Bolyai utcai kapualjban zöldséget, virágot árult. Gyermekei visszakapták a sáromberki kastélyt (2005). Jó nyelvérzéke volt, tudott németül, franciául, románul, angolul. Gyakorlati ismeretei nem voltak, később érdeklődéssel fordult a paraszti kultúra és a népművészet felé. Terményszedő laposkosarakat készített eladással. A múltból csak a kártya, a bridzs és pasziánsz vonzotta. Beteg, egyéves kórházi kezelés után Betegh Stefánia és Margit befogadta és gondozta. Temetése Mv.-en a ref. temetőben (2001. jún. 6.) volt. <br /><strong>– Irod.:</strong> Antal Erika: Mindenki Gemmája. (Krónika, 2001. jún. 7.); Bicsok–Orbán; Castellum Értesítő (5. sz., 2001); Gudenus; Lőwy 2013; Máthé Éva: Lecke emberi méltóságból (Nú., 1995. júl.19.); Mikó; Nagy Zsolt: Széki Teleki Gemma, „a Virágárus grófnő ” lokális mítosza Marosvásárhelyen. (p. 353–398) = Sebestyén-Spielmann; Scholten; Sebestyén Mihály: Gemma (Átalvető, 2002 márc., 41. sz.; Nú., 2001. jún. 8.); Teleki Éva: Tölgy és repkény; Vitus K. György: Találkozás gróf T. Károllyal. (Nú., 1998. nov. 27.).</br></p>

<p>Kv., 1907. aug. 28. † Mv., 2001. jún.1.: tancsi földbirtokos. – Nagyapja T. Miklós. Apja T. Arctúr (1873–1959) anyja hadadi Wesselényi Ilona (1877–1959). Férje: T. Károly (Esküvő: Tancs, 1928. jan. 15.; Válás, 1943). Gyermekeik: Mária-Ágnes (1928–) Bécsben él; Károly (1930) az AEÁ-ban él, Sámuel (1931) Kanadában élt. – Családjának utolsó Erdélyben élő tagja volt. Sáromberkén [&hellip;]</p>
