{"id":22816,"date":"2025-08-01T17:01:16","date_gmt":"2025-08-01T15:01:16","guid":{"rendered":"https:\/\/uj.adatbank.ro\/lexikon\/termek\/teleki-geza-szeki-gr-2\/"},"modified":"2025-08-01T17:01:16","modified_gmt":"2025-08-01T15:01:16","slug":"teleki-geza-szeki-gr-2","status":"publish","type":"product","link":"https:\/\/uj.adatbank.ro\/lexikon\/termek\/teleki-geza-szeki-gr-2\/","title":{"rendered":"TELEKI G\u00e9za, sz\u00e9ki gr."},"content":{"rendered":"<p>Gernyeszeg, 1881. febr. 10., \u2020 Als\u00f3zsuk, 1937. okt. 29., temetve a gernyeszegi Teleki-kript\u00e1ba: cs. \u00e9s k. husz\u00e1rkapit\u00e1ny, zsuki f\u00f6ldbirtokos, k\u00e9pvisel\u0151, fest\u0151. \u2013 G\u00e9za (1850\u20131882) \u00e9s gr. Bethlen Margit fia. Testv\u00e9re T. Domokos (1880\u20131955). Feles\u00e9ge: gr. B\u00e9ldi Margit (1911. aug. 30.). Le\u00e1nyaik: Kata \u00e9s Ella (Bp., 1918.). \u2013 A bp.-i Mintarajziskol\u00e1ban tanult (1899\u20131901), megismerkedett a pesti m\u0171v\u00e9szk\u00f6r\u00f6kkel, a nagyb\u00e1nyai fest\u0151kkel, a \u201efest\u0151k gr\u00f3fja\u201d m\u0171v\u00e9szetp\u00e1rtol\u00f3. T\u00f6bbezer holdas birtoka \u00e9s egy\u00e9b j\u00f6vedelme biztos\u00edtotta a m\u0171v\u00e9szeti mozgalmak t\u00e1mogat\u00e1s\u00e1t, \u00edgy bp.-i M\u0171v\u00e9szh\u00e1z M\u0171v\u00e9szeti Egyes\u00fclet szellemi \u00e9s anyagi t\u00e1mogat\u00f3ja volt. Als\u00f3zsukon telepedtek le. Besorozt\u00e1k mint szolg\u00e1laton k\u00edv\u00fcli viszonybeli tisztet (1900). Harcolt az I. vh.-ban (1914. aug. 30. \u2013 1915. jan. 1.; aug. 20., felmentve). Hazat\u00e9r\u00e9se ut\u00e1n \u2013 a rom\u00e1n f\u00f6ldreform k\u00f6vetkezt\u00e9ben \u2013 elvesztette birtokai nagy r\u00e9sz\u00e9t. Meg\u00e9lhet\u00e9s gondjain k\u00e9pgy\u0171jtem\u00e9nye elad\u00e1s\u00e1val seg\u00edtett. <br \/><strong>\u2013 Irod.:<\/strong> D\u00e9ry B\u00e9la: Almanach: K\u00e9pz\u0151m\u0171v\u00e9szeti lexikon (Bp., 1912); \u00c9ber; Gudenus; Koszta; Lev\u00e9lt\u00e1ri gy\u00e1szj.; Mur\u00e1din Jen\u0151: Gr\u00f3f T. G. \u00e9s a M\u0171v\u00e9szh\u00e1z erd\u00e9lyi kapcsolatai (Korunk, 2010. aug., 8. sz.); Ver\u00f3k Attila: Magyarorsz\u00e1gi nemzetek bibliot\u00e9k\u00e1i \u00e9s a Telekiek = Telekiek.<\/br><\/p>\n","protected":false},"excerpt":{"rendered":"<p>Gernyeszeg, 1881. febr. 10., \u2020 Als\u00f3zsuk, 1937. okt. 29., temetve a gernyeszegi Teleki-kript\u00e1ba: cs. \u00e9s k. husz\u00e1rkapit\u00e1ny, zsuki f\u00f6ldbirtokos, k\u00e9pvisel\u0151, fest\u0151. \u2013 G\u00e9za (1850\u20131882) \u00e9s gr. Bethlen Margit fia. Testv\u00e9re T. Domokos (1880\u20131955). Feles\u00e9ge: gr. B\u00e9ldi Margit (1911. aug. 30.). Le\u00e1nyaik: Kata \u00e9s Ella (Bp., 1918.). \u2013 A bp.-i Mintarajziskol\u00e1ban tanult (1899\u20131901), megismerkedett a pesti [&hellip;]<\/p>\n","protected":false},"featured_media":0,"comment_status":"open","ping_status":"closed","template":"","meta":[],"product_brand":[],"product_cat":[137],"product_tag":[],"class_list":{"0":"post-22816","1":"product","2":"type-product","3":"status-publish","5":"product_cat-maros-megyei-eletrajzi-lexikon","7":"first","8":"instock","9":"shipping-taxable","10":"product-type-simple"},"_links":{"self":[{"href":"https:\/\/uj.adatbank.ro\/lexikon\/wp-json\/wp\/v2\/product\/22816","targetHints":{"allow":["GET"]}}],"collection":[{"href":"https:\/\/uj.adatbank.ro\/lexikon\/wp-json\/wp\/v2\/product"}],"about":[{"href":"https:\/\/uj.adatbank.ro\/lexikon\/wp-json\/wp\/v2\/types\/product"}],"replies":[{"embeddable":true,"href":"https:\/\/uj.adatbank.ro\/lexikon\/wp-json\/wp\/v2\/comments?post=22816"}],"wp:attachment":[{"href":"https:\/\/uj.adatbank.ro\/lexikon\/wp-json\/wp\/v2\/media?parent=22816"}],"wp:term":[{"taxonomy":"product_brand","embeddable":true,"href":"https:\/\/uj.adatbank.ro\/lexikon\/wp-json\/wp\/v2\/product_brand?post=22816"},{"taxonomy":"product_cat","embeddable":true,"href":"https:\/\/uj.adatbank.ro\/lexikon\/wp-json\/wp\/v2\/product_cat?post=22816"},{"taxonomy":"product_tag","embeddable":true,"href":"https:\/\/uj.adatbank.ro\/lexikon\/wp-json\/wp\/v2\/product_tag?post=22816"}],"curies":[{"name":"wp","href":"https:\/\/api.w.org\/{rel}","templated":true}]}}

TELEKI Géza, széki gr.

<p>Gernyeszeg, 1881. febr. 10., † Alsózsuk, 1937. okt. 29., temetve a gernyeszegi Teleki-kriptába: cs. és k. huszárkapitány, zsuki földbirtokos, képviselő, festő. – Géza (1850–1882) és gr. Bethlen Margit fia. Testvére T. Domokos (1880–1955). Felesége: gr. Béldi Margit (1911. aug. 30.). Leányaik: Kata és Ella (Bp., 1918.). – A bp.-i Mintarajziskolában tanult (1899–1901), megismerkedett a pesti művészkörökkel, a nagybányai festőkkel, a „festők grófja” művészetpártoló. Többezer holdas birtoka és egyéb jövedelme biztosította a művészeti mozgalmak támogatását, így bp.-i Művészház Művészeti Egyesület szellemi és anyagi támogatója volt. Alsózsukon telepedtek le. Besorozták mint szolgálaton kívüli viszonybeli tisztet (1900). Harcolt az I. vh.-ban (1914. aug. 30. – 1915. jan. 1.; aug. 20., felmentve). Hazatérése után – a román földreform következtében – elvesztette birtokai nagy részét. Megélhetés gondjain képgyűjteménye eladásával segített. <br /><strong>– Irod.:</strong> Déry Béla: Almanach: Képzőművészeti lexikon (Bp., 1912); Éber; Gudenus; Koszta; Levéltári gyászj.; Murádin Jenő: Gróf T. G. és a Művészház erdélyi kapcsolatai (Korunk, 2010. aug., 8. sz.); Verók Attila: Magyarországi nemzetek bibliotékái és a Telekiek = Telekiek.</br></p>

<p>Gernyeszeg, 1881. febr. 10., † Alsózsuk, 1937. okt. 29., temetve a gernyeszegi Teleki-kriptába: cs. és k. huszárkapitány, zsuki földbirtokos, képviselő, festő. – Géza (1850–1882) és gr. Bethlen Margit fia. Testvére T. Domokos (1880–1955). Felesége: gr. Béldi Margit (1911. aug. 30.). Leányaik: Kata és Ella (Bp., 1918.). – A bp.-i Mintarajziskolában tanult (1899–1901), megismerkedett a pesti [&hellip;]</p>
