{"id":22818,"date":"2025-08-01T17:01:21","date_gmt":"2025-08-01T15:01:21","guid":{"rendered":"https:\/\/uj.adatbank.ro\/lexikon\/termek\/teleki-gusztav-adolf-szeki-gr\/"},"modified":"2025-08-01T17:01:21","modified_gmt":"2025-08-01T15:01:21","slug":"teleki-gusztav-adolf-szeki-gr","status":"publish","type":"product","link":"https:\/\/uj.adatbank.ro\/lexikon\/termek\/teleki-gusztav-adolf-szeki-gr\/","title":{"rendered":"TELEKI Guszt\u00e1v Adolf, sz\u00e9ki gr."},"content":{"rendered":"<p>Mv., 1836. m\u00e1rc. 3., Maross\u00e1rpatak, 1836. m\u00e1rc. 19., Gudenus \u2020 Tancs, 1888. j\u00fal. 24: cs. k. kamar\u00e1s husz\u00e1r-sz\u00e1zados. \u2013 Mikl\u00f3s (1804\u20131884) \u00e9s s\u00e1rdi Sim\u00e9n Kl\u00e1ra (1807\u2013) fia. Feles\u00e9ge nagyk\u00e1ll\u00f3i K\u00e1llay Gemma (Pest, 1842. \u00e1pr. 16. \u2013 Kv., 1830. \u00e1pr. 7). Esk\u00fcv\u0151: Pest, 1861. okt. 7. Lak\u00e1s: Drass\u00f3. Gyermekei: Arv\u00e9d (1865\u20131942), Arctur (1873-Mv, 1959). Birtokai: Tancs, Maross\u00e1rpatak, Drass\u00f3 (Als\u00f3-Feh\u00e9rmegye), Al.-J\u00e1ra (Torda-Aranyosm.), Ny\u00e1r\u00e1ds\u00e1rd (Maros-Tordamegye), Nagyb\u00fan (Bels\u0151-Szolnokm.); <br \/><strong>\u2013 Irod.:<\/strong> Bicsok\u2013Orb\u00e1n; Gudenus; Nagy Iv\u00e1n.<\/br><\/p>\n","protected":false},"excerpt":{"rendered":"<p>Mv., 1836. m\u00e1rc. 3., Maross\u00e1rpatak, 1836. m\u00e1rc. 19., Gudenus \u2020 Tancs, 1888. j\u00fal. 24: cs. k. kamar\u00e1s husz\u00e1r-sz\u00e1zados. \u2013 Mikl\u00f3s (1804\u20131884) \u00e9s s\u00e1rdi Sim\u00e9n Kl\u00e1ra (1807\u2013) fia. Feles\u00e9ge nagyk\u00e1ll\u00f3i K\u00e1llay Gemma (Pest, 1842. \u00e1pr. 16. \u2013 Kv., 1830. \u00e1pr. 7). Esk\u00fcv\u0151: Pest, 1861. okt. 7. Lak\u00e1s: Drass\u00f3. Gyermekei: Arv\u00e9d (1865\u20131942), Arctur (1873-Mv, 1959). Birtokai: Tancs, [&hellip;]<\/p>\n","protected":false},"featured_media":0,"comment_status":"open","ping_status":"closed","template":"","meta":[],"product_brand":[],"product_cat":[137],"product_tag":[],"class_list":{"0":"post-22818","1":"product","2":"type-product","3":"status-publish","5":"product_cat-maros-megyei-eletrajzi-lexikon","7":"first","8":"instock","9":"shipping-taxable","10":"product-type-simple"},"_links":{"self":[{"href":"https:\/\/uj.adatbank.ro\/lexikon\/wp-json\/wp\/v2\/product\/22818","targetHints":{"allow":["GET"]}}],"collection":[{"href":"https:\/\/uj.adatbank.ro\/lexikon\/wp-json\/wp\/v2\/product"}],"about":[{"href":"https:\/\/uj.adatbank.ro\/lexikon\/wp-json\/wp\/v2\/types\/product"}],"replies":[{"embeddable":true,"href":"https:\/\/uj.adatbank.ro\/lexikon\/wp-json\/wp\/v2\/comments?post=22818"}],"wp:attachment":[{"href":"https:\/\/uj.adatbank.ro\/lexikon\/wp-json\/wp\/v2\/media?parent=22818"}],"wp:term":[{"taxonomy":"product_brand","embeddable":true,"href":"https:\/\/uj.adatbank.ro\/lexikon\/wp-json\/wp\/v2\/product_brand?post=22818"},{"taxonomy":"product_cat","embeddable":true,"href":"https:\/\/uj.adatbank.ro\/lexikon\/wp-json\/wp\/v2\/product_cat?post=22818"},{"taxonomy":"product_tag","embeddable":true,"href":"https:\/\/uj.adatbank.ro\/lexikon\/wp-json\/wp\/v2\/product_tag?post=22818"}],"curies":[{"name":"wp","href":"https:\/\/api.w.org\/{rel}","templated":true}]}}

TELEKI Gusztáv Adolf, széki gr.

<p>Mv., 1836. márc. 3., Marossárpatak, 1836. márc. 19., Gudenus † Tancs, 1888. júl. 24: cs. k. kamarás huszár-százados. – Miklós (1804–1884) és sárdi Simén Klára (1807–) fia. Felesége nagykállói Kállay Gemma (Pest, 1842. ápr. 16. – Kv., 1830. ápr. 7). Esküvő: Pest, 1861. okt. 7. Lakás: Drassó. Gyermekei: Arvéd (1865–1942), Arctur (1873-Mv, 1959). Birtokai: Tancs, Marossárpatak, Drassó (Alsó-Fehérmegye), Al.-Jára (Torda-Aranyosm.), Nyárádsárd (Maros-Tordamegye), Nagybún (Belső-Szolnokm.); <br /><strong>– Irod.:</strong> Bicsok–Orbán; Gudenus; Nagy Iván.</br></p>

<p>Mv., 1836. márc. 3., Marossárpatak, 1836. márc. 19., Gudenus † Tancs, 1888. júl. 24: cs. k. kamarás huszár-százados. – Miklós (1804–1884) és sárdi Simén Klára (1807–) fia. Felesége nagykállói Kállay Gemma (Pest, 1842. ápr. 16. – Kv., 1830. ápr. 7). Esküvő: Pest, 1861. okt. 7. Lakás: Drassó. Gyermekei: Arvéd (1865–1942), Arctur (1873-Mv, 1959). Birtokai: Tancs, [&hellip;]</p>
