{"id":22821,"date":"2025-08-01T17:01:28","date_gmt":"2025-08-01T15:01:28","guid":{"rendered":"https:\/\/uj.adatbank.ro\/lexikon\/termek\/teleki-ilona-szeki-gr-bethlen-istvanne\/"},"modified":"2025-08-01T17:01:28","modified_gmt":"2025-08-01T15:01:28","slug":"teleki-ilona-szeki-gr-bethlen-istvanne","status":"publish","type":"product","link":"https:\/\/uj.adatbank.ro\/lexikon\/termek\/teleki-ilona-szeki-gr-bethlen-istvanne\/","title":{"rendered":"TELEKI Ilona, sz\u00e9ki gr.; Bethlen Istv\u00e1nn\u00e9"},"content":{"rendered":"<p>Gy\u00f6mr\u0151 (Mo.), 1849. j\u00fal. 26., \u2020 Kv., 1914. dec. 3., temetve Kv. H\u00e1zsong\u00e1rd: f\u00f6ldbirtokos. \u2013 Domokos (1810\u20131876) \u00e9s Teleki Klementina (1827\u20131894) l\u00e1nya. F\u00e9rje bethleni gr. Bethlen Istv\u00e1n (1839\u20131881) Mez\u0151s\u00e1msondon \u00e9ltek a Rh\u00e9dey-Bethlen kast\u00e9lyban. Seg\u00edts\u00e9g\u00fckkel \u00e9p\u00fclt a ma is \u00e1ll\u00f3 ref. papilak (1885), melyet t\u00f6bb alkalommal jav\u00edtottak, b\u0151v\u00edtettek, moderniz\u00e1ltak. A kast\u00e9ly ma m\u00e1r nincs meg. Az EMKE Maros-Torda vm. \u00e9s Mv. sz.kir. v\u00e1rosi v\u00e1lasztm\u00e1ny\u00e1nak tagja (1885). <br \/><strong>\u2013 Irod.:<\/strong> EMKE 120; Gudenus; Mez\u0151s\u00e1msond; Sepsisz\u00e9ki.<\/br><\/p>\n","protected":false},"excerpt":{"rendered":"<p>Gy\u00f6mr\u0151 (Mo.), 1849. j\u00fal. 26., \u2020 Kv., 1914. dec. 3., temetve Kv. H\u00e1zsong\u00e1rd: f\u00f6ldbirtokos. \u2013 Domokos (1810\u20131876) \u00e9s Teleki Klementina (1827\u20131894) l\u00e1nya. F\u00e9rje bethleni gr. Bethlen Istv\u00e1n (1839\u20131881) Mez\u0151s\u00e1msondon \u00e9ltek a Rh\u00e9dey-Bethlen kast\u00e9lyban. Seg\u00edts\u00e9g\u00fckkel \u00e9p\u00fclt a ma is \u00e1ll\u00f3 ref. papilak (1885), melyet t\u00f6bb alkalommal jav\u00edtottak, b\u0151v\u00edtettek, moderniz\u00e1ltak. A kast\u00e9ly ma m\u00e1r nincs meg. Az [&hellip;]<\/p>\n","protected":false},"featured_media":0,"comment_status":"open","ping_status":"closed","template":"","meta":[],"product_brand":[],"product_cat":[137],"product_tag":[],"class_list":{"0":"post-22821","1":"product","2":"type-product","3":"status-publish","5":"product_cat-maros-megyei-eletrajzi-lexikon","7":"first","8":"instock","9":"shipping-taxable","10":"product-type-simple"},"_links":{"self":[{"href":"https:\/\/uj.adatbank.ro\/lexikon\/wp-json\/wp\/v2\/product\/22821","targetHints":{"allow":["GET"]}}],"collection":[{"href":"https:\/\/uj.adatbank.ro\/lexikon\/wp-json\/wp\/v2\/product"}],"about":[{"href":"https:\/\/uj.adatbank.ro\/lexikon\/wp-json\/wp\/v2\/types\/product"}],"replies":[{"embeddable":true,"href":"https:\/\/uj.adatbank.ro\/lexikon\/wp-json\/wp\/v2\/comments?post=22821"}],"wp:attachment":[{"href":"https:\/\/uj.adatbank.ro\/lexikon\/wp-json\/wp\/v2\/media?parent=22821"}],"wp:term":[{"taxonomy":"product_brand","embeddable":true,"href":"https:\/\/uj.adatbank.ro\/lexikon\/wp-json\/wp\/v2\/product_brand?post=22821"},{"taxonomy":"product_cat","embeddable":true,"href":"https:\/\/uj.adatbank.ro\/lexikon\/wp-json\/wp\/v2\/product_cat?post=22821"},{"taxonomy":"product_tag","embeddable":true,"href":"https:\/\/uj.adatbank.ro\/lexikon\/wp-json\/wp\/v2\/product_tag?post=22821"}],"curies":[{"name":"wp","href":"https:\/\/api.w.org\/{rel}","templated":true}]}}

TELEKI Ilona, széki gr.; Bethlen Istvánné

<p>Gyömrő (Mo.), 1849. júl. 26., † Kv., 1914. dec. 3., temetve Kv. Házsongárd: földbirtokos. – Domokos (1810–1876) és Teleki Klementina (1827–1894) lánya. Férje bethleni gr. Bethlen István (1839–1881) Mezősámsondon éltek a Rhédey-Bethlen kastélyban. Segítségükkel épült a ma is álló ref. papilak (1885), melyet több alkalommal javítottak, bővítettek, modernizáltak. A kastély ma már nincs meg. Az EMKE Maros-Torda vm. és Mv. sz.kir. városi választmányának tagja (1885). <br /><strong>– Irod.:</strong> EMKE 120; Gudenus; Mezősámsond; Sepsiszéki.</br></p>

<p>Gyömrő (Mo.), 1849. júl. 26., † Kv., 1914. dec. 3., temetve Kv. Házsongárd: földbirtokos. – Domokos (1810–1876) és Teleki Klementina (1827–1894) lánya. Férje bethleni gr. Bethlen István (1839–1881) Mezősámsondon éltek a Rhédey-Bethlen kastélyban. Segítségükkel épült a ma is álló ref. papilak (1885), melyet több alkalommal javítottak, bővítettek, modernizáltak. A kastély ma már nincs meg. Az [&hellip;]</p>
