{"id":22822,"date":"2025-08-01T17:01:30","date_gmt":"2025-08-01T15:01:30","guid":{"rendered":"https:\/\/uj.adatbank.ro\/lexikon\/termek\/teleki-ilona-szeki-gr-konradsheimi-br-konrad-janosne-johann-konradsheim\/"},"modified":"2025-08-01T17:01:30","modified_gmt":"2025-08-01T15:01:30","slug":"teleki-ilona-szeki-gr-konradsheimi-br-konrad-janosne-johann-konradsheim","status":"publish","type":"product","link":"https:\/\/uj.adatbank.ro\/lexikon\/termek\/teleki-ilona-szeki-gr-konradsheimi-br-konrad-janosne-johann-konradsheim\/","title":{"rendered":"TELEKI Ilona, sz\u00e9ki gr., konradsheimi br. Konr\u00e1d J\u00e1nosn\u00e9, Johann Konradsheim"},"content":{"rendered":"<p>Kv., 1901. febr. 28., \u2020 B\u00e9cs, 1993. nov. 14: birtokos. \u2013 Arctur \u00e9s hadadi br. Wessel\u00e9nyi Ilona l\u00e1nya. F\u00e9rje br. Konr\u00e1d J\u00e1nos. Gyermekei: M\u00e1ria (Francio.-ban \u00e9l), Mikl\u00f3s (Ausztri\u00e1ban \u00e9l). Oldal\u00e1gi rokons\u00e1g alapj\u00e1n \u00f6r\u00f6k\u00f6lt\u00e9k az ut\u00f3d n\u00e9lk\u00fcl elhalt Teleki J\u00f3zsef Mih\u00e1lyt\u00f3l (1859\u20131913) a magyar\u00f3zdi Pekry-Rad\u00e1k kast\u00e9lyt, ott \u00e9ltek (1913\u201349), \u0151k az utols\u00f3 tulajdonosai (1913\u201349). Elhagyt\u00e1k az orsz\u00e1got, Franciao.-ban Ausztri\u00e1ban \u00e9ltek. \u00d6r\u00f6k\u00f6sei most is ott \u00e9lnek. Gyermekei visszakapt\u00e1k a kast\u00e9lyt a rendszerv\u00e1ltoz\u00e1s ut\u00e1n \u00e9s \u00e1tadt\u00e1k egy kv.-i humanit\u00e1rius szervezetnek, a Bonus Pastor alap\u00edtv\u00e1nynak. Szenved\u00e9lybetegek rehabilit\u00e1ci\u00f3s k\u00f6zpontja lett ott. <br \/><strong>\u2013 Irod.:<\/strong> Bicsok\u2013Orb\u00e1n; Fekete; Gligor J\u00f3zsef: \u00dajj\u00e1\u00e9p\u00fclnek-e a csuszatornyok (V\u00e1s\u00e1rhelyi H\u00edrlap, 2009. aug. 14); Gudenus, Lokodi Imre: Kast\u00e9lyvizit [Magyar\u00f3zdon] (N\u00fa., 1999. m\u00e1rc. 19.).<\/br><\/p>\n","protected":false},"excerpt":{"rendered":"<p>Kv., 1901. febr. 28., \u2020 B\u00e9cs, 1993. nov. 14: birtokos. \u2013 Arctur \u00e9s hadadi br. Wessel\u00e9nyi Ilona l\u00e1nya. F\u00e9rje br. Konr\u00e1d J\u00e1nos. Gyermekei: M\u00e1ria (Francio.-ban \u00e9l), Mikl\u00f3s (Ausztri\u00e1ban \u00e9l). Oldal\u00e1gi rokons\u00e1g alapj\u00e1n \u00f6r\u00f6k\u00f6lt\u00e9k az ut\u00f3d n\u00e9lk\u00fcl elhalt Teleki J\u00f3zsef Mih\u00e1lyt\u00f3l (1859\u20131913) a magyar\u00f3zdi Pekry-Rad\u00e1k kast\u00e9lyt, ott \u00e9ltek (1913\u201349), \u0151k az utols\u00f3 tulajdonosai (1913\u201349). Elhagyt\u00e1k az [&hellip;]<\/p>\n","protected":false},"featured_media":0,"comment_status":"open","ping_status":"closed","template":"","meta":[],"product_brand":[],"product_cat":[137],"product_tag":[],"class_list":{"0":"post-22822","1":"product","2":"type-product","3":"status-publish","5":"product_cat-maros-megyei-eletrajzi-lexikon","7":"first","8":"instock","9":"shipping-taxable","10":"product-type-simple"},"_links":{"self":[{"href":"https:\/\/uj.adatbank.ro\/lexikon\/wp-json\/wp\/v2\/product\/22822","targetHints":{"allow":["GET"]}}],"collection":[{"href":"https:\/\/uj.adatbank.ro\/lexikon\/wp-json\/wp\/v2\/product"}],"about":[{"href":"https:\/\/uj.adatbank.ro\/lexikon\/wp-json\/wp\/v2\/types\/product"}],"replies":[{"embeddable":true,"href":"https:\/\/uj.adatbank.ro\/lexikon\/wp-json\/wp\/v2\/comments?post=22822"}],"wp:attachment":[{"href":"https:\/\/uj.adatbank.ro\/lexikon\/wp-json\/wp\/v2\/media?parent=22822"}],"wp:term":[{"taxonomy":"product_brand","embeddable":true,"href":"https:\/\/uj.adatbank.ro\/lexikon\/wp-json\/wp\/v2\/product_brand?post=22822"},{"taxonomy":"product_cat","embeddable":true,"href":"https:\/\/uj.adatbank.ro\/lexikon\/wp-json\/wp\/v2\/product_cat?post=22822"},{"taxonomy":"product_tag","embeddable":true,"href":"https:\/\/uj.adatbank.ro\/lexikon\/wp-json\/wp\/v2\/product_tag?post=22822"}],"curies":[{"name":"wp","href":"https:\/\/api.w.org\/{rel}","templated":true}]}}

TELEKI Ilona, széki gr., konradsheimi br. Konrád Jánosné, Johann Konradsheim

<p>Kv., 1901. febr. 28., † Bécs, 1993. nov. 14: birtokos. – Arctur és hadadi br. Wesselényi Ilona lánya. Férje br. Konrád János. Gyermekei: Mária (Francio.-ban él), Miklós (Ausztriában él). Oldalági rokonság alapján örökölték az utód nélkül elhalt Teleki József Mihálytól (1859–1913) a magyarózdi Pekry-Radák kastélyt, ott éltek (1913–49), ők az utolsó tulajdonosai (1913–49). Elhagyták az országot, Franciao.-ban Ausztriában éltek. Örökösei most is ott élnek. Gyermekei visszakapták a kastélyt a rendszerváltozás után és átadták egy kv.-i humanitárius szervezetnek, a Bonus Pastor alapítványnak. Szenvedélybetegek rehabilitációs központja lett ott. <br /><strong>– Irod.:</strong> Bicsok–Orbán; Fekete; Gligor József: Újjáépülnek-e a csuszatornyok (Vásárhelyi Hírlap, 2009. aug. 14); Gudenus, Lokodi Imre: Kastélyvizit [Magyarózdon] (Nú., 1999. márc. 19.).</br></p>

<p>Kv., 1901. febr. 28., † Bécs, 1993. nov. 14: birtokos. – Arctur és hadadi br. Wesselényi Ilona lánya. Férje br. Konrád János. Gyermekei: Mária (Francio.-ban él), Miklós (Ausztriában él). Oldalági rokonság alapján örökölték az utód nélkül elhalt Teleki József Mihálytól (1859–1913) a magyarózdi Pekry-Radák kastélyt, ott éltek (1913–49), ők az utolsó tulajdonosai (1913–49). Elhagyták az [&hellip;]</p>
