{"id":22834,"date":"2025-08-01T17:02:01","date_gmt":"2025-08-01T15:02:01","guid":{"rendered":"https:\/\/uj.adatbank.ro\/lexikon\/termek\/teleki-jozsef\/"},"modified":"2025-08-01T17:02:01","modified_gmt":"2025-08-01T15:02:01","slug":"teleki-jozsef","status":"publish","type":"product","link":"https:\/\/uj.adatbank.ro\/lexikon\/termek\/teleki-jozsef\/","title":{"rendered":"TELEKI J\u00f3zsef"},"content":{"rendered":"<p>1863., \u2020 Maross\u00e1rpatak, 1913. dec. 13.: ref. lelkip\u00e1sztor. \u2013 P\u00f3k\u00e1ban szolg\u00e1lt (1882\u20131905). L\u00e9trehozta a hitelsz\u00f6vetkezetet, amelynek vezet\u0151je is volt, a \u201eHangya\u201d fogyaszt\u00e1si sz\u00f6vetkezetet is, amelynek sz\u00e9kh\u00e1zat is \u00e9p\u00edtettek. M\u0171soros el\u0151ad\u00e1sokat rendezett, amelyeknek j\u00f6vedelm\u00e9t az \u00faj templom \u00e9s iskola \u00e9p\u00edt\u00e9s\u00e9re ford\u00edtott\u00e1k. N\u00e9pk\u00f6nyvt\u00e1rat l\u00e9tes\u00edtett P\u00f3k\u00e1ban. <br \/><strong>\u2013 Irod.:<\/strong> B\u00f6jthe Andor: A G\u00f6rg\u00e9nyi ev. ref. egyh\u00e1zmegye t\u00f6rt\u00e9nete [k\u00e9zirat]; Gudenus; [Nekrol\u00f3g] (Sz\u00e9kely Napl\u00f3, 1913. dec. 13.); P\u00f3ka.<\/br><\/p>\n","protected":false},"excerpt":{"rendered":"<p>1863., \u2020 Maross\u00e1rpatak, 1913. dec. 13.: ref. lelkip\u00e1sztor. \u2013 P\u00f3k\u00e1ban szolg\u00e1lt (1882\u20131905). L\u00e9trehozta a hitelsz\u00f6vetkezetet, amelynek vezet\u0151je is volt, a \u201eHangya\u201d fogyaszt\u00e1si sz\u00f6vetkezetet is, amelynek sz\u00e9kh\u00e1zat is \u00e9p\u00edtettek. M\u0171soros el\u0151ad\u00e1sokat rendezett, amelyeknek j\u00f6vedelm\u00e9t az \u00faj templom \u00e9s iskola \u00e9p\u00edt\u00e9s\u00e9re ford\u00edtott\u00e1k. N\u00e9pk\u00f6nyvt\u00e1rat l\u00e9tes\u00edtett P\u00f3k\u00e1ban. \u2013 Irod.: B\u00f6jthe Andor: A G\u00f6rg\u00e9nyi ev. ref. egyh\u00e1zmegye t\u00f6rt\u00e9nete [k\u00e9zirat]; Gudenus; [&hellip;]<\/p>\n","protected":false},"featured_media":0,"comment_status":"open","ping_status":"closed","template":"","meta":[],"product_brand":[],"product_cat":[137],"product_tag":[],"class_list":{"0":"post-22834","1":"product","2":"type-product","3":"status-publish","5":"product_cat-maros-megyei-eletrajzi-lexikon","7":"first","8":"instock","9":"shipping-taxable","10":"product-type-simple"},"_links":{"self":[{"href":"https:\/\/uj.adatbank.ro\/lexikon\/wp-json\/wp\/v2\/product\/22834","targetHints":{"allow":["GET"]}}],"collection":[{"href":"https:\/\/uj.adatbank.ro\/lexikon\/wp-json\/wp\/v2\/product"}],"about":[{"href":"https:\/\/uj.adatbank.ro\/lexikon\/wp-json\/wp\/v2\/types\/product"}],"replies":[{"embeddable":true,"href":"https:\/\/uj.adatbank.ro\/lexikon\/wp-json\/wp\/v2\/comments?post=22834"}],"wp:attachment":[{"href":"https:\/\/uj.adatbank.ro\/lexikon\/wp-json\/wp\/v2\/media?parent=22834"}],"wp:term":[{"taxonomy":"product_brand","embeddable":true,"href":"https:\/\/uj.adatbank.ro\/lexikon\/wp-json\/wp\/v2\/product_brand?post=22834"},{"taxonomy":"product_cat","embeddable":true,"href":"https:\/\/uj.adatbank.ro\/lexikon\/wp-json\/wp\/v2\/product_cat?post=22834"},{"taxonomy":"product_tag","embeddable":true,"href":"https:\/\/uj.adatbank.ro\/lexikon\/wp-json\/wp\/v2\/product_tag?post=22834"}],"curies":[{"name":"wp","href":"https:\/\/api.w.org\/{rel}","templated":true}]}}

TELEKI József

<p>1863., † Marossárpatak, 1913. dec. 13.: ref. lelkipásztor. – Pókában szolgált (1882–1905). Létrehozta a hitelszövetkezetet, amelynek vezetője is volt, a „Hangya” fogyasztási szövetkezetet is, amelynek székházat is építettek. Műsoros előadásokat rendezett, amelyeknek jövedelmét az új templom és iskola építésére fordították. Népkönyvtárat létesített Pókában. <br /><strong>– Irod.:</strong> Böjthe Andor: A Görgényi ev. ref. egyházmegye története [kézirat]; Gudenus; [Nekrológ] (Székely Napló, 1913. dec. 13.); Póka.</br></p>

<p>1863., † Marossárpatak, 1913. dec. 13.: ref. lelkipásztor. – Pókában szolgált (1882–1905). Létrehozta a hitelszövetkezetet, amelynek vezetője is volt, a „Hangya” fogyasztási szövetkezetet is, amelynek székházat is építettek. Műsoros előadásokat rendezett, amelyeknek jövedelmét az új templom és iskola építésére fordították. Népkönyvtárat létesített Pókában. – Irod.: Böjthe Andor: A Görgényi ev. ref. egyházmegye története [kézirat]; Gudenus; [&hellip;]</p>
