{"id":22836,"date":"2025-08-01T17:02:07","date_gmt":"2025-08-01T15:02:07","guid":{"rendered":"https:\/\/uj.adatbank.ro\/lexikon\/termek\/teleki-jozsef-szeki-gr\/"},"modified":"2025-08-01T17:02:07","modified_gmt":"2025-08-01T15:02:07","slug":"teleki-jozsef-szeki-gr","status":"publish","type":"product","link":"https:\/\/uj.adatbank.ro\/lexikon\/termek\/teleki-jozsef-szeki-gr\/","title":{"rendered":"TELEKI J\u00f3zsef, sz\u00e9ki gr."},"content":{"rendered":"<p>1675. k, \u2020 1729. m\u00e1j. 22. temet\u00e9se.: f\u0151isp\u00e1n, a kir. t\u00e1bla \u00fcln\u00f6ke. \u2013 T. Mih\u00e1ly (1634\u20131690) \u00e9s Ve\u00e9r Judit (1641\u20131707) fia. \u2013 Feles\u00e9ge: 1. Osdolai Kun Borb\u00e1la \/ Ku\u00fan Borb\u00e1la (1684\u20131720. nov.). Gyermekeik: Krisztina (\u2020 1777) nagyszalontai Tholdy \u00c1d\u00e1mn\u00e9; J\u00f3zsef (1701\u20131729), a Gyulay ezred kapit\u00e1nya. 2. \u00c1rva Bethlen Kata (1700\u20131759) (esk\u00fcv\u0151 1722). \u2013 A kir. t\u00e1bla \u00fcln\u00f6ke (1715\u20131727), Feh\u00e9r vm. f\u0151isp\u00e1nja (1727\u2013), gyulafeh\u00e9rv\u00e1ri koll. \u00e9s a mv.-i scola particula egyik f\u0151gondnoka (1718), s mint ilyen a Gyulafeh\u00e9rv\u00e1rr\u00f3l ide menek\u00fclt s\u00e1rospataki-gyulafeh\u00e9rv\u00e1ri ref. koll. \u00e9s particula egyes\u00edt\u00e9s\u00e9t Toldalagi J\u00e1nossal egy\u00fctt a mv.-i v\u00e1rosi tan\u00e1ccsal v\u00e9glegesen rendezte (1718. \u00e1pr. 30.). \u00c1rva Bethlen Kata, adom\u00e1nnyal seg\u00edtette a koll.-t (1730). \u00c1ldozathozatalban, adakoz\u00e1sban, az egyh\u00e1z t\u00e1mogat\u00e1s\u00e1ban kiemelked\u0151 volt. Kercsesor\u00e1n lakott. <br \/><strong>\u2013 Irod.:<\/strong> Antal J\u00e1nos: Gr. T. J. f. oratio (Gernyeszegen, 1817); \u00c1rva Bethlen K.; Bethlen Kata: Ir\u00e1sai \u00e9s levelez\u00e9se (Bp., 1922); B\u00f6jthe Andor; Gudenus; Halotti besz\u00e9dek; Id\u0151t\u00e1r 1; Koncz; Kov\u00e1cs Mih\u00e1ly: Halotti besz\u00e9d sz\u00e9ki gr. Teleki J\u00f3zsef felett, 1729. m\u00e1j. 22. (Kv., \u00e9.n.); Kr\u00f3n. F\u00fcz. (1940. 4\/10); Nagy Iv\u00e1n; Tr\u00f3cs\u00e1nyi 1988.<\/br><\/p>\n","protected":false},"excerpt":{"rendered":"<p>1675. k, \u2020 1729. m\u00e1j. 22. temet\u00e9se.: f\u0151isp\u00e1n, a kir. t\u00e1bla \u00fcln\u00f6ke. \u2013 T. Mih\u00e1ly (1634\u20131690) \u00e9s Ve\u00e9r Judit (1641\u20131707) fia. \u2013 Feles\u00e9ge: 1. Osdolai Kun Borb\u00e1la \/ Ku\u00fan Borb\u00e1la (1684\u20131720. nov.). Gyermekeik: Krisztina (\u2020 1777) nagyszalontai Tholdy \u00c1d\u00e1mn\u00e9; J\u00f3zsef (1701\u20131729), a Gyulay ezred kapit\u00e1nya. 2. \u00c1rva Bethlen Kata (1700\u20131759) (esk\u00fcv\u0151 1722). \u2013 A kir. [&hellip;]<\/p>\n","protected":false},"featured_media":0,"comment_status":"open","ping_status":"closed","template":"","meta":[],"product_brand":[],"product_cat":[137],"product_tag":[],"class_list":{"0":"post-22836","1":"product","2":"type-product","3":"status-publish","5":"product_cat-maros-megyei-eletrajzi-lexikon","7":"first","8":"instock","9":"shipping-taxable","10":"product-type-simple"},"_links":{"self":[{"href":"https:\/\/uj.adatbank.ro\/lexikon\/wp-json\/wp\/v2\/product\/22836","targetHints":{"allow":["GET"]}}],"collection":[{"href":"https:\/\/uj.adatbank.ro\/lexikon\/wp-json\/wp\/v2\/product"}],"about":[{"href":"https:\/\/uj.adatbank.ro\/lexikon\/wp-json\/wp\/v2\/types\/product"}],"replies":[{"embeddable":true,"href":"https:\/\/uj.adatbank.ro\/lexikon\/wp-json\/wp\/v2\/comments?post=22836"}],"wp:attachment":[{"href":"https:\/\/uj.adatbank.ro\/lexikon\/wp-json\/wp\/v2\/media?parent=22836"}],"wp:term":[{"taxonomy":"product_brand","embeddable":true,"href":"https:\/\/uj.adatbank.ro\/lexikon\/wp-json\/wp\/v2\/product_brand?post=22836"},{"taxonomy":"product_cat","embeddable":true,"href":"https:\/\/uj.adatbank.ro\/lexikon\/wp-json\/wp\/v2\/product_cat?post=22836"},{"taxonomy":"product_tag","embeddable":true,"href":"https:\/\/uj.adatbank.ro\/lexikon\/wp-json\/wp\/v2\/product_tag?post=22836"}],"curies":[{"name":"wp","href":"https:\/\/api.w.org\/{rel}","templated":true}]}}

TELEKI József, széki gr.

<p>1675. k, † 1729. máj. 22. temetése.: főispán, a kir. tábla ülnöke. – T. Mihály (1634–1690) és Veér Judit (1641–1707) fia. – Felesége: 1. Osdolai Kun Borbála / Kuún Borbála (1684–1720. nov.). Gyermekeik: Krisztina († 1777) nagyszalontai Tholdy Ádámné; József (1701–1729), a Gyulay ezred kapitánya. 2. Árva Bethlen Kata (1700–1759) (esküvő 1722). – A kir. tábla ülnöke (1715–1727), Fehér vm. főispánja (1727–), gyulafehérvári koll. és a mv.-i scola particula egyik főgondnoka (1718), s mint ilyen a Gyulafehérvárról ide menekült sárospataki-gyulafehérvári ref. koll. és particula egyesítését Toldalagi Jánossal együtt a mv.-i városi tanáccsal véglegesen rendezte (1718. ápr. 30.). Árva Bethlen Kata, adománnyal segítette a koll.-t (1730). Áldozathozatalban, adakozásban, az egyház támogatásában kiemelkedő volt. Kercsesorán lakott. <br /><strong>– Irod.:</strong> Antal János: Gr. T. J. f. oratio (Gernyeszegen, 1817); Árva Bethlen K.; Bethlen Kata: Irásai és levelezése (Bp., 1922); Böjthe Andor; Gudenus; Halotti beszédek; Időtár 1; Koncz; Kovács Mihály: Halotti beszéd széki gr. Teleki József felett, 1729. máj. 22. (Kv., é.n.); Krón. Füz. (1940. 4/10); Nagy Iván; Trócsányi 1988.</br></p>

<p>1675. k, † 1729. máj. 22. temetése.: főispán, a kir. tábla ülnöke. – T. Mihály (1634–1690) és Veér Judit (1641–1707) fia. – Felesége: 1. Osdolai Kun Borbála / Kuún Borbála (1684–1720. nov.). Gyermekeik: Krisztina († 1777) nagyszalontai Tholdy Ádámné; József (1701–1729), a Gyulay ezred kapitánya. 2. Árva Bethlen Kata (1700–1759) (esküvő 1722). – A kir. [&hellip;]</p>
