{"id":22839,"date":"2025-08-01T17:02:13","date_gmt":"2025-08-01T15:02:13","guid":{"rendered":"https:\/\/uj.adatbank.ro\/lexikon\/termek\/teleki-jozsef-szeki-gr-3\/"},"modified":"2025-08-01T17:02:13","modified_gmt":"2025-08-01T15:02:13","slug":"teleki-jozsef-szeki-gr-3","status":"publish","type":"product","link":"https:\/\/uj.adatbank.ro\/lexikon\/termek\/teleki-jozsef-szeki-gr-3\/","title":{"rendered":"TELEKI J\u00f3zsef, sz\u00e9ki gr."},"content":{"rendered":"<p>Maross\u00e1rpatak, 1859. szept. 1., \u2020 Bp., 1913. dec. 10., temet\u00e9se Maross\u00e1rpatakon (1913. dec. 13): f\u00f6ldbirtokos, f\u0151rendh\u00e1zi \u00f6r\u00f6k\u00f6s tag. \u2013 T. Domokos \u00e9s (1825\u20131897) \u00e9s magyarb\u00e9nyei br. Rad\u00e1k Anna (1836\u20131864) fia. N\u0151tlen. Testv\u00e9re: gr. Teleki Polix\u00e9na br. Bornemissza Andr\u00e1sn\u00e9. \u2013 Mv.-i Ref. Koll. n\u00f6vend\u00e9ke volt. Egyetemi tanulm\u00e1nyokat folytatott: a Berlini Egy Jogtud. Kar\u00e1n (1978\u201378; 1879\u201380)., a Heidelbergi Egy. Jogtud. Kar\u00e1n (1879), a B\u00e9csi Egy. Jogtud. Kar\u00e1n (1880\u201382). Hazat\u00e9rve erd\u0151tan\u00e1csos Erd\u0151vid\u00e9ken. Maross\u00e1rpatakon nagybirtokos, ott gazd\u00e1lkodott. Birtokai voltak m\u00e9g Vajdaszentiv\u00e1nyon, Toldalagon, Bal\u00e1n, Magyar\u00f3zdon, ahol \u00f6r\u00f6k\u00f6lte anyai nagyb\u00e1tyj\u00e1t\u00f3l, br. Rad\u00e1k \u00c1d\u00e1mt\u00f3l a kast\u00e9lyt. \u00d6r\u00f6k\u00f6s jogon tagja a f\u0151rendih\u00e1znak. Az Erd\u00e9lyi Kereskedelmi \u00e9s Hitelbank Rt. eln\u00f6ke, az Erd\u0151vid\u00e9ki B\u00e1nyaegylet Rt. igazgat\u00f3s\u00e1g\u00e1nak tagja. A mv.-i Ref. Koll. el\u00f6lj\u00e1r\u00f3s\u00e1g\u00e1nak tagja (1905\u201310), egyik gondnoka (1907- 13). A Mv.-i Kaszin\u00f3 tagja. 230 hold feletti birtok\u00e1t teljes eg\u00e9sz\u00e9ben kisaj\u00e1t\u00edtott\u00e1k (1922).. <br \/><strong>\u2013 Irod.:<\/strong> Bicsok\u2013Orb\u00e1n; \u00c1goston Albert: Alkot\u00e1sainkra, \u00e9rt\u00e9keinkre eml\u00e9kezve (N\u00fa., 1993. dec. 14.); Bi\u00e1s Istv\u00e1n; Gudenus; Gy\u00e1szjelent\u0151; Keresztes Gyula: Kast\u00e9lyaink 9.: A s\u00e1rpataki kast\u00e9ly (N\u00fa., 1992. m\u00e1j. 23.); Pan\u0103; Sebesty\u00e9n; Szab\u00f3\u2013Simon\u2013Sz\u00f6gi; Vajdaszentiv\u00e1ny.<\/br><\/p>\n","protected":false},"excerpt":{"rendered":"<p>Maross\u00e1rpatak, 1859. szept. 1., \u2020 Bp., 1913. dec. 10., temet\u00e9se Maross\u00e1rpatakon (1913. dec. 13): f\u00f6ldbirtokos, f\u0151rendh\u00e1zi \u00f6r\u00f6k\u00f6s tag. \u2013 T. Domokos \u00e9s (1825\u20131897) \u00e9s magyarb\u00e9nyei br. Rad\u00e1k Anna (1836\u20131864) fia. N\u0151tlen. Testv\u00e9re: gr. Teleki Polix\u00e9na br. Bornemissza Andr\u00e1sn\u00e9. \u2013 Mv.-i Ref. Koll. n\u00f6vend\u00e9ke volt. Egyetemi tanulm\u00e1nyokat folytatott: a Berlini Egy Jogtud. Kar\u00e1n (1978\u201378; 1879\u201380)., a [&hellip;]<\/p>\n","protected":false},"featured_media":0,"comment_status":"open","ping_status":"closed","template":"","meta":[],"product_brand":[],"product_cat":[137],"product_tag":[],"class_list":{"0":"post-22839","1":"product","2":"type-product","3":"status-publish","5":"product_cat-maros-megyei-eletrajzi-lexikon","7":"first","8":"instock","9":"shipping-taxable","10":"product-type-simple"},"_links":{"self":[{"href":"https:\/\/uj.adatbank.ro\/lexikon\/wp-json\/wp\/v2\/product\/22839","targetHints":{"allow":["GET"]}}],"collection":[{"href":"https:\/\/uj.adatbank.ro\/lexikon\/wp-json\/wp\/v2\/product"}],"about":[{"href":"https:\/\/uj.adatbank.ro\/lexikon\/wp-json\/wp\/v2\/types\/product"}],"replies":[{"embeddable":true,"href":"https:\/\/uj.adatbank.ro\/lexikon\/wp-json\/wp\/v2\/comments?post=22839"}],"wp:attachment":[{"href":"https:\/\/uj.adatbank.ro\/lexikon\/wp-json\/wp\/v2\/media?parent=22839"}],"wp:term":[{"taxonomy":"product_brand","embeddable":true,"href":"https:\/\/uj.adatbank.ro\/lexikon\/wp-json\/wp\/v2\/product_brand?post=22839"},{"taxonomy":"product_cat","embeddable":true,"href":"https:\/\/uj.adatbank.ro\/lexikon\/wp-json\/wp\/v2\/product_cat?post=22839"},{"taxonomy":"product_tag","embeddable":true,"href":"https:\/\/uj.adatbank.ro\/lexikon\/wp-json\/wp\/v2\/product_tag?post=22839"}],"curies":[{"name":"wp","href":"https:\/\/api.w.org\/{rel}","templated":true}]}}

TELEKI József, széki gr.

<p>Marossárpatak, 1859. szept. 1., † Bp., 1913. dec. 10., temetése Marossárpatakon (1913. dec. 13): földbirtokos, főrendházi örökös tag. – T. Domokos és (1825–1897) és magyarbényei br. Radák Anna (1836–1864) fia. Nőtlen. Testvére: gr. Teleki Polixéna br. Bornemissza Andrásné. – Mv.-i Ref. Koll. növendéke volt. Egyetemi tanulmányokat folytatott: a Berlini Egy Jogtud. Karán (1978–78; 1879–80)., a Heidelbergi Egy. Jogtud. Karán (1879), a Bécsi Egy. Jogtud. Karán (1880–82). Hazatérve erdőtanácsos Erdővidéken. Marossárpatakon nagybirtokos, ott gazdálkodott. Birtokai voltak még Vajdaszentiványon, Toldalagon, Balán, Magyarózdon, ahol örökölte anyai nagybátyjától, br. Radák Ádámtól a kastélyt. Örökös jogon tagja a főrendiháznak. Az Erdélyi Kereskedelmi és Hitelbank Rt. elnöke, az Erdővidéki Bányaegylet Rt. igazgatóságának tagja. A mv.-i Ref. Koll. elöljáróságának tagja (1905–10), egyik gondnoka (1907- 13). A Mv.-i Kaszinó tagja. 230 hold feletti birtokát teljes egészében kisajátították (1922).. <br /><strong>– Irod.:</strong> Bicsok–Orbán; Ágoston Albert: Alkotásainkra, értékeinkre emlékezve (Nú., 1993. dec. 14.); Biás István; Gudenus; Gyászjelentő; Keresztes Gyula: Kastélyaink 9.: A sárpataki kastély (Nú., 1992. máj. 23.); Pană; Sebestyén; Szabó–Simon–Szögi; Vajdaszentivány.</br></p>

<p>Marossárpatak, 1859. szept. 1., † Bp., 1913. dec. 10., temetése Marossárpatakon (1913. dec. 13): földbirtokos, főrendházi örökös tag. – T. Domokos és (1825–1897) és magyarbényei br. Radák Anna (1836–1864) fia. Nőtlen. Testvére: gr. Teleki Polixéna br. Bornemissza Andrásné. – Mv.-i Ref. Koll. növendéke volt. Egyetemi tanulmányokat folytatott: a Berlini Egy Jogtud. Karán (1978–78; 1879–80)., a [&hellip;]</p>
