{"id":22840,"date":"2025-08-01T17:02:15","date_gmt":"2025-08-01T15:02:15","guid":{"rendered":"https:\/\/uj.adatbank.ro\/lexikon\/termek\/teleki-jozsef-szeki-gr-santa-gr\/"},"modified":"2025-08-01T17:02:15","modified_gmt":"2025-08-01T15:02:15","slug":"teleki-jozsef-szeki-gr-santa-gr","status":"publish","type":"product","link":"https:\/\/uj.adatbank.ro\/lexikon\/termek\/teleki-jozsef-szeki-gr-santa-gr\/","title":{"rendered":"TELEKI J\u00f3zsef, sz\u00e9ki gr. s\u00e1nta gr."},"content":{"rendered":"<p>Maros\u00fajv\u00e1r, 1902. \u00e1pr. 12. \u2020 Bp., 1967. j\u00fal. 6., temetve Farkasr\u00e9ti temet\u0151: maross\u00e1rpataki birtokos. \u2013 \u00c1d\u00e1m Ferenc (1867\u20131918) \u00e9s Zeyk \u00c1gnes (S\u00e1romberke, 1878. \u2013 G\u00f6d\u00f6ll\u0151 1977.) fia. Feles\u00e9ge S\u00f3lyom Janka sz\u00ednm\u0171v\u00e9szn\u0151 (1906\u20131972), esk\u00fcv\u0151: 1950. Maross\u00e1rpataki nagybirtokos, az als\u00f3 kast\u00e9ly \u00e9s uradalom utols\u00f3 tulajdonosa, az egyh\u00e1zk\u00f6zs\u00e9g patr\u00f3nusa. Csapong\u00f3 \u00e9letm\u00f3dot folytatott, gazdas\u00e1g\u00e1val nem sokat t\u00f6r\u0151d\u00f6tt. T\u00f6bbet tart\u00f3zkodott k\u00fclf\u00f6ld\u00f6n, mint itthon. Neve m\u00e9gis \u00f6r\u00f6kre be\u00edr\u00f3dott a maross\u00e1rpataki ref. egyh\u00e1zk\u00f6zs\u00e9g \u00e9let\u00e9be. \u0150 adom\u00e1nyozta a telket az \u00faj templom \u00e9p\u00edt\u00e9s\u00e9re \u00e9s \u00e9p\u00edttette a tornyot 50 000 lej adom\u00e1nnyal (1926). A 2. vh. ut\u00e1n (1945) elmenek\u00fclt S\u00e1rpatakr\u00f3l, mez\u0151gazdas\u00e1gi f\u00f6ldter\u00fcleteit kisaj\u00e1t\u00edtott\u00e1k, 50 ha erd\u0151 maradt a tulajdon\u00e1ban, amit eladott a s\u00e1rpataki lakosoknak, a kast\u00e9lyt \u00e1llamos\u00edtott\u00e1k. A 60-as \u00e9vekben hazal\u00e1togatott. -\u2013 Irod.: Ajtai Kata; Berekm\u00e9ri\u2013G\u00e1lfi; Bicsok\u2013Orb\u00e1n; Fekete; Gudenus.<\/br><\/p>\n","protected":false},"excerpt":{"rendered":"<p>Maros\u00fajv\u00e1r, 1902. \u00e1pr. 12. \u2020 Bp., 1967. j\u00fal. 6., temetve Farkasr\u00e9ti temet\u0151: maross\u00e1rpataki birtokos. \u2013 \u00c1d\u00e1m Ferenc (1867\u20131918) \u00e9s Zeyk \u00c1gnes (S\u00e1romberke, 1878. \u2013 G\u00f6d\u00f6ll\u0151 1977.) fia. Feles\u00e9ge S\u00f3lyom Janka sz\u00ednm\u0171v\u00e9szn\u0151 (1906\u20131972), esk\u00fcv\u0151: 1950. Maross\u00e1rpataki nagybirtokos, az als\u00f3 kast\u00e9ly \u00e9s uradalom utols\u00f3 tulajdonosa, az egyh\u00e1zk\u00f6zs\u00e9g patr\u00f3nusa. Csapong\u00f3 \u00e9letm\u00f3dot folytatott, gazdas\u00e1g\u00e1val nem sokat t\u00f6r\u0151d\u00f6tt. T\u00f6bbet tart\u00f3zkodott [&hellip;]<\/p>\n","protected":false},"featured_media":0,"comment_status":"open","ping_status":"closed","template":"","meta":[],"product_brand":[],"product_cat":[137],"product_tag":[],"class_list":{"0":"post-22840","1":"product","2":"type-product","3":"status-publish","5":"product_cat-maros-megyei-eletrajzi-lexikon","7":"first","8":"instock","9":"shipping-taxable","10":"product-type-simple"},"_links":{"self":[{"href":"https:\/\/uj.adatbank.ro\/lexikon\/wp-json\/wp\/v2\/product\/22840","targetHints":{"allow":["GET"]}}],"collection":[{"href":"https:\/\/uj.adatbank.ro\/lexikon\/wp-json\/wp\/v2\/product"}],"about":[{"href":"https:\/\/uj.adatbank.ro\/lexikon\/wp-json\/wp\/v2\/types\/product"}],"replies":[{"embeddable":true,"href":"https:\/\/uj.adatbank.ro\/lexikon\/wp-json\/wp\/v2\/comments?post=22840"}],"wp:attachment":[{"href":"https:\/\/uj.adatbank.ro\/lexikon\/wp-json\/wp\/v2\/media?parent=22840"}],"wp:term":[{"taxonomy":"product_brand","embeddable":true,"href":"https:\/\/uj.adatbank.ro\/lexikon\/wp-json\/wp\/v2\/product_brand?post=22840"},{"taxonomy":"product_cat","embeddable":true,"href":"https:\/\/uj.adatbank.ro\/lexikon\/wp-json\/wp\/v2\/product_cat?post=22840"},{"taxonomy":"product_tag","embeddable":true,"href":"https:\/\/uj.adatbank.ro\/lexikon\/wp-json\/wp\/v2\/product_tag?post=22840"}],"curies":[{"name":"wp","href":"https:\/\/api.w.org\/{rel}","templated":true}]}}

TELEKI József, széki gr. sánta gr.

<p>Marosújvár, 1902. ápr. 12. † Bp., 1967. júl. 6., temetve Farkasréti temető: marossárpataki birtokos. – Ádám Ferenc (1867–1918) és Zeyk Ágnes (Sáromberke, 1878. – Gödöllő 1977.) fia. Felesége Sólyom Janka színművésznő (1906–1972), esküvő: 1950. Marossárpataki nagybirtokos, az alsó kastély és uradalom utolsó tulajdonosa, az egyházközség patrónusa. Csapongó életmódot folytatott, gazdaságával nem sokat törődött. Többet tartózkodott külföldön, mint itthon. Neve mégis örökre beíródott a marossárpataki ref. egyházközség életébe. Ő adományozta a telket az új templom építésére és építtette a tornyot 50 000 lej adománnyal (1926). A 2. vh. után (1945) elmenekült Sárpatakról, mezőgazdasági földterületeit kisajátították, 50 ha erdő maradt a tulajdonában, amit eladott a sárpataki lakosoknak, a kastélyt államosították. A 60-as években hazalátogatott. -– Irod.: Ajtai Kata; Berekméri–Gálfi; Bicsok–Orbán; Fekete; Gudenus.</br></p>

<p>Marosújvár, 1902. ápr. 12. † Bp., 1967. júl. 6., temetve Farkasréti temető: marossárpataki birtokos. – Ádám Ferenc (1867–1918) és Zeyk Ágnes (Sáromberke, 1878. – Gödöllő 1977.) fia. Felesége Sólyom Janka színművésznő (1906–1972), esküvő: 1950. Marossárpataki nagybirtokos, az alsó kastély és uradalom utolsó tulajdonosa, az egyházközség patrónusa. Csapongó életmódot folytatott, gazdaságával nem sokat törődött. Többet tartózkodott [&hellip;]</p>
