{"id":22841,"date":"2025-08-01T17:02:18","date_gmt":"2025-08-01T15:02:18","guid":{"rendered":"https:\/\/uj.adatbank.ro\/lexikon\/termek\/teleki-jozsef-imre-%c2%a7-szeki-gr\/"},"modified":"2025-08-01T17:02:18","modified_gmt":"2025-08-01T15:02:18","slug":"teleki-jozsef-imre-%c2%a7-szeki-gr","status":"publish","type":"product","link":"https:\/\/uj.adatbank.ro\/lexikon\/termek\/teleki-jozsef-imre-%c2%a7-szeki-gr\/","title":{"rendered":"TELEKI J\u00f3zsef, Imre, \u00a7 sz\u00e9ki gr."},"content":{"rendered":"<p>? 1755. m\u00e1rc. 21., \u2020 Nagys\u00e1rm\u00e1s, 1809.: s\u00e1rm\u00e1si birtokos., cs. k. kamar\u00e1s (1808\u2013). \u2013 Feles\u00e9ge zabolai Mikes M\u00e1ria (1760. febr. 24.\u20131846. jan. 27.). Fi\u00fak: T. J\u00e1nos (1792\u20131860). F\u00f6ldbirtokos Nagys\u00e1rm\u00e1son \u00e9s Csehtelk\u00e9n. Nagys\u00e1rm\u00e1son ferences rendi papok szolg\u00e1ltak (1780\u201398). <br \/><strong>\u2013 Irod.:<\/strong> Gudenus; Gy\u00f6rgy: A ferencrendiek; H\u00e1zsong\u00e1rd; S\u0103rma\u015fu.<\/br><\/p>\n","protected":false},"excerpt":{"rendered":"<p>? 1755. m\u00e1rc. 21., \u2020 Nagys\u00e1rm\u00e1s, 1809.: s\u00e1rm\u00e1si birtokos., cs. k. kamar\u00e1s (1808\u2013). \u2013 Feles\u00e9ge zabolai Mikes M\u00e1ria (1760. febr. 24.\u20131846. jan. 27.). Fi\u00fak: T. J\u00e1nos (1792\u20131860). F\u00f6ldbirtokos Nagys\u00e1rm\u00e1son \u00e9s Csehtelk\u00e9n. Nagys\u00e1rm\u00e1son ferences rendi papok szolg\u00e1ltak (1780\u201398). \u2013 Irod.: Gudenus; Gy\u00f6rgy: A ferencrendiek; H\u00e1zsong\u00e1rd; S\u0103rma\u015fu.<\/p>\n","protected":false},"featured_media":0,"comment_status":"open","ping_status":"closed","template":"","meta":[],"product_brand":[],"product_cat":[137],"product_tag":[],"class_list":{"0":"post-22841","1":"product","2":"type-product","3":"status-publish","5":"product_cat-maros-megyei-eletrajzi-lexikon","7":"first","8":"instock","9":"shipping-taxable","10":"product-type-simple"},"_links":{"self":[{"href":"https:\/\/uj.adatbank.ro\/lexikon\/wp-json\/wp\/v2\/product\/22841","targetHints":{"allow":["GET"]}}],"collection":[{"href":"https:\/\/uj.adatbank.ro\/lexikon\/wp-json\/wp\/v2\/product"}],"about":[{"href":"https:\/\/uj.adatbank.ro\/lexikon\/wp-json\/wp\/v2\/types\/product"}],"replies":[{"embeddable":true,"href":"https:\/\/uj.adatbank.ro\/lexikon\/wp-json\/wp\/v2\/comments?post=22841"}],"wp:attachment":[{"href":"https:\/\/uj.adatbank.ro\/lexikon\/wp-json\/wp\/v2\/media?parent=22841"}],"wp:term":[{"taxonomy":"product_brand","embeddable":true,"href":"https:\/\/uj.adatbank.ro\/lexikon\/wp-json\/wp\/v2\/product_brand?post=22841"},{"taxonomy":"product_cat","embeddable":true,"href":"https:\/\/uj.adatbank.ro\/lexikon\/wp-json\/wp\/v2\/product_cat?post=22841"},{"taxonomy":"product_tag","embeddable":true,"href":"https:\/\/uj.adatbank.ro\/lexikon\/wp-json\/wp\/v2\/product_tag?post=22841"}],"curies":[{"name":"wp","href":"https:\/\/api.w.org\/{rel}","templated":true}]}}