{"id":22846,"date":"2025-08-01T17:02:32","date_gmt":"2025-08-01T15:02:32","guid":{"rendered":"https:\/\/uj.adatbank.ro\/lexikon\/termek\/teleki-judit-judka-szeki-pongracz-janosne\/"},"modified":"2025-08-01T17:02:32","modified_gmt":"2025-08-01T15:02:32","slug":"teleki-judit-judka-szeki-pongracz-janosne","status":"publish","type":"product","link":"https:\/\/uj.adatbank.ro\/lexikon\/termek\/teleki-judit-judka-szeki-pongracz-janosne\/","title":{"rendered":"TELEKI Judit, Judka, sz\u00e9ki; Pongr\u00e1cz J\u00e1nosn\u00e9"},"content":{"rendered":"<p>? \u2020 1733, temetve Gernyeszeg ref. templom kript\u00e1ja: birtokos. \u2013 T. Mih\u00e1ly \u00e9s Ve\u00e9r Judit l\u00e1nya. F\u00e9rje nagymih\u00e1lyi Pongr\u00e1cz J\u00e1nos. A gernyeszegi ref. templom kript\u00e1j\u00e1ban nyugszik. <br \/><strong>\u2013 Irod.:<\/strong> B\u00f6jthe Andor: A G\u00f6rg\u00e9nyi ev. ref. egyh\u00e1zmegye t\u00f6rt\u00e9nete [k\u00e9zirat]; Nagy Iv\u00e1n; Teleki Mih\u00e1ly udvartart\u00e1si napl\u00f3ja (1673\u20131681) (Kv., 2007).<\/br><\/p>\n","protected":false},"excerpt":{"rendered":"<p>? \u2020 1733, temetve Gernyeszeg ref. templom kript\u00e1ja: birtokos. \u2013 T. Mih\u00e1ly \u00e9s Ve\u00e9r Judit l\u00e1nya. F\u00e9rje nagymih\u00e1lyi Pongr\u00e1cz J\u00e1nos. A gernyeszegi ref. templom kript\u00e1j\u00e1ban nyugszik. \u2013 Irod.: B\u00f6jthe Andor: A G\u00f6rg\u00e9nyi ev. ref. egyh\u00e1zmegye t\u00f6rt\u00e9nete [k\u00e9zirat]; Nagy Iv\u00e1n; Teleki Mih\u00e1ly udvartart\u00e1si napl\u00f3ja (1673\u20131681) (Kv., 2007).<\/p>\n","protected":false},"featured_media":0,"comment_status":"open","ping_status":"closed","template":"","meta":[],"product_brand":[],"product_cat":[137],"product_tag":[],"class_list":{"0":"post-22846","1":"product","2":"type-product","3":"status-publish","5":"product_cat-maros-megyei-eletrajzi-lexikon","7":"first","8":"instock","9":"shipping-taxable","10":"product-type-simple"},"_links":{"self":[{"href":"https:\/\/uj.adatbank.ro\/lexikon\/wp-json\/wp\/v2\/product\/22846","targetHints":{"allow":["GET"]}}],"collection":[{"href":"https:\/\/uj.adatbank.ro\/lexikon\/wp-json\/wp\/v2\/product"}],"about":[{"href":"https:\/\/uj.adatbank.ro\/lexikon\/wp-json\/wp\/v2\/types\/product"}],"replies":[{"embeddable":true,"href":"https:\/\/uj.adatbank.ro\/lexikon\/wp-json\/wp\/v2\/comments?post=22846"}],"wp:attachment":[{"href":"https:\/\/uj.adatbank.ro\/lexikon\/wp-json\/wp\/v2\/media?parent=22846"}],"wp:term":[{"taxonomy":"product_brand","embeddable":true,"href":"https:\/\/uj.adatbank.ro\/lexikon\/wp-json\/wp\/v2\/product_brand?post=22846"},{"taxonomy":"product_cat","embeddable":true,"href":"https:\/\/uj.adatbank.ro\/lexikon\/wp-json\/wp\/v2\/product_cat?post=22846"},{"taxonomy":"product_tag","embeddable":true,"href":"https:\/\/uj.adatbank.ro\/lexikon\/wp-json\/wp\/v2\/product_tag?post=22846"}],"curies":[{"name":"wp","href":"https:\/\/api.w.org\/{rel}","templated":true}]}}