{"id":22847,"date":"2025-08-01T17:02:34","date_gmt":"2025-08-01T15:02:34","guid":{"rendered":"https:\/\/uj.adatbank.ro\/lexikon\/termek\/teleki-julianna-szeki-gr-magyargyeromonostori-br-kemeny-zsigmondne\/"},"modified":"2025-08-01T17:02:34","modified_gmt":"2025-08-01T15:02:34","slug":"teleki-julianna-szeki-gr-magyargyeromonostori-br-kemeny-zsigmondne","status":"publish","type":"product","link":"https:\/\/uj.adatbank.ro\/lexikon\/termek\/teleki-julianna-szeki-gr-magyargyeromonostori-br-kemeny-zsigmondne\/","title":{"rendered":"TELEKI Julianna, sz\u00e9ki gr., magyargyer\u0151monostori br. Kem\u00e9ny Zsigmondn\u00e9"},"content":{"rendered":"<p>1736, \u2020 Gernyeszeg, 1814. m\u00e1rc. 11. (a temet\u00e9s napja m\u00e1rc. 22.). A gernyeszegi kript\u00e1ban nyugszik. \u2013 \u00d6zvegy lett (1768), \u00f6zvegyen \u00e9lt 47 \u00e9ven \u00e1t. Adakoz\u00e1sair\u00f3l volt h\u00edres, a p\u00e9nzv\u00e1ltoz\u00e1skor (1811) 38 szeg\u00e9ny ref. gy\u00fclekezetnek egyenk\u00e9nt \u00f6tsz\u00e1z m. forintot aj\u00e1nd\u00e9kozott, seg\u00edtett a szeg\u00e9nyeken, \u00e1rv\u00e1kon. Adakoz\u00e1s\u00e1t bizony\u00edtja a gernyeszegi kript\u00e1ban lev\u0151 s\u00edrfelirata: \u201eHic sunt recondith Juliannae G. Telekinae De Szek\/ Viduae L.B. Sigismundi Kemeny De N. Gy Monostor\/ Matronae Pientissimae Ossa\/ Vixit Annos LXXVI\/ Obiit Anno Aerae Christianae MDCLLXIV\/ In Tesseram Grati Animi DCT Lucens Posuit.\/\/ Hogy kev\u00e9sb\u0151l sokat s igaz\u00e1n keresni\/ Lehet ne meny meszsze ki p\u00e9ld\u00e1t keresni\/ Ezen s\u00edrban ny(ug)v\u00f3 kegyes \u00fari aszszony\/Nem sokb\u00f3l li(?) gazdag p\u00e9ld\u00e1s gazd\u00e1(?)sz(?)\/S \u00e1mit \u0151 mag(\u00e1tol) megvonv\u00e1n f\u00e9rre tett\/Mindazzal m\u00e1sokat segijtett \u00e9s j\u00f3l tett\/ J\u00f3 t\u00e9tem\u00e9nyei oszt\u00e1s\u00e1val ugy \u00e9lt\/ Hogy t\u00f6bb r\u00e9szben addig adott ameddig \u00e9lt\/ Okkal seg\u00edjtette az attyafi\u00e1it\/ Sokkal \u00e1 l\u00e9vi pap szeg\u00e9nyebb fiait\/ Harmintz nyoltz egyh\u00e1zi szolga ezt j\u00f3l tudja\/ P\u00fcsp\u00f6ks\u00e9g\u00fcnk t\u00e1rj\u00e1t sokkal seg\u00edjtette\/ J\u00f6vedelmet fekv\u0151 j\u00f3kkal b\u0151v\u00edtette\/ K\u00e9t t\u00f6bb oskol\u00e1nkban f\u0151k\u00e9ppen a vall\u00e1st\/ Tan\u00edt\u00f3k j\u00f3 annyok fel\u00f6l tesznek vall\u00e1st\/ Ezek \u00e9rdem\u00e9nek \u00f6r\u00f6k meg adoi\/ Lesznek b\u0151v kez\u00e9nek buzk\u00f3 h\u00e1l\u00e1doi\/ \u00c1rv\u00e1knak is annya volt s az egy neh\u00e1ny\u00e1nak\/ \u00c9lt volna ki tudja lett volna m\u00e9g h\u00e1nnak\/ Ember fia nem ki ressz k\u00e9pzelt sz\u00fcks\u00e9gemet\/ Magadnak teheted hogy k\u00f6vesd ezeket\/ Ezzel menny el o a f\u00f6ldel v\u00e1ltott malt(?)\/ Menny(?) irta \u00e1lhatattos grof Teleki Domokos\u201d Alap\u00edtv\u00e1nyt l\u00e9tes\u00edtett a ref. ekl\u00e9zsi\u00e1k megseg\u00edt\u00e9s\u00e9re, a lp.-i javadalmak n\u00f6vel\u00e9s\u00e9re (1802). <br \/><strong>\u2013 Irod.:<\/strong> B\u00f6jthe; Gy\u00e1szjelent\u0151; M\u00e1rv\u00e1nyszarkof\u00e1g \u00e9s sz\u00ednes f\u0151\u00fari c\u00edmerek Gernyeszegen (N\u00fa., 2001. m\u00e1j. 23); Nagy Iv\u00e1n; Pesty 2014.<\/br><\/p>\n","protected":false},"excerpt":{"rendered":"<p>1736, \u2020 Gernyeszeg, 1814. m\u00e1rc. 11. (a temet\u00e9s napja m\u00e1rc. 22.). A gernyeszegi kript\u00e1ban nyugszik. \u2013 \u00d6zvegy lett (1768), \u00f6zvegyen \u00e9lt 47 \u00e9ven \u00e1t. Adakoz\u00e1sair\u00f3l volt h\u00edres, a p\u00e9nzv\u00e1ltoz\u00e1skor (1811) 38 szeg\u00e9ny ref. gy\u00fclekezetnek egyenk\u00e9nt \u00f6tsz\u00e1z m. forintot aj\u00e1nd\u00e9kozott, seg\u00edtett a szeg\u00e9nyeken, \u00e1rv\u00e1kon. Adakoz\u00e1s\u00e1t bizony\u00edtja a gernyeszegi kript\u00e1ban lev\u0151 s\u00edrfelirata: \u201eHic sunt recondith Juliannae G. [&hellip;]<\/p>\n","protected":false},"featured_media":0,"comment_status":"open","ping_status":"closed","template":"","meta":[],"product_brand":[],"product_cat":[137],"product_tag":[],"class_list":{"0":"post-22847","1":"product","2":"type-product","3":"status-publish","5":"product_cat-maros-megyei-eletrajzi-lexikon","7":"first","8":"instock","9":"shipping-taxable","10":"product-type-simple"},"_links":{"self":[{"href":"https:\/\/uj.adatbank.ro\/lexikon\/wp-json\/wp\/v2\/product\/22847","targetHints":{"allow":["GET"]}}],"collection":[{"href":"https:\/\/uj.adatbank.ro\/lexikon\/wp-json\/wp\/v2\/product"}],"about":[{"href":"https:\/\/uj.adatbank.ro\/lexikon\/wp-json\/wp\/v2\/types\/product"}],"replies":[{"embeddable":true,"href":"https:\/\/uj.adatbank.ro\/lexikon\/wp-json\/wp\/v2\/comments?post=22847"}],"wp:attachment":[{"href":"https:\/\/uj.adatbank.ro\/lexikon\/wp-json\/wp\/v2\/media?parent=22847"}],"wp:term":[{"taxonomy":"product_brand","embeddable":true,"href":"https:\/\/uj.adatbank.ro\/lexikon\/wp-json\/wp\/v2\/product_brand?post=22847"},{"taxonomy":"product_cat","embeddable":true,"href":"https:\/\/uj.adatbank.ro\/lexikon\/wp-json\/wp\/v2\/product_cat?post=22847"},{"taxonomy":"product_tag","embeddable":true,"href":"https:\/\/uj.adatbank.ro\/lexikon\/wp-json\/wp\/v2\/product_tag?post=22847"}],"curies":[{"name":"wp","href":"https:\/\/api.w.org\/{rel}","templated":true}]}}

TELEKI Julianna, széki gr., magyargyerőmonostori br. Kemény Zsigmondné

<p>1736, † Gernyeszeg, 1814. márc. 11. (a temetés napja márc. 22.). A gernyeszegi kriptában nyugszik. – Özvegy lett (1768), özvegyen élt 47 éven át. Adakozásairól volt híres, a pénzváltozáskor (1811) 38 szegény ref. gyülekezetnek egyenként ötszáz m. forintot ajándékozott, segített a szegényeken, árvákon. Adakozását bizonyítja a gernyeszegi kriptában levő sírfelirata: „Hic sunt recondith Juliannae G. Telekinae De Szek/ Viduae L.B. Sigismundi Kemeny De N. Gy Monostor/ Matronae Pientissimae Ossa/ Vixit Annos LXXVI/ Obiit Anno Aerae Christianae MDCLLXIV/ In Tesseram Grati Animi DCT Lucens Posuit.// Hogy kevésből sokat s igazán keresni/ Lehet ne meny meszsze ki példát keresni/ Ezen sírban ny(ug)vó kegyes úri aszszony/Nem sokból li(?) gazdag példás gazdá(?)sz(?)/S ámit ő mag(átol) megvonván férre tett/Mindazzal másokat segijtett és jól tett/ Jó téteményei osztásával ugy élt/ Hogy több részben addig adott ameddig élt/ Okkal segíjtette az attyafiáit/ Sokkal á lévi pap szegényebb fiait/ Harmintz nyoltz egyházi szolga ezt jól tudja/ Püspökségünk tárját sokkal segíjtette/ Jövedelmet fekvő jókkal bővítette/ Két több oskolánkban főképpen a vallást/ Tanítók jó annyok felöl tesznek vallást/ Ezek érdemének örök meg adoi/ Lesznek bőv kezének buzkó háládoi/ Árváknak is annya volt s az egy nehányának/ Élt volna ki tudja lett volna még hánnak/ Ember fia nem ki ressz képzelt szükségemet/ Magadnak teheted hogy kövesd ezeket/ Ezzel menny el o a földel váltott malt(?)/ Menny(?) irta álhatattos grof Teleki Domokos” Alapítványt létesített a ref. eklézsiák megsegítésére, a lp.-i javadalmak növelésére (1802). <br /><strong>– Irod.:</strong> Böjthe; Gyászjelentő; Márványszarkofág és színes főúri címerek Gernyeszegen (Nú., 2001. máj. 23); Nagy Iván; Pesty 2014.</br></p>

<p>1736, † Gernyeszeg, 1814. márc. 11. (a temetés napja márc. 22.). A gernyeszegi kriptában nyugszik. – Özvegy lett (1768), özvegyen élt 47 éven át. Adakozásairól volt híres, a pénzváltozáskor (1811) 38 szegény ref. gyülekezetnek egyenként ötszáz m. forintot ajándékozott, segített a szegényeken, árvákon. Adakozását bizonyítja a gernyeszegi kriptában levő sírfelirata: „Hic sunt recondith Juliannae G. [&hellip;]</p>
