{"id":22848,"date":"2025-08-01T17:02:37","date_gmt":"2025-08-01T15:02:37","guid":{"rendered":"https:\/\/uj.adatbank.ro\/lexikon\/termek\/teleki-julianna-szeki-gr-borosjenoi-gr-tisza-lajosne\/"},"modified":"2025-08-01T17:02:37","modified_gmt":"2025-08-01T15:02:37","slug":"teleki-julianna-szeki-gr-borosjenoi-gr-tisza-lajosne","status":"publish","type":"product","link":"https:\/\/uj.adatbank.ro\/lexikon\/termek\/teleki-julianna-szeki-gr-borosjenoi-gr-tisza-lajosne\/","title":{"rendered":"TELEKI J\u00falianna, sz\u00e9ki gr, borosjen\u0151i gr. Tisza Lajosn\u00e9"},"content":{"rendered":"<p>1805, \u2020 ? 1863; sz\u00fclei: gr. III. Teleki J\u00f3zsef, f\u0151korm\u00e1nysz\u00e9ki tan\u00e1csos \u00e9s gr. Teleki Zs\u00f3fia. F\u00e9rjhez ment gr. Tisza Lajoshoz (\u20201856. aug. 26. temet\u00e9se). Az esk\u00fcv\u0151j\u00fck Mv.-en volt (1825). A geszti h\u00e1z m\u0171velt \u00farn\u0151je volt, a falu gondvisel\u0151je f\u0151leg a koleraj\u00e1rv\u00e1ny idej\u00e9n (1831). Gyermekeik: Tisza L\u00e1szl\u00f3 (Geszt, 1829\u20131902), K\u00e1lm\u00e1n (1830\u20131902), Lajos (Geszt, 1832\u20131898) \u00e9s Domokos. <br \/><strong>\u2013 Irod.:<\/strong> \u00c1ll\u00f3- \u00e9s mozg\u00f3k\u00e9pek; Castellum \u00c9rtes\u00edt\u0151 7. sz., 2002; Halotti besz\u00e9dek.<\/br><\/p>\n","protected":false},"excerpt":{"rendered":"<p>1805, \u2020 ? 1863; sz\u00fclei: gr. III. Teleki J\u00f3zsef, f\u0151korm\u00e1nysz\u00e9ki tan\u00e1csos \u00e9s gr. Teleki Zs\u00f3fia. F\u00e9rjhez ment gr. Tisza Lajoshoz (\u20201856. aug. 26. temet\u00e9se). Az esk\u00fcv\u0151j\u00fck Mv.-en volt (1825). A geszti h\u00e1z m\u0171velt \u00farn\u0151je volt, a falu gondvisel\u0151je f\u0151leg a koleraj\u00e1rv\u00e1ny idej\u00e9n (1831). Gyermekeik: Tisza L\u00e1szl\u00f3 (Geszt, 1829\u20131902), K\u00e1lm\u00e1n (1830\u20131902), Lajos (Geszt, 1832\u20131898) \u00e9s Domokos. [&hellip;]<\/p>\n","protected":false},"featured_media":0,"comment_status":"open","ping_status":"closed","template":"","meta":[],"product_brand":[],"product_cat":[137],"product_tag":[],"class_list":{"0":"post-22848","1":"product","2":"type-product","3":"status-publish","5":"product_cat-maros-megyei-eletrajzi-lexikon","7":"first","8":"instock","9":"shipping-taxable","10":"product-type-simple"},"_links":{"self":[{"href":"https:\/\/uj.adatbank.ro\/lexikon\/wp-json\/wp\/v2\/product\/22848","targetHints":{"allow":["GET"]}}],"collection":[{"href":"https:\/\/uj.adatbank.ro\/lexikon\/wp-json\/wp\/v2\/product"}],"about":[{"href":"https:\/\/uj.adatbank.ro\/lexikon\/wp-json\/wp\/v2\/types\/product"}],"replies":[{"embeddable":true,"href":"https:\/\/uj.adatbank.ro\/lexikon\/wp-json\/wp\/v2\/comments?post=22848"}],"wp:attachment":[{"href":"https:\/\/uj.adatbank.ro\/lexikon\/wp-json\/wp\/v2\/media?parent=22848"}],"wp:term":[{"taxonomy":"product_brand","embeddable":true,"href":"https:\/\/uj.adatbank.ro\/lexikon\/wp-json\/wp\/v2\/product_brand?post=22848"},{"taxonomy":"product_cat","embeddable":true,"href":"https:\/\/uj.adatbank.ro\/lexikon\/wp-json\/wp\/v2\/product_cat?post=22848"},{"taxonomy":"product_tag","embeddable":true,"href":"https:\/\/uj.adatbank.ro\/lexikon\/wp-json\/wp\/v2\/product_tag?post=22848"}],"curies":[{"name":"wp","href":"https:\/\/api.w.org\/{rel}","templated":true}]}}

TELEKI Júlianna, széki gr, borosjenői gr. Tisza Lajosné

<p>1805, † ? 1863; szülei: gr. III. Teleki József, főkormányszéki tanácsos és gr. Teleki Zsófia. Férjhez ment gr. Tisza Lajoshoz (†1856. aug. 26. temetése). Az esküvőjük Mv.-en volt (1825). A geszti ház művelt úrnője volt, a falu gondviselője főleg a kolerajárvány idején (1831). Gyermekeik: Tisza László (Geszt, 1829–1902), Kálmán (1830–1902), Lajos (Geszt, 1832–1898) és Domokos. <br /><strong>– Irod.:</strong> Álló- és mozgóképek; Castellum Értesítő 7. sz., 2002; Halotti beszédek.</br></p>

<p>1805, † ? 1863; szülei: gr. III. Teleki József, főkormányszéki tanácsos és gr. Teleki Zsófia. Férjhez ment gr. Tisza Lajoshoz (†1856. aug. 26. temetése). Az esküvőjük Mv.-en volt (1825). A geszti ház művelt úrnője volt, a falu gondviselője főleg a kolerajárvány idején (1831). Gyermekeik: Tisza László (Geszt, 1829–1902), Kálmán (1830–1902), Lajos (Geszt, 1832–1898) és Domokos. [&hellip;]</p>
