{"id":22854,"date":"2025-08-01T17:02:54","date_gmt":"2025-08-01T15:02:54","guid":{"rendered":"https:\/\/uj.adatbank.ro\/lexikon\/termek\/teleki-klementina-szeki-gr-%c2%a7-teleki-domokosne\/"},"modified":"2025-08-01T17:02:54","modified_gmt":"2025-08-01T15:02:54","slug":"teleki-klementina-szeki-gr-%c2%a7-teleki-domokosne","status":"publish","type":"product","link":"https:\/\/uj.adatbank.ro\/lexikon\/termek\/teleki-klementina-szeki-gr-%c2%a7-teleki-domokosne\/","title":{"rendered":"TELEKI Klementina, sz\u00e9ki gr., \u00a7, Teleki Domokosn\u00e9"},"content":{"rendered":"<p>? 1827. m\u00e1rc. 9. \u2020 Kv., 1894. \u00e1pr. 18., Gernyeszegen temette Csekme Ferenc (1894. \u00e1pr. 21.), halotti c\u00edmere a kv.-i Farkas utcai templomban: birtokos gr., a gernyeszegi ekl\u00e9zsia \u00e9s t\u00f6bb k\u00f6zint\u00e9zet p\u00e1rtfog\u00f3ja. \u2013 T. S\u00e1muel (1792\u20131857) \u00e9s br. Jeszen\u00e1k Lujza le\u00e1nya. F\u00e9rje: sz\u00e9ki gr. T. Domokos (1810\u20131876), akinek m\u00e1sodik feles\u00e9ge. Gyermekei: Ilona (1849\u20131914), G\u00e9za (1850\u20131882). F\u00e9rj\u00e9vel Gr. T. Domokossal a gernyeszegi iskola nagy p\u00e1rtfog\u00f3ja, aki kor\u00e1t megel\u0151zve l\u00e1tta, hogy a m. n\u00e9pet nevelni kell, ha Eur\u00f3pa m\u0171velt n\u00e9pei k\u00f6z\u00f6tt meg akarja \u00e1llni a hely\u00e9t. F\u00e9rj\u00e9nek vil\u00e1gn\u00e9zet\u00e9ben osztozott, a szeg\u00e9ny \u00e9s v\u00e9dtelen gyermekek r\u00e9sz\u00e9re \u00f3vod\u00e1t \u00e9s gyermekmenhelyet alap\u00edtott Gernyeszegen, kult\u00faregyes\u00fcletek, \u00e1rvah\u00e1zak, seg\u00e9lyalapok, honv\u00e9dz\u00e1szl\u00f3aljak \u00e9s m\u00e1s k\u00f6zint\u00e9zetek t\u00e1mogat\u00f3ja volt. <br \/><strong>\u2013 Irod.:<\/strong> B\u00f6jthe Andor: A G\u00f6rg\u00e9nyi ev. ref. egyh\u00e1zmegye t\u00f6rt\u00e9nete [k\u00e9zirat]; Castellum \u00c9rtes\u00edt\u0151 (2000, 3. sz.); Csekme Ferenc: Gr Teleki Domokosn\u00e9, Teleki Clementina gr\u00f3fn\u0151 eml\u00e9kezete (Mv., 1894); Csekme Ferenc: K\u00e9pek a par\u00f3khi\u00e1kr\u00f3l (Mv., 1927); Entz\u2013Kov\u00e1cs; Gudenus; Lukinich.<\/br><\/p>\n","protected":false},"excerpt":{"rendered":"<p>? 1827. m\u00e1rc. 9. \u2020 Kv., 1894. \u00e1pr. 18., Gernyeszegen temette Csekme Ferenc (1894. \u00e1pr. 21.), halotti c\u00edmere a kv.-i Farkas utcai templomban: birtokos gr., a gernyeszegi ekl\u00e9zsia \u00e9s t\u00f6bb k\u00f6zint\u00e9zet p\u00e1rtfog\u00f3ja. \u2013 T. S\u00e1muel (1792\u20131857) \u00e9s br. Jeszen\u00e1k Lujza le\u00e1nya. F\u00e9rje: sz\u00e9ki gr. T. Domokos (1810\u20131876), akinek m\u00e1sodik feles\u00e9ge. Gyermekei: Ilona (1849\u20131914), G\u00e9za (1850\u20131882). [&hellip;]<\/p>\n","protected":false},"featured_media":0,"comment_status":"open","ping_status":"closed","template":"","meta":[],"product_brand":[],"product_cat":[137],"product_tag":[],"class_list":{"0":"post-22854","1":"product","2":"type-product","3":"status-publish","5":"product_cat-maros-megyei-eletrajzi-lexikon","7":"first","8":"instock","9":"shipping-taxable","10":"product-type-simple"},"_links":{"self":[{"href":"https:\/\/uj.adatbank.ro\/lexikon\/wp-json\/wp\/v2\/product\/22854","targetHints":{"allow":["GET"]}}],"collection":[{"href":"https:\/\/uj.adatbank.ro\/lexikon\/wp-json\/wp\/v2\/product"}],"about":[{"href":"https:\/\/uj.adatbank.ro\/lexikon\/wp-json\/wp\/v2\/types\/product"}],"replies":[{"embeddable":true,"href":"https:\/\/uj.adatbank.ro\/lexikon\/wp-json\/wp\/v2\/comments?post=22854"}],"wp:attachment":[{"href":"https:\/\/uj.adatbank.ro\/lexikon\/wp-json\/wp\/v2\/media?parent=22854"}],"wp:term":[{"taxonomy":"product_brand","embeddable":true,"href":"https:\/\/uj.adatbank.ro\/lexikon\/wp-json\/wp\/v2\/product_brand?post=22854"},{"taxonomy":"product_cat","embeddable":true,"href":"https:\/\/uj.adatbank.ro\/lexikon\/wp-json\/wp\/v2\/product_cat?post=22854"},{"taxonomy":"product_tag","embeddable":true,"href":"https:\/\/uj.adatbank.ro\/lexikon\/wp-json\/wp\/v2\/product_tag?post=22854"}],"curies":[{"name":"wp","href":"https:\/\/api.w.org\/{rel}","templated":true}]}}

TELEKI Klementina, széki gr., §, Teleki Domokosné

<p>? 1827. márc. 9. † Kv., 1894. ápr. 18., Gernyeszegen temette Csekme Ferenc (1894. ápr. 21.), halotti címere a kv.-i Farkas utcai templomban: birtokos gr., a gernyeszegi eklézsia és több közintézet pártfogója. – T. Sámuel (1792–1857) és br. Jeszenák Lujza leánya. Férje: széki gr. T. Domokos (1810–1876), akinek második felesége. Gyermekei: Ilona (1849–1914), Géza (1850–1882). Férjével Gr. T. Domokossal a gernyeszegi iskola nagy pártfogója, aki korát megelőzve látta, hogy a m. népet nevelni kell, ha Európa művelt népei között meg akarja állni a helyét. Férjének világnézetében osztozott, a szegény és védtelen gyermekek részére óvodát és gyermekmenhelyet alapított Gernyeszegen, kultúregyesületek, árvaházak, segélyalapok, honvédzászlóaljak és más közintézetek támogatója volt. <br /><strong>– Irod.:</strong> Böjthe Andor: A Görgényi ev. ref. egyházmegye története [kézirat]; Castellum Értesítő (2000, 3. sz.); Csekme Ferenc: Gr Teleki Domokosné, Teleki Clementina grófnő emlékezete (Mv., 1894); Csekme Ferenc: Képek a parókhiákról (Mv., 1927); Entz–Kovács; Gudenus; Lukinich.</br></p>

<p>? 1827. márc. 9. † Kv., 1894. ápr. 18., Gernyeszegen temette Csekme Ferenc (1894. ápr. 21.), halotti címere a kv.-i Farkas utcai templomban: birtokos gr., a gernyeszegi eklézsia és több közintézet pártfogója. – T. Sámuel (1792–1857) és br. Jeszenák Lujza leánya. Férje: széki gr. T. Domokos (1810–1876), akinek második felesége. Gyermekei: Ilona (1849–1914), Géza (1850–1882). [&hellip;]</p>
