{"id":22856,"date":"2025-08-01T17:03:00","date_gmt":"2025-08-01T15:03:00","guid":{"rendered":"https:\/\/uj.adatbank.ro\/lexikon\/termek\/teleki-lajos\/"},"modified":"2025-08-01T17:03:00","modified_gmt":"2025-08-01T15:03:00","slug":"teleki-lajos","status":"publish","type":"product","link":"https:\/\/uj.adatbank.ro\/lexikon\/termek\/teleki-lajos\/","title":{"rendered":"TELEKI Lajos"},"content":{"rendered":"<p>1716. nov. 11., \u2020 ? 1758. dec 3., temetve Maross\u00e1rpatakon: maross\u00e1rpataki birtokos. \u2013 T. S\u00e1ndor (1679\u20131754) \u00e9s Bethlen J\u00falia (1686. \u2013 Gernyeszeg, 1722.) fia. Feles\u00e9ge ikt\u00e1ri Bethlen Kata (\u2020 1790). T. S\u00e1muel f\u00e9ltestv\u00e9re. Gyermekei: Lajos (\u2020 1815), Domokos, tordai f\u0151isp\u00e1n (\u2020 1824), S\u00e1muel (\u2020 1822), Mih\u00e1ly Marossz\u00e9k f\u0151kir\u00e1lyb\u00edr\u00f3ja (1750\u20131826), Borb\u00e1la \u2013 Zeyk D\u00e1nieln\u00e9, Kata \u2013 Nal\u00e1czy K\u00e1rolyn\u00e9, Eszter \u2013Vay \u00c1brah\u00e1mn\u00e9. A maross\u00e1rpataki birtokot apj\u00e1t\u00f3l \u00f6r\u00f6k\u00f6lte (1756), \u00edgy \u0151 lett a csal\u00e1d maross\u00e1rpataki \u00e1g\u00e1nak alap\u00edt\u00f3ja. Fiai Domokos \u00e9s Mih\u00e1ly \u00f6r\u00f6k\u00f6lt\u00e9k t\u0151le, \u00edgy megoszlott a vagyon, ez\u00e9rt \u00e9p\u00fclt k\u00e9t kast\u00e9ly az als\u00f3 \u00e9s fels\u0151 udvarral. Kov\u00e1sznai S\u00e1ndor t\u00e1mogat\u00f3ja (1750-es \u00e9vekben). Domokos sz\u00fclei s\u00edrja f\u00f6l\u00e9 a S\u00e1rpatakon k\u00e9sz\u00edtett piramis alj\u00e1ban latin feliratos s\u00edrk\u00f6vet helyezett el (1808). <br \/><strong>\u2013 Irod.:<\/strong> Berekm\u00e9ri\u2013G\u00e1lfi; Bicsok\u2013Orb\u00e1n; De\u00e9 Nagy Anik\u00f3 1997; Gudenus; Orb\u00e1n J\u00e1nos: T\u00e1blab\u00edr\u00e1k, f\u0151nemesek, pall\u00e9rok \u00e9s h\u00e1zak: V\u00e1rosk\u00e9p \u00e9s t\u00e1rsadalom v\u00e1ltoz\u00e1sai Mv.-en a Kir\u00e1lyi T\u00e1bla bek\u00f6lt\u00f6z\u00e9se ut\u00e1n [1754] = K\u00f6nyvek \u00e1ltal.<\/br><\/p>\n","protected":false},"excerpt":{"rendered":"<p>1716. nov. 11., \u2020 ? 1758. dec 3., temetve Maross\u00e1rpatakon: maross\u00e1rpataki birtokos. \u2013 T. S\u00e1ndor (1679\u20131754) \u00e9s Bethlen J\u00falia (1686. \u2013 Gernyeszeg, 1722.) fia. Feles\u00e9ge ikt\u00e1ri Bethlen Kata (\u2020 1790). T. S\u00e1muel f\u00e9ltestv\u00e9re. Gyermekei: Lajos (\u2020 1815), Domokos, tordai f\u0151isp\u00e1n (\u2020 1824), S\u00e1muel (\u2020 1822), Mih\u00e1ly Marossz\u00e9k f\u0151kir\u00e1lyb\u00edr\u00f3ja (1750\u20131826), Borb\u00e1la \u2013 Zeyk D\u00e1nieln\u00e9, Kata \u2013 [&hellip;]<\/p>\n","protected":false},"featured_media":0,"comment_status":"open","ping_status":"closed","template":"","meta":[],"product_brand":[],"product_cat":[137],"product_tag":[],"class_list":{"0":"post-22856","1":"product","2":"type-product","3":"status-publish","5":"product_cat-maros-megyei-eletrajzi-lexikon","7":"first","8":"instock","9":"shipping-taxable","10":"product-type-simple"},"_links":{"self":[{"href":"https:\/\/uj.adatbank.ro\/lexikon\/wp-json\/wp\/v2\/product\/22856","targetHints":{"allow":["GET"]}}],"collection":[{"href":"https:\/\/uj.adatbank.ro\/lexikon\/wp-json\/wp\/v2\/product"}],"about":[{"href":"https:\/\/uj.adatbank.ro\/lexikon\/wp-json\/wp\/v2\/types\/product"}],"replies":[{"embeddable":true,"href":"https:\/\/uj.adatbank.ro\/lexikon\/wp-json\/wp\/v2\/comments?post=22856"}],"wp:attachment":[{"href":"https:\/\/uj.adatbank.ro\/lexikon\/wp-json\/wp\/v2\/media?parent=22856"}],"wp:term":[{"taxonomy":"product_brand","embeddable":true,"href":"https:\/\/uj.adatbank.ro\/lexikon\/wp-json\/wp\/v2\/product_brand?post=22856"},{"taxonomy":"product_cat","embeddable":true,"href":"https:\/\/uj.adatbank.ro\/lexikon\/wp-json\/wp\/v2\/product_cat?post=22856"},{"taxonomy":"product_tag","embeddable":true,"href":"https:\/\/uj.adatbank.ro\/lexikon\/wp-json\/wp\/v2\/product_tag?post=22856"}],"curies":[{"name":"wp","href":"https:\/\/api.w.org\/{rel}","templated":true}]}}

<p>1716. nov. 11., † ? 1758. dec 3., temetve Marossárpatakon: marossárpataki birtokos. – T. Sándor (1679–1754) és Bethlen Júlia (1686. – Gernyeszeg, 1722.) fia. Felesége iktári Bethlen Kata († 1790). T. Sámuel féltestvére. Gyermekei: Lajos († 1815), Domokos, tordai főispán († 1824), Sámuel († 1822), Mihály Marosszék főkirálybírója (1750–1826), Borbála – Zeyk Dánielné, Kata – Naláczy Károlyné, Eszter –Vay Ábrahámné. A marossárpataki birtokot apjától örökölte (1756), így ő lett a család marossárpataki ágának alapítója. Fiai Domokos és Mihály örökölték tőle, így megoszlott a vagyon, ezért épült két kastély az alsó és felső udvarral. Kovásznai Sándor támogatója (1750-es években). Domokos szülei sírja fölé a Sárpatakon készített piramis aljában latin feliratos sírkövet helyezett el (1808). <br /><strong>– Irod.:</strong> Berekméri–Gálfi; Bicsok–Orbán; Deé Nagy Anikó 1997; Gudenus; Orbán János: Táblabírák, főnemesek, pallérok és házak: Városkép és társadalom változásai Mv.-en a Királyi Tábla beköltözése után [1754] = Könyvek által.</br></p>

<p>1716. nov. 11., † ? 1758. dec 3., temetve Marossárpatakon: marossárpataki birtokos. – T. Sándor (1679–1754) és Bethlen Júlia (1686. – Gernyeszeg, 1722.) fia. Felesége iktári Bethlen Kata († 1790). T. Sámuel féltestvére. Gyermekei: Lajos († 1815), Domokos, tordai főispán († 1824), Sámuel († 1822), Mihály Marosszék főkirálybírója (1750–1826), Borbála – Zeyk Dánielné, Kata – [&hellip;]</p>
