{"id":22860,"date":"2025-08-01T17:03:11","date_gmt":"2025-08-01T15:03:11","guid":{"rendered":"https:\/\/uj.adatbank.ro\/lexikon\/termek\/teleki-laszlo-lacko-i-szeki-gr\/"},"modified":"2025-08-01T17:03:11","modified_gmt":"2025-08-01T15:03:11","slug":"teleki-laszlo-lacko-i-szeki-gr","status":"publish","type":"product","link":"https:\/\/uj.adatbank.ro\/lexikon\/termek\/teleki-laszlo-lacko-i-szeki-gr\/","title":{"rendered":"TELEKI L\u00e1szl\u00f3, Lack\u00f3, I. sz\u00e9ki gr."},"content":{"rendered":"<p>? 1673., \u2020 ? 1714: f\u0151isp\u00e1n, boroskrakk\u00f3i birtokos, status. curator. \u2013 T. Mih\u00e1ly (1634\u20131690) \u00e9s Ve\u00e9r Judit fia. Feles\u00e9ge Vay Anna. Le\u00e1nya Zsuzsanna (1712\u20131762) Kem\u00e9ny L\u00e1szl\u00f3n\u00e9. \u2013 Boroskrakk\u00f3i birtok\u00e1n befogadta a gyulafeh\u00e9rv\u00e1ri ref. koll. sz\u00e1m\u0171z\u00f6tt di\u00e1kjainak \u00e9s tan\u00e1rainak egy r\u00e9sz\u00e9t. Feh\u00e9r vm. f\u0151isp\u00e1nja (1711\u2013), tan\u00e1cs\u00far, az erd\u00e9lyi ref. egyh\u00e1zker\u00fclet egyik f\u0151gondnoka (1712). <br \/><strong>\u2013 Irod.:<\/strong> B\u00f6jthe Andor: A G\u00f6rg\u00e9nyi ev. ref. egyh\u00e1zmegye t\u00f6rt\u00e9nete [k\u00e9zirat]; Erd\u00e9lyi f\u00e9niks; Koncz; Nagy Iv\u00e1n; P\u00e1pai P\u00e1riz; Teleki Mih\u00e1ly udvartart\u00e1si napl\u00f3ja (1673\u20131681) (Kv., 2007).<\/br><\/p>\n","protected":false},"excerpt":{"rendered":"<p>? 1673., \u2020 ? 1714: f\u0151isp\u00e1n, boroskrakk\u00f3i birtokos, status. curator. \u2013 T. Mih\u00e1ly (1634\u20131690) \u00e9s Ve\u00e9r Judit fia. Feles\u00e9ge Vay Anna. Le\u00e1nya Zsuzsanna (1712\u20131762) Kem\u00e9ny L\u00e1szl\u00f3n\u00e9. \u2013 Boroskrakk\u00f3i birtok\u00e1n befogadta a gyulafeh\u00e9rv\u00e1ri ref. koll. sz\u00e1m\u0171z\u00f6tt di\u00e1kjainak \u00e9s tan\u00e1rainak egy r\u00e9sz\u00e9t. Feh\u00e9r vm. f\u0151isp\u00e1nja (1711\u2013), tan\u00e1cs\u00far, az erd\u00e9lyi ref. egyh\u00e1zker\u00fclet egyik f\u0151gondnoka (1712). \u2013 Irod.: B\u00f6jthe [&hellip;]<\/p>\n","protected":false},"featured_media":0,"comment_status":"open","ping_status":"closed","template":"","meta":[],"product_brand":[],"product_cat":[137],"product_tag":[],"class_list":{"0":"post-22860","1":"product","2":"type-product","3":"status-publish","5":"product_cat-maros-megyei-eletrajzi-lexikon","7":"first","8":"instock","9":"shipping-taxable","10":"product-type-simple"},"_links":{"self":[{"href":"https:\/\/uj.adatbank.ro\/lexikon\/wp-json\/wp\/v2\/product\/22860","targetHints":{"allow":["GET"]}}],"collection":[{"href":"https:\/\/uj.adatbank.ro\/lexikon\/wp-json\/wp\/v2\/product"}],"about":[{"href":"https:\/\/uj.adatbank.ro\/lexikon\/wp-json\/wp\/v2\/types\/product"}],"replies":[{"embeddable":true,"href":"https:\/\/uj.adatbank.ro\/lexikon\/wp-json\/wp\/v2\/comments?post=22860"}],"wp:attachment":[{"href":"https:\/\/uj.adatbank.ro\/lexikon\/wp-json\/wp\/v2\/media?parent=22860"}],"wp:term":[{"taxonomy":"product_brand","embeddable":true,"href":"https:\/\/uj.adatbank.ro\/lexikon\/wp-json\/wp\/v2\/product_brand?post=22860"},{"taxonomy":"product_cat","embeddable":true,"href":"https:\/\/uj.adatbank.ro\/lexikon\/wp-json\/wp\/v2\/product_cat?post=22860"},{"taxonomy":"product_tag","embeddable":true,"href":"https:\/\/uj.adatbank.ro\/lexikon\/wp-json\/wp\/v2\/product_tag?post=22860"}],"curies":[{"name":"wp","href":"https:\/\/api.w.org\/{rel}","templated":true}]}}

TELEKI László, Lackó, I. széki gr.

<p>? 1673., † ? 1714: főispán, boroskrakkói birtokos, status. curator. – T. Mihály (1634–1690) és Veér Judit fia. Felesége Vay Anna. Leánya Zsuzsanna (1712–1762) Kemény Lászlóné. – Boroskrakkói birtokán befogadta a gyulafehérvári ref. koll. száműzött diákjainak és tanárainak egy részét. Fehér vm. főispánja (1711–), tanácsúr, az erdélyi ref. egyházkerület egyik főgondnoka (1712). <br /><strong>– Irod.:</strong> Böjthe Andor: A Görgényi ev. ref. egyházmegye története [kézirat]; Erdélyi féniks; Koncz; Nagy Iván; Pápai Páriz; Teleki Mihály udvartartási naplója (1673–1681) (Kv., 2007).</br></p>

<p>? 1673., † ? 1714: főispán, boroskrakkói birtokos, status. curator. – T. Mihály (1634–1690) és Veér Judit fia. Felesége Vay Anna. Leánya Zsuzsanna (1712–1762) Kemény Lászlóné. – Boroskrakkói birtokán befogadta a gyulafehérvári ref. koll. száműzött diákjainak és tanárainak egy részét. Fehér vm. főispánja (1711–), tanácsúr, az erdélyi ref. egyházkerület egyik főgondnoka (1712). – Irod.: Böjthe [&hellip;]</p>
