{"id":22861,"date":"2025-08-01T17:03:12","date_gmt":"2025-08-01T15:03:12","guid":{"rendered":"https:\/\/uj.adatbank.ro\/lexikon\/termek\/teleki-laszlo-ii-szeki-gr\/"},"modified":"2025-08-01T17:03:12","modified_gmt":"2025-08-01T15:03:12","slug":"teleki-laszlo-ii-szeki-gr","status":"publish","type":"product","link":"https:\/\/uj.adatbank.ro\/lexikon\/termek\/teleki-laszlo-ii-szeki-gr\/","title":{"rendered":"TELEKI L\u00e1szl\u00f3, II., sz\u00e9ki gr."},"content":{"rendered":"<p>Dromb\u00e1r 1710. szept. 1. (T\u00fcd\u0151s K. szerint: Gernyeszeg, 1710. aug. 14.), \u2020 Gernyeszeg, 1778. \u00e1pr. 1. Gernyeszegen temett\u00e9k el: cs. k. kamar\u00e1s, f\u0151korm\u00e1nysz\u00e9ki tan\u00e1csos, erd\u00e9lyi f\u0151poh\u00e1rnok, a csal\u00e1d gy\u00f6mr\u0151i \u00e1g\u00e1nak megalap\u00edt\u00f3ja. \u2013 T. S\u00e1ndor (1679\u20131754) \u00e9s Bethlen J\u00falia (1686. \u2013 Gernyeszeg, 1722.) fia, T. Mih\u00e1ly unok\u00e1ja, T. S\u00e1muel f\u00e9ltestv\u00e9re. Feles\u00e9ge: r\u00e1dai gr. R\u00e1dai Eszter (\u2020 1764). Gyermekei: J\u00f3zsef (1738\u20131796), korona\u0151r; Eszter Thoroczkay Zsigmondn\u00e9 (\u2020 1778); Kl\u00e1ra gr. Wartesleben Mikl\u00f3sn\u00e9. \u2013 Mv.-en kezdte tanulm\u00e1nyait (1722\u2013). Az apa \u00e9s fia k\u00f6z\u00f6tti ellent\u00e9t magyar\u00e1zhatja, hogy nem mehetett k\u00fclf\u00f6ldre tanulni, ennek ellen\u00e9re kora m\u0171velt f\u0151urai k\u00f6z\u00f6tt tartott\u00e1k sz\u00e1mon. Gernyeszeg \u00f6r\u00f6k\u00f6se, de kev\u00e9s id\u0151tt t\u00f6lt\u00f6tt ott. Fiatal kor\u00e1ban Mo.-on \u00e9lt ott ismerkedett meg \u00e9s vette feles\u00e9g\u00fcl R\u00e1day Esztert, R\u00e1day P\u00e1l le\u00e1ny\u00e1t (P\u00e9czel, 1732. j\u00fan. 24.), a h\u00e1zass\u00e1g r\u00e9v\u00e9n Pest megyei birtokhoz jutott. 11 gyermek\u00fck s ezek k\u00f6z\u00fcl 6 fia sz\u00fcletett, k\u00f6z\u00fcl\u00fck csak J\u00f3zsef, a k\u00e9s\u0151bbi korona\u0151r (1738\u20131796) maradt meg. Cs. kir. kamar\u00e1s (1741), f\u0151korm\u00e1nysz\u00e9ki tan\u00e1csos (1752), ett\u0151l kezdve ink\u00e1bb Nagyszebenben \u00e9lt, v. b. titkos tan\u00e1csos (1752\u201374), Erd\u00e9ly f\u0151poh\u00e1rnoka. 22 \u00e9vi szolg\u00e1lat ut\u00e1n nyugalomba vonult (1774). A mv.-i Ref. Koll. f\u0151gondnoka (1748\u2013). Megvette Mv. legr\u00e9gibb emeletes h\u00e1z\u00e1t, a K\u00f6peczi h\u00e1zat (1756), ezt Schmidt P\u00e1l \u00e9p\u00edt\u00e9szmester kivitelez\u00e9s\u00e9ben saj\u00e1t elk\u00e9pzel\u00e9sei alapj\u00e1n barokk st\u00edlusban \u00e1talak\u00edtotta, emelettel magas\u00edttatta (1764\u201368). \u201eA\u201d kateg\u00f3ri\u00e1s m\u0171eml\u00e9k (Revolu\u0163iei \/ volt Szentgy\u00f6rgy u., 1. sz.). A h\u00e1z fia T. J\u00f3zsef tulajdona lett (1808). Apja hal\u00e1la ut\u00e1n \u0151 \u00f6r\u00f6k\u00f6lte a gernyeszegi v\u00e1rat, melynek kast\u00e9lly\u00e1 val\u00f3 \u00e1t\u00e9p\u00edt\u00e9s\u00e9t elkezdte. A munk\u00e1latokat feltehet\u0151en Mayerhoffer Andr\u00e1s tervei alapj\u00e1n v\u00e9gezt\u00e9k (1772\u201378). \u201eA\u201d kateg\u00f3ri\u00e1s m\u0171eml\u00e9k. Saj\u00e1t k\u00f6lts\u00e9g\u00e9n Gernyeszegen \u00faj kript\u00e1t (1764), papilakot \u00e9p\u00edtetett (1772). Kov\u00e1sznai S\u00e1ndor verses halotti b\u00facs\u00faztat\u00f3t \u00edrt r\u00f3la. Halotti c\u00edmere a kv.-i Farkas utcai templomban. Lev\u00e9lt\u00e1ra az Erd\u00e9lyi M\u00fazeumban van. <br \/><strong>\u2013 Irod.:<\/strong> \u00c1rva Bethlen K.; Bicsok\u2013Orb\u00e1n; B\u00edr\u00f3; B\u00edr\u00f3 J\u00f3zsef; B\u00edr\u00f3 J\u00f3zsef: A gernyeszegi Teleki kast\u00e9ly (Bp., 1938); Bozac\u2013Pavel; B\u00f6jthe Andor: A G\u00f6rg\u00e9nyi ev. ref. egyh\u00e1zmegye t\u00f6rt\u00e9nete [k\u00e9zirat]; Castellum \u00c9rtes\u00edt\u0151 (2000, 3. sz.); De\u00e9 Nagy Anik\u00f31997; Entz\u2013Kov\u00e1cs; Fekete; Gudenus; K.L. M\u0171v. T\u00f6rt. tan. 2.; Halotti besz\u00e9dek; Gr\u00f3f T.L. lev\u00e9lt\u00e1ra az Erd\u00e9lyi Nemzeti M\u00fazeumban = Kelemen Lajos 2006; Keresztes Gyula: K\u00f6peczi-Teleki H\u00e1z (N\u00fa., 1990. m\u00e1rc. 24.); Keresztes Gyula: A hajdani Mv. 4.: A v\u00e1ros r\u00e9gi \u00e9p\u00fcletei (N\u00fa., 1995. okt. 14.); Koncz; Kov\u00e1sznai S\u00e1ndor: Carmina exequalia&#8230; (Utrecht, 1782); Kr\u00f3n. F\u00fcz. (1940. 4\/10); Magy. \u00e9p\u00edtett \u00f6r\u00f6ks\u00e9g; M\u00e1th\u00e9 \u00c9va: \u00dajj\u00e1sz\u00fcletik a K\u00f6peczi-Teleki h\u00e1z (K\u00f6zPont, 2008. febr. 18\u201324.) Mv.-Bal\u00e1s; Nagy Iv\u00e1n; Nagy-Bod\u00f3 Tibor: A Telekiek \u0151si f\u00e9szke (K\u00f6zpont, 2016. j\u00fan. 16\u201322.); S\u00e1muel Alad\u00e1r: Bod P\u00e9ter \u00e9lete \u00e9s m\u0171vei (Bp., 1899); Turisztikai kalauz; T\u00fcd\u00f6s S. Kinga 2009; Valori mure\u015fene de patrimoniu.<\/br><\/p>\n","protected":false},"excerpt":{"rendered":"<p>Dromb\u00e1r 1710. szept. 1. (T\u00fcd\u0151s K. szerint: Gernyeszeg, 1710. aug. 14.), \u2020 Gernyeszeg, 1778. \u00e1pr. 1. Gernyeszegen temett\u00e9k el: cs. k. kamar\u00e1s, f\u0151korm\u00e1nysz\u00e9ki tan\u00e1csos, erd\u00e9lyi f\u0151poh\u00e1rnok, a csal\u00e1d gy\u00f6mr\u0151i \u00e1g\u00e1nak megalap\u00edt\u00f3ja. \u2013 T. S\u00e1ndor (1679\u20131754) \u00e9s Bethlen J\u00falia (1686. \u2013 Gernyeszeg, 1722.) fia, T. Mih\u00e1ly unok\u00e1ja, T. S\u00e1muel f\u00e9ltestv\u00e9re. Feles\u00e9ge: r\u00e1dai gr. R\u00e1dai Eszter (\u2020 [&hellip;]<\/p>\n","protected":false},"featured_media":0,"comment_status":"open","ping_status":"closed","template":"","meta":[],"product_brand":[],"product_cat":[137],"product_tag":[],"class_list":{"0":"post-22861","1":"product","2":"type-product","3":"status-publish","5":"product_cat-maros-megyei-eletrajzi-lexikon","7":"first","8":"instock","9":"shipping-taxable","10":"product-type-simple"},"_links":{"self":[{"href":"https:\/\/uj.adatbank.ro\/lexikon\/wp-json\/wp\/v2\/product\/22861","targetHints":{"allow":["GET"]}}],"collection":[{"href":"https:\/\/uj.adatbank.ro\/lexikon\/wp-json\/wp\/v2\/product"}],"about":[{"href":"https:\/\/uj.adatbank.ro\/lexikon\/wp-json\/wp\/v2\/types\/product"}],"replies":[{"embeddable":true,"href":"https:\/\/uj.adatbank.ro\/lexikon\/wp-json\/wp\/v2\/comments?post=22861"}],"wp:attachment":[{"href":"https:\/\/uj.adatbank.ro\/lexikon\/wp-json\/wp\/v2\/media?parent=22861"}],"wp:term":[{"taxonomy":"product_brand","embeddable":true,"href":"https:\/\/uj.adatbank.ro\/lexikon\/wp-json\/wp\/v2\/product_brand?post=22861"},{"taxonomy":"product_cat","embeddable":true,"href":"https:\/\/uj.adatbank.ro\/lexikon\/wp-json\/wp\/v2\/product_cat?post=22861"},{"taxonomy":"product_tag","embeddable":true,"href":"https:\/\/uj.adatbank.ro\/lexikon\/wp-json\/wp\/v2\/product_tag?post=22861"}],"curies":[{"name":"wp","href":"https:\/\/api.w.org\/{rel}","templated":true}]}}

TELEKI László, II., széki gr.

<p>Drombár 1710. szept. 1. (Tüdős K. szerint: Gernyeszeg, 1710. aug. 14.), † Gernyeszeg, 1778. ápr. 1. Gernyeszegen temették el: cs. k. kamarás, főkormányszéki tanácsos, erdélyi főpohárnok, a család gyömrői ágának megalapítója. – T. Sándor (1679–1754) és Bethlen Júlia (1686. – Gernyeszeg, 1722.) fia, T. Mihály unokája, T. Sámuel féltestvére. Felesége: rádai gr. Rádai Eszter († 1764). Gyermekei: József (1738–1796), koronaőr; Eszter Thoroczkay Zsigmondné († 1778); Klára gr. Wartesleben Miklósné. – Mv.-en kezdte tanulmányait (1722–). Az apa és fia közötti ellentét magyarázhatja, hogy nem mehetett külföldre tanulni, ennek ellenére kora művelt főurai között tartották számon. Gernyeszeg örököse, de kevés időtt töltött ott. Fiatal korában Mo.-on élt ott ismerkedett meg és vette feleségül Ráday Esztert, Ráday Pál leányát (Péczel, 1732. jún. 24.), a házasság révén Pest megyei birtokhoz jutott. 11 gyermekük s ezek közül 6 fia született, közülük csak József, a későbbi koronaőr (1738–1796) maradt meg. Cs. kir. kamarás (1741), főkormányszéki tanácsos (1752), ettől kezdve inkább Nagyszebenben élt, v. b. titkos tanácsos (1752–74), Erdély főpohárnoka. 22 évi szolgálat után nyugalomba vonult (1774). A mv.-i Ref. Koll. főgondnoka (1748–). Megvette Mv. legrégibb emeletes házát, a Köpeczi házat (1756), ezt Schmidt Pál építészmester kivitelezésében saját elképzelései alapján barokk stílusban átalakította, emelettel magasíttatta (1764–68). „A” kategóriás műemlék (Revoluţiei / volt Szentgyörgy u., 1. sz.). A ház fia T. József tulajdona lett (1808). Apja halála után ő örökölte a gernyeszegi várat, melynek kastéllyá való átépítését elkezdte. A munkálatokat feltehetően Mayerhoffer András tervei alapján végezték (1772–78). „A” kategóriás műemlék. Saját költségén Gernyeszegen új kriptát (1764), papilakot építetett (1772). Kovásznai Sándor verses halotti búcsúztatót írt róla. Halotti címere a kv.-i Farkas utcai templomban. Levéltára az Erdélyi Múzeumban van. <br /><strong>– Irod.:</strong> Árva Bethlen K.; Bicsok–Orbán; Bíró; Bíró József; Bíró József: A gernyeszegi Teleki kastély (Bp., 1938); Bozac–Pavel; Böjthe Andor: A Görgényi ev. ref. egyházmegye története [kézirat]; Castellum Értesítő (2000, 3. sz.); Deé Nagy Anikó1997; Entz–Kovács; Fekete; Gudenus; K.L. Műv. Tört. tan. 2.; Halotti beszédek; Gróf T.L. levéltára az Erdélyi Nemzeti Múzeumban = Kelemen Lajos 2006; Keresztes Gyula: Köpeczi-Teleki Ház (Nú., 1990. márc. 24.); Keresztes Gyula: A hajdani Mv. 4.: A város régi épületei (Nú., 1995. okt. 14.); Koncz; Kovásznai Sándor: Carmina exequalia&#8230; (Utrecht, 1782); Krón. Füz. (1940. 4/10); Magy. épített örökség; Máthé Éva: Újjászületik a Köpeczi-Teleki ház (KözPont, 2008. febr. 18–24.) Mv.-Balás; Nagy Iván; Nagy-Bodó Tibor: A Telekiek ősi fészke (Központ, 2016. jún. 16–22.); Sámuel Aladár: Bod Péter élete és művei (Bp., 1899); Turisztikai kalauz; Tüdös S. Kinga 2009; Valori mureşene de patrimoniu.</br></p>

<p>Drombár 1710. szept. 1. (Tüdős K. szerint: Gernyeszeg, 1710. aug. 14.), † Gernyeszeg, 1778. ápr. 1. Gernyeszegen temették el: cs. k. kamarás, főkormányszéki tanácsos, erdélyi főpohárnok, a család gyömrői ágának megalapítója. – T. Sándor (1679–1754) és Bethlen Júlia (1686. – Gernyeszeg, 1722.) fia, T. Mihály unokája, T. Sámuel féltestvére. Felesége: rádai gr. Rádai Eszter († [&hellip;]</p>
