{"id":22862,"date":"2025-08-01T17:03:14","date_gmt":"2025-08-01T15:03:14","guid":{"rendered":"https:\/\/uj.adatbank.ro\/lexikon\/termek\/teleki-laszlo-iii-szeki-grof\/"},"modified":"2025-08-01T17:03:14","modified_gmt":"2025-08-01T15:03:14","slug":"teleki-laszlo-iii-szeki-grof","status":"publish","type":"product","link":"https:\/\/uj.adatbank.ro\/lexikon\/termek\/teleki-laszlo-iii-szeki-grof\/","title":{"rendered":"TELEKI L\u00e1szl\u00f3 III., sz\u00e9ki gr\u00f3f"},"content":{"rendered":"<p>Szir\u00e1k, 1764. szept. 3., \u2020 Pest, 1821. m\u00e1rc. 24.: k\u00f6lt\u0151, utaz\u00f3, cs. kir. kam., a h\u00e9tszem\u00e9lyes t\u00e1bla b\u00edr\u00f3ja, \u00edr\u00f3, k\u00f6nyvgy\u0171jt\u0151. \u2013 Teleki J\u00f3zsef (1738\u20131796) \u00e9s kir\u00e1lyfalvi Roth Johanna (1741\u20131814) fia. Feles\u00e9ge: 1.: sz\u00e9ki gr. Teleki M\u00e1ria (\u20201800. aug. 31. temet\u00e9s napja), T. \u00c1d\u00e1m (\u2020 B\u00e9cs, 1800. \u00e1pr. 23) le\u00e1nya. Gyermekeik: \u00c1d\u00e1m cs. kir. husz\u00e1rezredes (1789\u20131851), J\u00f3zsef (1790. okt. 24. \u2013 1855. febr. 15.) erd\u00e9lyorsz\u00e1gi korm\u00e1nyz\u00f3 \u00e9s S\u00e1muel (\u2020.1857). 2. feles\u00e9ge \u00e9s \u00f6zvegye: szoboszlai br. M\u00e9sz\u00e1ros Johanna (1784. \u2013 Pest, 1844. m\u00e1rc. 12., Szir\u00e1kon temett\u00e9k). Fi\u00fak: L\u00e1szl\u00f3, p\u00e1rizsi k\u00f6vet, dr\u00e1ma\u00edr\u00f3 (1811\u20131861), aki \u00f6ngyilkos lett, Auguszta \u2013 Degenfeld-Schonbrun Ott\u00f3n\u00e9 (1813\u20131876). \u2013 Tanulm\u00e1nyait a mv.-i Ref. -ban kezdte, majd mentor\u00e1val, a tud\u00f3s Cornides D\u00e1niellel f\u00e9l \u00e9vet B\u00e9csben t\u00f6lt\u00f6tt, majd G\u00f6tting\u00e1ba ment (1783), ahol m\u00e1sf\u00e9l \u00e9vet szentelt a tudom\u00e1nyoknak. Beutazta N\u00e9met-, Angol-, Franciao.-t, Sv\u00e1jcot, Hollandi\u00e1t \u00e9s v\u00e9g\u00fcl is gazdag ismeretekkel \u00e9s tapasztalatokkal t\u00e9rt haza (1787). A v\u00e1ros r\u00e9gi fogad\u00f3j\u00e1t Schmidt P\u00e1l pall\u00e9rmester kezdte \u00e9p\u00edteni (1785), majd \u00f6nkorm\u00e1nyzati c\u00e9lokra haszn\u00e1lt\u00e1k (1849 ut\u00e1n). A mv.-i ref. koll\u00e9gium f\u0151gondnoka egy\u00fctt Mih\u00e1llyal (1787\u2013), az erd\u00e9lyi f\u0151korm\u00e1nysz\u00e9kn\u00e9l tb. titoknok (1789), kamar\u00e1s (1791) \u00e9s a mv.-i kir. t\u00e1bla b\u00edr\u00e1ja lett (1790\u201394). Id\u0151k\u00f6zben az 1791-iki nevezetes orsz\u00e1ggy\u0171l\u00e9sre M\u00e1ramaros megye k\u00fcld\u00f6tte k\u00f6vetnek \u00e9s a kv.-i ref. koll. v\u00e1lasztotta f\u0151gondnok\u00e1nak. Folytatta testv\u00e9r\u00e9vel J\u00f3zseffel a gernyeszegi kast\u00e9ly \u00e9p\u00edt\u00e9s\u00e9t. Apja hal\u00e1la ut\u00e1n v\u00e9gleg elhagyta Erd\u00e9lyt (1796) \u00e9s a pesti kir. t\u00e1bla b\u00edr\u00f3ja lett (1803), ugyanakkor a dunamell\u00e9ki ref. egyh\u00e1zker\u00fclet f\u0151gondnok\u00e1v\u00e1 v\u00e1lasztotta. Somogy v\u00e1rmegye f\u0151isp\u00e1nhelyettes\u00e9v\u00e9 (1811) \u00e9s a h\u00e9tszem\u00e9lyes T\u00e1bla b\u00edr\u00f3j\u00e1v\u00e1 (1819) nevezte ki a kir\u00e1ly. K\u00f6zhivatali elfoglalts\u00e1ga mellett minden szabad idej\u00e9t a tudom\u00e1nynak szentelte. Atyja k\u00f6nyvt\u00e1r\u00e1nak szorgalmas gyarap\u00edt\u00f3ja volt, melyet hal\u00e1la ut\u00e1n fiai \u00e9s \u00f6zvegye a MTA gyarap\u00edt\u00e1s\u00e1ra aj\u00e1nlottak, ezzel megteremtve a MTA k\u00f6nyvt\u00e1r\u00e1nak az alapj\u00e1t. Azonk\u00edv\u00fcl egy \u0151r fizet\u00e9s\u00e9re alap\u00edtv\u00e1nyt tettek. Meg\u00edrta apja \u00e9letrajz\u00e1t. \u2013  <strong>F. m..:<\/strong> Lebensbeschreibung des Reichsgrafen Joseph Teleki von sz\u00e9k (Siebenb\u00fcrgischer Quartelschift, 1800. 7. sz.); Sz\u00e9ki gr. Teleki J\u00f3zsef k\u00e9pe (Pest, 1819). <br \/><strong>\u2013 Irod.:<\/strong> Albiz\u00e1l\u00e1s; Castellum \u00c9rtes\u00edt\u0151 (2000, 3. sz.); Entz\u2013Kov\u00e1cs; Fekete; Ferenczi Zolt\u00e1n: A kv.-i sz\u00edn\u00e9szet \u00e9s sz\u00ednh\u00e1z t\u00f6rt\u00e9nete (Kv., 1897); Gergely P\u00e1l: Sz\u00e9kely vil\u00e1gj\u00e1r\u00f3k (Bp., 1940); Gudenus; Jak\u00f3 1976; Kem\u00e9ny Zs.; Koncz; Kr\u00f3n. F\u00fcz. (1939. 4\/9); Lev\u00e9lt\u00e1ri gy\u00e1szj.; Mv.-Bal\u00e1s; Nagy Iv\u00e1n.<\/br><\/p>\n","protected":false},"excerpt":{"rendered":"<p>Szir\u00e1k, 1764. szept. 3., \u2020 Pest, 1821. m\u00e1rc. 24.: k\u00f6lt\u0151, utaz\u00f3, cs. kir. kam., a h\u00e9tszem\u00e9lyes t\u00e1bla b\u00edr\u00f3ja, \u00edr\u00f3, k\u00f6nyvgy\u0171jt\u0151. \u2013 Teleki J\u00f3zsef (1738\u20131796) \u00e9s kir\u00e1lyfalvi Roth Johanna (1741\u20131814) fia. Feles\u00e9ge: 1.: sz\u00e9ki gr. Teleki M\u00e1ria (\u20201800. aug. 31. temet\u00e9s napja), T. \u00c1d\u00e1m (\u2020 B\u00e9cs, 1800. \u00e1pr. 23) le\u00e1nya. Gyermekeik: \u00c1d\u00e1m cs. kir. husz\u00e1rezredes (1789\u20131851), [&hellip;]<\/p>\n","protected":false},"featured_media":0,"comment_status":"open","ping_status":"closed","template":"","meta":[],"product_brand":[],"product_cat":[137],"product_tag":[],"class_list":{"0":"post-22862","1":"product","2":"type-product","3":"status-publish","5":"product_cat-maros-megyei-eletrajzi-lexikon","7":"first","8":"instock","9":"shipping-taxable","10":"product-type-simple"},"_links":{"self":[{"href":"https:\/\/uj.adatbank.ro\/lexikon\/wp-json\/wp\/v2\/product\/22862","targetHints":{"allow":["GET"]}}],"collection":[{"href":"https:\/\/uj.adatbank.ro\/lexikon\/wp-json\/wp\/v2\/product"}],"about":[{"href":"https:\/\/uj.adatbank.ro\/lexikon\/wp-json\/wp\/v2\/types\/product"}],"replies":[{"embeddable":true,"href":"https:\/\/uj.adatbank.ro\/lexikon\/wp-json\/wp\/v2\/comments?post=22862"}],"wp:attachment":[{"href":"https:\/\/uj.adatbank.ro\/lexikon\/wp-json\/wp\/v2\/media?parent=22862"}],"wp:term":[{"taxonomy":"product_brand","embeddable":true,"href":"https:\/\/uj.adatbank.ro\/lexikon\/wp-json\/wp\/v2\/product_brand?post=22862"},{"taxonomy":"product_cat","embeddable":true,"href":"https:\/\/uj.adatbank.ro\/lexikon\/wp-json\/wp\/v2\/product_cat?post=22862"},{"taxonomy":"product_tag","embeddable":true,"href":"https:\/\/uj.adatbank.ro\/lexikon\/wp-json\/wp\/v2\/product_tag?post=22862"}],"curies":[{"name":"wp","href":"https:\/\/api.w.org\/{rel}","templated":true}]}}

TELEKI László III., széki gróf

<p>Szirák, 1764. szept. 3., † Pest, 1821. márc. 24.: költő, utazó, cs. kir. kam., a hétszemélyes tábla bírója, író, könyvgyűjtő. – Teleki József (1738–1796) és királyfalvi Roth Johanna (1741–1814) fia. Felesége: 1.: széki gr. Teleki Mária (†1800. aug. 31. temetés napja), T. Ádám († Bécs, 1800. ápr. 23) leánya. Gyermekeik: Ádám cs. kir. huszárezredes (1789–1851), József (1790. okt. 24. – 1855. febr. 15.) erdélyországi kormányzó és Sámuel (†.1857). 2. felesége és özvegye: szoboszlai br. Mészáros Johanna (1784. – Pest, 1844. márc. 12., Szirákon temették). Fiúk: László, párizsi követ, drámaíró (1811–1861), aki öngyilkos lett, Auguszta – Degenfeld-Schonbrun Ottóné (1813–1876). – Tanulmányait a mv.-i Ref. -ban kezdte, majd mentorával, a tudós Cornides Dániellel fél évet Bécsben töltött, majd Göttingába ment (1783), ahol másfél évet szentelt a tudományoknak. Beutazta Német-, Angol-, Franciao.-t, Svájcot, Hollandiát és végül is gazdag ismeretekkel és tapasztalatokkal tért haza (1787). A város régi fogadóját Schmidt Pál pallérmester kezdte építeni (1785), majd önkormányzati célokra használták (1849 után). A mv.-i ref. kollégium főgondnoka együtt Mihállyal (1787–), az erdélyi főkormányszéknél tb. titoknok (1789), kamarás (1791) és a mv.-i kir. tábla bírája lett (1790–94). Időközben az 1791-iki nevezetes országgyűlésre Máramaros megye küldötte követnek és a kv.-i ref. koll. választotta főgondnokának. Folytatta testvérével Józseffel a gernyeszegi kastély építését. Apja halála után végleg elhagyta Erdélyt (1796) és a pesti kir. tábla bírója lett (1803), ugyanakkor a dunamelléki ref. egyházkerület főgondnokává választotta. Somogy vármegye főispánhelyettesévé (1811) és a hétszemélyes Tábla bírójává (1819) nevezte ki a király. Közhivatali elfoglaltsága mellett minden szabad idejét a tudománynak szentelte. Atyja könyvtárának szorgalmas gyarapítója volt, melyet halála után fiai és özvegye a MTA gyarapítására ajánlottak, ezzel megteremtve a MTA könyvtárának az alapját. Azonkívül egy őr fizetésére alapítványt tettek. Megírta apja életrajzát. –  <strong>F. m..:</strong> Lebensbeschreibung des Reichsgrafen Joseph Teleki von szék (Siebenbürgischer Quartelschift, 1800. 7. sz.); Széki gr. Teleki József képe (Pest, 1819). <br /><strong>– Irod.:</strong> Albizálás; Castellum Értesítő (2000, 3. sz.); Entz–Kovács; Fekete; Ferenczi Zoltán: A kv.-i színészet és színház története (Kv., 1897); Gergely Pál: Székely világjárók (Bp., 1940); Gudenus; Jakó 1976; Kemény Zs.; Koncz; Krón. Füz. (1939. 4/9); Levéltári gyászj.; Mv.-Balás; Nagy Iván.</br></p>

<p>Szirák, 1764. szept. 3., † Pest, 1821. márc. 24.: költő, utazó, cs. kir. kam., a hétszemélyes tábla bírója, író, könyvgyűjtő. – Teleki József (1738–1796) és királyfalvi Roth Johanna (1741–1814) fia. Felesége: 1.: széki gr. Teleki Mária (†1800. aug. 31. temetés napja), T. Ádám († Bécs, 1800. ápr. 23) leánya. Gyermekeik: Ádám cs. kir. huszárezredes (1789–1851), [&hellip;]</p>
