{"id":22863,"date":"2025-08-01T17:03:16","date_gmt":"2025-08-01T15:03:16","guid":{"rendered":"https:\/\/uj.adatbank.ro\/lexikon\/termek\/teleki-laszlo-%c2%a7-iv-szeki-gr\/"},"modified":"2025-08-01T17:03:16","modified_gmt":"2025-08-01T15:03:16","slug":"teleki-laszlo-%c2%a7-iv-szeki-gr","status":"publish","type":"product","link":"https:\/\/uj.adatbank.ro\/lexikon\/termek\/teleki-laszlo-%c2%a7-iv-szeki-gr\/","title":{"rendered":"TELEKI L\u00e1szl\u00f3, \u00a7 IV, sz\u00e9ki gr."},"content":{"rendered":"<p>1811. febr., \u2020 Bp., 1861.: szabadelv\u0171 ellenz\u00e9ki politikus, p\u00e1rizsi k\u00f6vet, dr\u00e1ma\u00edr\u00f3. \u2013 A reformogy.-en az ellenz\u00e9k egyik vez\u00e9rsz\u00f3noka. Az 1848\u201349-es forradalom alatt Kossuth p\u00e1rizsi k\u00f6vete. Az emigr\u00e1ci\u00f3 egyik vez\u00e9regy\u00e9nis\u00e9ge. Kossuthtal \u00e9s Klapk\u00e1val megalap\u00edtott\u00e1k a Magyar Nemzeti Igazgat\u00f3s\u00e1got (1859). Osztr\u00e1k k\u00e9zre jutott (1860), de cs\u00e1sz\u00e1ri kegyelemmel szabadult mert meg\u00edg\u00e9rte, hogy nem fog Habsburg-ellenes politik\u00e1t folytatni. K\u00e9s\u0151bb Mo.-on akt\u00edv politikai szerepet j\u00e1tszott, a hat\u00e1rozati p\u00e1rt vezet\u0151je lett. Az ogy.-i vita el\u0151est\u00e9j\u00e9n \u00f6ngyilkos lett. Kegyenc c. dr\u00e1m\u00e1j\u00e1t Illy\u00e9s Gyula dolgozta \u00e1t. Gr. Toldalagi Mih\u00e1ly, Marossz\u00e9k ideiglenes f\u0151tisztj\u00e9nek a mv.-i gy\u00e1sz\u00fcnnep\u00e9re megh\u00edvta az elhunyt tisztel\u0151it. <br \/><strong>\u2013 Irod.:<\/strong> Castellum \u00c9rtes\u00edt\u0151 (2000, 3. sz.); A \u201ebolond\u201d. Teleki L\u00e1szl\u00f3, a Duna-konf\u00f6der\u00e1ci\u00f3 els\u0151 h\u00edv\u0151je = F\u00e9ja; Nagy Mikl\u00f3s Kund: Eml\u00e9k \u00e9s rejt\u00e9ly marad? (N\u00fa., 1991. febr. 26.); Paget.<\/br><\/p>\n","protected":false},"excerpt":{"rendered":"<p>1811. febr., \u2020 Bp., 1861.: szabadelv\u0171 ellenz\u00e9ki politikus, p\u00e1rizsi k\u00f6vet, dr\u00e1ma\u00edr\u00f3. \u2013 A reformogy.-en az ellenz\u00e9k egyik vez\u00e9rsz\u00f3noka. Az 1848\u201349-es forradalom alatt Kossuth p\u00e1rizsi k\u00f6vete. Az emigr\u00e1ci\u00f3 egyik vez\u00e9regy\u00e9nis\u00e9ge. Kossuthtal \u00e9s Klapk\u00e1val megalap\u00edtott\u00e1k a Magyar Nemzeti Igazgat\u00f3s\u00e1got (1859). Osztr\u00e1k k\u00e9zre jutott (1860), de cs\u00e1sz\u00e1ri kegyelemmel szabadult mert meg\u00edg\u00e9rte, hogy nem fog Habsburg-ellenes politik\u00e1t folytatni. K\u00e9s\u0151bb [&hellip;]<\/p>\n","protected":false},"featured_media":0,"comment_status":"open","ping_status":"closed","template":"","meta":[],"product_brand":[],"product_cat":[137],"product_tag":[],"class_list":{"0":"post-22863","1":"product","2":"type-product","3":"status-publish","5":"product_cat-maros-megyei-eletrajzi-lexikon","7":"first","8":"instock","9":"shipping-taxable","10":"product-type-simple"},"_links":{"self":[{"href":"https:\/\/uj.adatbank.ro\/lexikon\/wp-json\/wp\/v2\/product\/22863","targetHints":{"allow":["GET"]}}],"collection":[{"href":"https:\/\/uj.adatbank.ro\/lexikon\/wp-json\/wp\/v2\/product"}],"about":[{"href":"https:\/\/uj.adatbank.ro\/lexikon\/wp-json\/wp\/v2\/types\/product"}],"replies":[{"embeddable":true,"href":"https:\/\/uj.adatbank.ro\/lexikon\/wp-json\/wp\/v2\/comments?post=22863"}],"wp:attachment":[{"href":"https:\/\/uj.adatbank.ro\/lexikon\/wp-json\/wp\/v2\/media?parent=22863"}],"wp:term":[{"taxonomy":"product_brand","embeddable":true,"href":"https:\/\/uj.adatbank.ro\/lexikon\/wp-json\/wp\/v2\/product_brand?post=22863"},{"taxonomy":"product_cat","embeddable":true,"href":"https:\/\/uj.adatbank.ro\/lexikon\/wp-json\/wp\/v2\/product_cat?post=22863"},{"taxonomy":"product_tag","embeddable":true,"href":"https:\/\/uj.adatbank.ro\/lexikon\/wp-json\/wp\/v2\/product_tag?post=22863"}],"curies":[{"name":"wp","href":"https:\/\/api.w.org\/{rel}","templated":true}]}}

TELEKI László, § IV, széki gr.

<p>1811. febr., † Bp., 1861.: szabadelvű ellenzéki politikus, párizsi követ, drámaíró. – A reformogy.-en az ellenzék egyik vezérszónoka. Az 1848–49-es forradalom alatt Kossuth párizsi követe. Az emigráció egyik vezéregyénisége. Kossuthtal és Klapkával megalapították a Magyar Nemzeti Igazgatóságot (1859). Osztrák kézre jutott (1860), de császári kegyelemmel szabadult mert megígérte, hogy nem fog Habsburg-ellenes politikát folytatni. Később Mo.-on aktív politikai szerepet játszott, a határozati párt vezetője lett. Az ogy.-i vita előestéjén öngyilkos lett. Kegyenc c. drámáját Illyés Gyula dolgozta át. Gr. Toldalagi Mihály, Marosszék ideiglenes főtisztjének a mv.-i gyászünnepére meghívta az elhunyt tisztelőit. <br /><strong>– Irod.:</strong> Castellum Értesítő (2000, 3. sz.); A „bolond”. Teleki László, a Duna-konföderáció első hívője = Féja; Nagy Miklós Kund: Emlék és rejtély marad? (Nú., 1991. febr. 26.); Paget.</br></p>

<p>1811. febr., † Bp., 1861.: szabadelvű ellenzéki politikus, párizsi követ, drámaíró. – A reformogy.-en az ellenzék egyik vezérszónoka. Az 1848–49-es forradalom alatt Kossuth párizsi követe. Az emigráció egyik vezéregyénisége. Kossuthtal és Klapkával megalapították a Magyar Nemzeti Igazgatóságot (1859). Osztrák kézre jutott (1860), de császári kegyelemmel szabadult mert megígérte, hogy nem fog Habsburg-ellenes politikát folytatni. Később [&hellip;]</p>
