{"id":22864,"date":"2025-08-01T17:03:19","date_gmt":"2025-08-01T15:03:19","guid":{"rendered":"https:\/\/uj.adatbank.ro\/lexikon\/termek\/teleki-laszlo-szeki-gr\/"},"modified":"2025-08-01T17:03:19","modified_gmt":"2025-08-01T15:03:19","slug":"teleki-laszlo-szeki-gr","status":"publish","type":"product","link":"https:\/\/uj.adatbank.ro\/lexikon\/termek\/teleki-laszlo-szeki-gr\/","title":{"rendered":"TELEKI L\u00e1szl\u00f3, sz\u00e9ki gr."},"content":{"rendered":"<p>? \u2020 1942. szept.: f\u00f6ldbirtokos. \u2013 Az \u00e1llam birtokokat v\u00e1s\u00e1rolt t\u0151le, T. S\u00e1ndort\u00f3l \u00e9s Blank\u00e1t\u00f3l, Nagys\u00e1rm\u00e1s \u00e9s Tuson k\u00f6zs\u00e9gekben (1893\u201394), azzal a c\u00e9llal, hogy az orsz\u00e1gb\u00f3l elsz\u00e1rmazott sz\u00e9kelyek vissza-telep\u00fclhessenek. Az EMGE \u00fcgyvezet\u0151 aleln\u00f6ke (1941\u2013ig). <br \/><strong>\u2013 Irod.:<\/strong> Sz\u00e1sz Istv\u00e1n Tas: Pillant\u00e1s az Erd\u00e9lyi Magyar Gazdas\u00e1gi Egyes\u00fclet utols\u00f3 \u00e9veire (Korunk, 2012, 11. sz.); Szekeres Ad\u00e9l: A marosludasi Bels\u0151-telep r\u00f6vid t\u00f6rt\u00e9nete (N\u00fa., 1998. jan. 13.).<\/br><\/p>\n","protected":false},"excerpt":{"rendered":"<p>? \u2020 1942. szept.: f\u00f6ldbirtokos. \u2013 Az \u00e1llam birtokokat v\u00e1s\u00e1rolt t\u0151le, T. S\u00e1ndort\u00f3l \u00e9s Blank\u00e1t\u00f3l, Nagys\u00e1rm\u00e1s \u00e9s Tuson k\u00f6zs\u00e9gekben (1893\u201394), azzal a c\u00e9llal, hogy az orsz\u00e1gb\u00f3l elsz\u00e1rmazott sz\u00e9kelyek vissza-telep\u00fclhessenek. Az EMGE \u00fcgyvezet\u0151 aleln\u00f6ke (1941\u2013ig). \u2013 Irod.: Sz\u00e1sz Istv\u00e1n Tas: Pillant\u00e1s az Erd\u00e9lyi Magyar Gazdas\u00e1gi Egyes\u00fclet utols\u00f3 \u00e9veire (Korunk, 2012, 11. sz.); Szekeres Ad\u00e9l: A marosludasi [&hellip;]<\/p>\n","protected":false},"featured_media":0,"comment_status":"open","ping_status":"closed","template":"","meta":[],"product_brand":[],"product_cat":[137],"product_tag":[],"class_list":{"0":"post-22864","1":"product","2":"type-product","3":"status-publish","5":"product_cat-maros-megyei-eletrajzi-lexikon","7":"first","8":"instock","9":"shipping-taxable","10":"product-type-simple"},"_links":{"self":[{"href":"https:\/\/uj.adatbank.ro\/lexikon\/wp-json\/wp\/v2\/product\/22864","targetHints":{"allow":["GET"]}}],"collection":[{"href":"https:\/\/uj.adatbank.ro\/lexikon\/wp-json\/wp\/v2\/product"}],"about":[{"href":"https:\/\/uj.adatbank.ro\/lexikon\/wp-json\/wp\/v2\/types\/product"}],"replies":[{"embeddable":true,"href":"https:\/\/uj.adatbank.ro\/lexikon\/wp-json\/wp\/v2\/comments?post=22864"}],"wp:attachment":[{"href":"https:\/\/uj.adatbank.ro\/lexikon\/wp-json\/wp\/v2\/media?parent=22864"}],"wp:term":[{"taxonomy":"product_brand","embeddable":true,"href":"https:\/\/uj.adatbank.ro\/lexikon\/wp-json\/wp\/v2\/product_brand?post=22864"},{"taxonomy":"product_cat","embeddable":true,"href":"https:\/\/uj.adatbank.ro\/lexikon\/wp-json\/wp\/v2\/product_cat?post=22864"},{"taxonomy":"product_tag","embeddable":true,"href":"https:\/\/uj.adatbank.ro\/lexikon\/wp-json\/wp\/v2\/product_tag?post=22864"}],"curies":[{"name":"wp","href":"https:\/\/api.w.org\/{rel}","templated":true}]}}

TELEKI László, széki gr.

<p>? † 1942. szept.: földbirtokos. – Az állam birtokokat vásárolt tőle, T. Sándortól és Blankától, Nagysármás és Tuson községekben (1893–94), azzal a céllal, hogy az országból elszármazott székelyek vissza-települhessenek. Az EMGE ügyvezető alelnöke (1941–ig). <br /><strong>– Irod.:</strong> Szász István Tas: Pillantás az Erdélyi Magyar Gazdasági Egyesület utolsó éveire (Korunk, 2012, 11. sz.); Szekeres Adél: A marosludasi Belső-telep rövid története (Nú., 1998. jan. 13.).</br></p>

<p>? † 1942. szept.: földbirtokos. – Az állam birtokokat vásárolt tőle, T. Sándortól és Blankától, Nagysármás és Tuson községekben (1893–94), azzal a céllal, hogy az országból elszármazott székelyek vissza-települhessenek. Az EMGE ügyvezető alelnöke (1941–ig). – Irod.: Szász István Tas: Pillantás az Erdélyi Magyar Gazdasági Egyesület utolsó éveire (Korunk, 2012, 11. sz.); Szekeres Adél: A marosludasi [&hellip;]</p>
