{"id":22874,"date":"2025-08-01T17:03:43","date_gmt":"2025-08-01T15:03:43","guid":{"rendered":"https:\/\/uj.adatbank.ro\/lexikon\/termek\/teleki-mihaly-mihok-iii-ifj-szeki-gr\/"},"modified":"2025-08-01T17:03:43","modified_gmt":"2025-08-01T15:03:43","slug":"teleki-mihaly-mihok-iii-ifj-szeki-gr","status":"publish","type":"product","link":"https:\/\/uj.adatbank.ro\/lexikon\/termek\/teleki-mihaly-mihok-iii-ifj-szeki-gr\/","title":{"rendered":"TELEKI Mih\u00e1ly, Mihok, III, ifj. sz\u00e9ki gr."},"content":{"rendered":"<p>Sorost\u00e9ly, 1671. jan. 15., \u2020 1720.: f\u0151nemes, f\u0151isp\u00e1n, k\u0151v\u00e1ri kapit\u00e1ny, szen\u00e1tor, II. R\u00e1k\u00f3czi Ferenc t\u00e1bornoka, napl\u00f3\u00edr\u00f3. \u2013 T. Mih\u00e1ly (1634\u20131690) \u00e9s Ve\u00e9r Judit legid\u0151sebb fia. Feles\u00e9ge a Toroczkay Katalin (\u20201723\u2013). Gyermekei: J\u00e1nos (1697\u20131722) k\u00f6vette \u0151t K\u0151v\u00e1r vid\u00e9ki tiszt\u00e9ben, \u0151 t\u00e9rt vissza a reform\u00e1tus hitr\u0151l a katolikusra \u2013 tal\u00e1n feles\u00e9ge, Vay Borb\u00e1la hat\u00e1s\u00e1ra. Az \u0151 lesz\u00e1rmazottai a csal\u00e1d paszmosi, kendil\u00f3nai \u00e9s hossz\u00fafalusi \u00e1ga (Teleki Blanka, Teleki S\u00e1ndor, Teleki P\u00e1l), Anna, Borb\u00e1la, Mih\u00e1ly (1700\u20131745), S\u00e1muel (1710\u20131783). \u2013 A katonai p\u00e1ly\u00e1t v\u00e1lasztotta, K\u0151v\u00e1rvid\u00e9k f\u0151kapit\u00e1nya (1692\u2013). Csatlakozott a kurucokhoz. Mv.-en sereg\u00e9vel hosszabb id\u0151t tart\u00f3zkodott (1704), elfoglalta a mv.-i v\u00e1rat, lefegyverezve a n\u00e9met \u0151rs\u00e9get elfogta Falkenheim hadbiztos f\u0151str\u00e1zsamestert. Ezut\u00e1n a kuruc fejedelem t\u00e1bornoka lett, majd f\u0151\u00e1rend\u00e1tora, \u00e9s megb\u00edzta a fisk\u00e1lis javak sz\u00e1mbav\u00e9tel\u00e9vel, a kincst\u00e1ri hivatal fel\u00fcgyelet\u00e9vel. Kolozs vm. f\u0151isp\u00e1nja, erd\u00e9lyi szen\u00e1tor (1707\u2013); a rendek k\u00fcld\u00f6tts\u00e9g\u00e9nek tagjak\u00e9nt \u00fcdv\u00f6z\u00f6lte II. R\u00e1k\u00f3czi Ferencet, aki Mv.-re tartott a rendi gy\u0171l\u00e9sre (1707. m\u00e1rc. 27.). Portai k\u00f6vet, az szatm\u00e1ri b\u00e9ke al\u00e1\u00edr\u00f3ja (1711). Visszat\u00e9rt a cs\u00e1sz\u00e1r h\u0171s\u00e9g\u00e9re (1711\u2013), a k\u0151v\u00e1ri ker\u00fclet f\u0151kapit\u00e1nya (1713\u2013). Napl\u00f3t vezetett (1690\u20131720) amely a kuruc mozgalom t\u00f6rt\u00e9net\u00e9nek fontos forr\u00e1sa. Az erd\u00e9lyi ref. egyh\u00e1z f\u0151kur\u00e1tora. Jeleskedett a m\u0171ford\u00edt\u00e1sban: Adam Veber Fejedelmi l\u00e9lek c\u00edm\u0171 m\u0171v\u00e9t \u00fcltette \u00e1t magyarra, s ford\u00edt\u00e1s\u00e1t saj\u00e1t fejedelm\u00e9nek, Apafi-nak aj\u00e1nlotta. Napl\u00f3j\u00e1t a Teleki T\u00e9ka \u0151rzi. <br \/><strong>\u2013 Irod.:<\/strong> B\u00f6jthe Andor; De\u00e9 Nagy Anik\u00f3 1997; Gudenus; Id\u0151t\u00e1r 1; Kiss Istv\u00e1n: II. R\u00e1k\u00f3czi Ferenc erd\u00e9lyi fejedelemm\u00e9 v\u00e1laszt\u00e1sa (Bp., 1906); M\u00e1rki S\u00e1ndor: II. R\u00e1k\u00f3czi Ferenc (Bp., 1907\u201310); MIIB; MNL; Nagy Iv\u00e1n; P\u00e1l-Antal 2009; P\u00e1pai P\u00e1riz; R\u00e1k\u00f3czi t\u00e1r (Pest, 1866\u201368); S\u00e1romberke, 1319\u20131994 (S\u00e1romberke, 1994); Teleki Mih\u00e1ly udvartart\u00e1si napl\u00f3ja (1673\u20131681), Kv., 2007.<\/br><\/p>\n","protected":false},"excerpt":{"rendered":"<p>Sorost\u00e9ly, 1671. jan. 15., \u2020 1720.: f\u0151nemes, f\u0151isp\u00e1n, k\u0151v\u00e1ri kapit\u00e1ny, szen\u00e1tor, II. R\u00e1k\u00f3czi Ferenc t\u00e1bornoka, napl\u00f3\u00edr\u00f3. \u2013 T. Mih\u00e1ly (1634\u20131690) \u00e9s Ve\u00e9r Judit legid\u0151sebb fia. Feles\u00e9ge a Toroczkay Katalin (\u20201723\u2013). Gyermekei: J\u00e1nos (1697\u20131722) k\u00f6vette \u0151t K\u0151v\u00e1r vid\u00e9ki tiszt\u00e9ben, \u0151 t\u00e9rt vissza a reform\u00e1tus hitr\u0151l a katolikusra \u2013 tal\u00e1n feles\u00e9ge, Vay Borb\u00e1la hat\u00e1s\u00e1ra. Az \u0151 lesz\u00e1rmazottai [&hellip;]<\/p>\n","protected":false},"featured_media":0,"comment_status":"open","ping_status":"closed","template":"","meta":[],"product_brand":[],"product_cat":[137],"product_tag":[],"class_list":{"0":"post-22874","1":"product","2":"type-product","3":"status-publish","5":"product_cat-maros-megyei-eletrajzi-lexikon","7":"first","8":"instock","9":"shipping-taxable","10":"product-type-simple"},"_links":{"self":[{"href":"https:\/\/uj.adatbank.ro\/lexikon\/wp-json\/wp\/v2\/product\/22874","targetHints":{"allow":["GET"]}}],"collection":[{"href":"https:\/\/uj.adatbank.ro\/lexikon\/wp-json\/wp\/v2\/product"}],"about":[{"href":"https:\/\/uj.adatbank.ro\/lexikon\/wp-json\/wp\/v2\/types\/product"}],"replies":[{"embeddable":true,"href":"https:\/\/uj.adatbank.ro\/lexikon\/wp-json\/wp\/v2\/comments?post=22874"}],"wp:attachment":[{"href":"https:\/\/uj.adatbank.ro\/lexikon\/wp-json\/wp\/v2\/media?parent=22874"}],"wp:term":[{"taxonomy":"product_brand","embeddable":true,"href":"https:\/\/uj.adatbank.ro\/lexikon\/wp-json\/wp\/v2\/product_brand?post=22874"},{"taxonomy":"product_cat","embeddable":true,"href":"https:\/\/uj.adatbank.ro\/lexikon\/wp-json\/wp\/v2\/product_cat?post=22874"},{"taxonomy":"product_tag","embeddable":true,"href":"https:\/\/uj.adatbank.ro\/lexikon\/wp-json\/wp\/v2\/product_tag?post=22874"}],"curies":[{"name":"wp","href":"https:\/\/api.w.org\/{rel}","templated":true}]}}

TELEKI Mihály, Mihok, III, ifj. széki gr.

<p>Sorostély, 1671. jan. 15., † 1720.: főnemes, főispán, kővári kapitány, szenátor, II. Rákóczi Ferenc tábornoka, naplóíró. – T. Mihály (1634–1690) és Veér Judit legidősebb fia. Felesége a Toroczkay Katalin (†1723–). Gyermekei: János (1697–1722) követte őt Kővár vidéki tisztében, ő tért vissza a református hitről a katolikusra – talán felesége, Vay Borbála hatására. Az ő leszármazottai a család paszmosi, kendilónai és hosszúfalusi ága (Teleki Blanka, Teleki Sándor, Teleki Pál), Anna, Borbála, Mihály (1700–1745), Sámuel (1710–1783). – A katonai pályát választotta, Kővárvidék főkapitánya (1692–). Csatlakozott a kurucokhoz. Mv.-en seregével hosszabb időt tartózkodott (1704), elfoglalta a mv.-i várat, lefegyverezve a német őrséget elfogta Falkenheim hadbiztos főstrázsamestert. Ezután a kuruc fejedelem tábornoka lett, majd főárendátora, és megbízta a fiskális javak számbavételével, a kincstári hivatal felügyeletével. Kolozs vm. főispánja, erdélyi szenátor (1707–); a rendek küldöttségének tagjaként üdvözölte II. Rákóczi Ferencet, aki Mv.-re tartott a rendi gyűlésre (1707. márc. 27.). Portai követ, az szatmári béke aláírója (1711). Visszatért a császár hűségére (1711–), a kővári kerület főkapitánya (1713–). Naplót vezetett (1690–1720) amely a kuruc mozgalom történetének fontos forrása. Az erdélyi ref. egyház főkurátora. Jeleskedett a műfordításban: Adam Veber Fejedelmi lélek című művét ültette át magyarra, s fordítását saját fejedelmének, Apafi-nak ajánlotta. Naplóját a Teleki Téka őrzi. <br /><strong>– Irod.:</strong> Böjthe Andor; Deé Nagy Anikó 1997; Gudenus; Időtár 1; Kiss István: II. Rákóczi Ferenc erdélyi fejedelemmé választása (Bp., 1906); Márki Sándor: II. Rákóczi Ferenc (Bp., 1907–10); MIIB; MNL; Nagy Iván; Pál-Antal 2009; Pápai Páriz; Rákóczi tár (Pest, 1866–68); Sáromberke, 1319–1994 (Sáromberke, 1994); Teleki Mihály udvartartási naplója (1673–1681), Kv., 2007.</br></p>

<p>Sorostély, 1671. jan. 15., † 1720.: főnemes, főispán, kővári kapitány, szenátor, II. Rákóczi Ferenc tábornoka, naplóíró. – T. Mihály (1634–1690) és Veér Judit legidősebb fia. Felesége a Toroczkay Katalin (†1723–). Gyermekei: János (1697–1722) követte őt Kővár vidéki tisztében, ő tért vissza a református hitről a katolikusra – talán felesége, Vay Borbála hatására. Az ő leszármazottai [&hellip;]</p>
