{"id":22875,"date":"2025-08-01T17:03:45","date_gmt":"2025-08-01T15:03:45","guid":{"rendered":"https:\/\/uj.adatbank.ro\/lexikon\/termek\/teleki-mihaly-szeki-gr\/"},"modified":"2025-08-01T17:03:45","modified_gmt":"2025-08-01T15:03:45","slug":"teleki-mihaly-szeki-gr","status":"publish","type":"product","link":"https:\/\/uj.adatbank.ro\/lexikon\/termek\/teleki-mihaly-szeki-gr\/","title":{"rendered":"TELEKI Mih\u00e1ly, sz\u00e9ki gr."},"content":{"rendered":"<p>1700. szept. 6., \u2020 Olth\u00e9v\u00edz, 1745. szept. 10.: erd\u00e9lyi f\u0151korm\u00e1nysz\u00e9ki tan\u00e1csos. \u2013 T. Mih\u00e1ly (1671\u20131720) \u00e9s Toroczkay Katalinnak (?\u20131723) fia, Teleki Mih\u00e1lynak (1634\u20131690), unok\u00e1ja. Feles\u00e9ge: bethleni gr. Bethlen Mikl\u00f3s (1642\u20131716) le\u00e1nya, Bethlen Kl\u00e1ra (1702\u20131755. nov. 2.), (h\u00e1zass\u00e1g 1721. aug. 5.). Fi\u00fak: T. J\u00f3zsef (\u20201817.) \u2013 Kv.-on tanult. Az 1736-os nagyszebeni ogy. tagja; cs. kir. kamar\u00e1s \u00e9s f\u0151korm\u00e1nysz\u00e9ki tan\u00e1csos. R\u00e9szt vett a b\u00e9csi k\u00fcld\u00f6tts\u00e9gben (1741). Az orsz\u00e1gos f\u0151sz\u00e1mvev\u0151s\u00e9g eln\u00f6ke (1742\u2013). \u2013  <strong>F. m..:<\/strong> Exercitatio theologica de bonorum operum necessitate. (Kv., 1718.); Dissertatio philosophica de unione mentis cum corpore, quam \u2026 in Coll. Claudiopolitano \u2026 publico exposuit examini \u2026 (Kv., 1718.); Compendium Cronicae Transylvaniae. (Kv., 1731). <br \/><strong>\u2013 Irod.:<\/strong> Halotti besz\u00e9dek; P\u00e1pai P\u00e1riz Ferenc: Album amicorum; Pesty 2014.<\/br><\/p>\n","protected":false},"excerpt":{"rendered":"<p>1700. szept. 6., \u2020 Olth\u00e9v\u00edz, 1745. szept. 10.: erd\u00e9lyi f\u0151korm\u00e1nysz\u00e9ki tan\u00e1csos. \u2013 T. Mih\u00e1ly (1671\u20131720) \u00e9s Toroczkay Katalinnak (?\u20131723) fia, Teleki Mih\u00e1lynak (1634\u20131690), unok\u00e1ja. Feles\u00e9ge: bethleni gr. Bethlen Mikl\u00f3s (1642\u20131716) le\u00e1nya, Bethlen Kl\u00e1ra (1702\u20131755. nov. 2.), (h\u00e1zass\u00e1g 1721. aug. 5.). Fi\u00fak: T. J\u00f3zsef (\u20201817.) \u2013 Kv.-on tanult. Az 1736-os nagyszebeni ogy. tagja; cs. kir. kamar\u00e1s [&hellip;]<\/p>\n","protected":false},"featured_media":0,"comment_status":"open","ping_status":"closed","template":"","meta":[],"product_brand":[],"product_cat":[137],"product_tag":[],"class_list":{"0":"post-22875","1":"product","2":"type-product","3":"status-publish","5":"product_cat-maros-megyei-eletrajzi-lexikon","7":"first","8":"instock","9":"shipping-taxable","10":"product-type-simple"},"_links":{"self":[{"href":"https:\/\/uj.adatbank.ro\/lexikon\/wp-json\/wp\/v2\/product\/22875","targetHints":{"allow":["GET"]}}],"collection":[{"href":"https:\/\/uj.adatbank.ro\/lexikon\/wp-json\/wp\/v2\/product"}],"about":[{"href":"https:\/\/uj.adatbank.ro\/lexikon\/wp-json\/wp\/v2\/types\/product"}],"replies":[{"embeddable":true,"href":"https:\/\/uj.adatbank.ro\/lexikon\/wp-json\/wp\/v2\/comments?post=22875"}],"wp:attachment":[{"href":"https:\/\/uj.adatbank.ro\/lexikon\/wp-json\/wp\/v2\/media?parent=22875"}],"wp:term":[{"taxonomy":"product_brand","embeddable":true,"href":"https:\/\/uj.adatbank.ro\/lexikon\/wp-json\/wp\/v2\/product_brand?post=22875"},{"taxonomy":"product_cat","embeddable":true,"href":"https:\/\/uj.adatbank.ro\/lexikon\/wp-json\/wp\/v2\/product_cat?post=22875"},{"taxonomy":"product_tag","embeddable":true,"href":"https:\/\/uj.adatbank.ro\/lexikon\/wp-json\/wp\/v2\/product_tag?post=22875"}],"curies":[{"name":"wp","href":"https:\/\/api.w.org\/{rel}","templated":true}]}}

TELEKI Mihály, széki gr.

<p>1700. szept. 6., † Olthévíz, 1745. szept. 10.: erdélyi főkormányszéki tanácsos. – T. Mihály (1671–1720) és Toroczkay Katalinnak (?–1723) fia, Teleki Mihálynak (1634–1690), unokája. Felesége: bethleni gr. Bethlen Miklós (1642–1716) leánya, Bethlen Klára (1702–1755. nov. 2.), (házasság 1721. aug. 5.). Fiúk: T. József (†1817.) – Kv.-on tanult. Az 1736-os nagyszebeni ogy. tagja; cs. kir. kamarás és főkormányszéki tanácsos. Részt vett a bécsi küldöttségben (1741). Az országos főszámvevőség elnöke (1742–). –  <strong>F. m..:</strong> Exercitatio theologica de bonorum operum necessitate. (Kv., 1718.); Dissertatio philosophica de unione mentis cum corpore, quam … in Coll. Claudiopolitano … publico exposuit examini … (Kv., 1718.); Compendium Cronicae Transylvaniae. (Kv., 1731). <br /><strong>– Irod.:</strong> Halotti beszédek; Pápai Páriz Ferenc: Album amicorum; Pesty 2014.</br></p>

<p>1700. szept. 6., † Olthévíz, 1745. szept. 10.: erdélyi főkormányszéki tanácsos. – T. Mihály (1671–1720) és Toroczkay Katalinnak (?–1723) fia, Teleki Mihálynak (1634–1690), unokája. Felesége: bethleni gr. Bethlen Miklós (1642–1716) leánya, Bethlen Klára (1702–1755. nov. 2.), (házasság 1721. aug. 5.). Fiúk: T. József (†1817.) – Kv.-on tanult. Az 1736-os nagyszebeni ogy. tagja; cs. kir. kamarás [&hellip;]</p>
