{"id":22878,"date":"2025-08-01T17:03:50","date_gmt":"2025-08-01T15:03:50","guid":{"rendered":"https:\/\/uj.adatbank.ro\/lexikon\/termek\/teleki-mihaly-szeki-gr-teleki-micu-bacsi\/"},"modified":"2025-08-01T17:03:50","modified_gmt":"2025-08-01T15:03:50","slug":"teleki-mihaly-szeki-gr-teleki-micu-bacsi","status":"publish","type":"product","link":"https:\/\/uj.adatbank.ro\/lexikon\/termek\/teleki-mihaly-szeki-gr-teleki-micu-bacsi\/","title":{"rendered":"TELEKI Mih\u00e1ly, sz\u00e9ki gr., Teleki Micu b\u00e1csi"},"content":{"rendered":"<p>Gernyeszeg, 1908. aug. 20., \u2020 M\u00fcnchen, 1988. szept. 27, \u00fajratemetve Gernyeszeg 2011. aug.: okl. mez\u0151gazd\u00e1sz, a Johannita rend lovagja, k\u00e9tkezi munk\u00e1s. \u2013 T. Domokos \u00e9s gr. sz\u00e9ki Teleki Eduardina fia. Feles\u00e9ge sz\u00fcletett borosjen\u0151i \u00e9s szegedi gr. Tisza Aime\u00e9 Erzs\u00e9bet (1914\u20131991). Gyermekei: Mih\u00e1ly (1935\u20131986), Erzs\u00e9bet M\u00e1ria (1938\u2013), Julianna \u2013 Czak\u00f3 J\u00f3zsefn\u00e9 (1942\u2013) K\u00e1lm\u00e1n (1947\u2013). Fiukat, K\u00e1lm\u00e1nt Puy L\u00e1szl\u00f3 adopt\u00e1lta, \u00e9s \u00edgy m\u00e1r folytathatta tanulm\u00e1nyait, vegy\u00e9szm\u00e9rn\u00f6k lett. \u00c9retts\u00e9gizett a mv.-i Ref. Koll.-ban (1926). Mintagazda volt Gernyeszegen. Szaktud\u00e1s\u00e1t, tapasztalat\u00e1t megosztotta a kisgazd\u00e1kkal. A Maros-Torda megyei F\u00f6ldm\u0171ves Sz\u00f6vets\u00e9g vezet\u0151s\u00e9gi tagja (1939). A Mv.-i Takar\u00e9kp\u00e9nzt\u00e1r igazgat\u00f3s\u00e1gi tagja (1939). A MSE aleln\u00f6ke egy\u00fctt Kabdeb\u00f3 K\u00e1lm\u00e1nnal (1939). A Kocsordi birtokot, nagyb\u00e1tyja Tisza Lajos (1879\u20131942) r\u00e1hagyta, azt egy r\u00f6vid ideig Szentkir\u00e1lyi Gyula, mez\u0151pagocsai f\u00f6ldbirtokos adminisztr\u00e1lta. A gernyeszegi kast\u00e9ly \u00e9s birtok utols\u00f3 tulajdonosa, minden odaveszett (1945). A securitate megfigyeltette (1958 k.). Mv.-en munk\u00e1s, a mv.-i \u00e1llatkertben \u00e9s r\u00f3kafarmon dolgozott, nyelv\u00f3r\u00e1kat adott, majd N\u00e9meto.-ba t\u00e1vozott. A Johannita rend tiszteleti lovagja (1986\u201388). Jelenleg a kast\u00e9lyt visszakapt\u00e1k az \u00f6r\u00f6k\u00f6s\u00f6k (kiseg\u00edt\u0151 iskola, t\u00fcd\u0151gondoz\u00f3 \u2013 prevent\u00f3rium volt, \u00e1llaga t\u0171rhet\u0151.) \u2013  <strong>F. m..:<\/strong> Mo. \u00e1llatainak \u00e9s \u00e1llati term\u00e9keinek \u00e9rt\u00e9kes\u00edt\u00e9si lehet\u0151s\u00e9gei k\u00fcl\u00f6n\u00f6s tekintettel kisgazda-t\u00e1rsadalm\u00e1nak helyzet\u00e9re (Bp., 1931). <br \/><strong>\u2013 Irod.:<\/strong> \u00c1ll\u00f3- \u00e9s mozg\u00f3k\u00e9pek; Bartos 2012; Castellum \u00c9rtes\u00edt\u0151 (2001., 6. sz.); Gudenus; L\u0151wy 2013; Marosi Ildik\u00f3: \u00d6r\u00f6kbe hagyott besz\u00e9lget\u00e9s gr\u00f3f Teleki Mih\u00e1llyal: interj\u00fa. (Cs\u00edkszereda, 2005.); M. Johannita csal\u00e1dt\u00f6rt.; Mik\u00f3; Ol\u00e1h-G\u00e1l Elvira = Nobile officium; Az OMGE \u00e1ltal Bp.-en 1941. m\u00e1rc. 29. \u2013 \u00e1pr. 6. rendezett Orsz\u00e1gos Mez\u0151gazdas\u00e1gi Ki\u00e1ll\u00edt\u00e1s \u00e9s 50. Teny\u00e9sz\u00e1llattv\u00e1s\u00e1r katal\u00f3gusa (Bp., 1941), P\u00e1lffy J\u00e1nos: Mo.-i \u00e9s erd\u00e9lyi urak (Kv., 1939); Pluh\u00e1r; Vigh.<\/br><\/p>\n","protected":false},"excerpt":{"rendered":"<p>Gernyeszeg, 1908. aug. 20., \u2020 M\u00fcnchen, 1988. szept. 27, \u00fajratemetve Gernyeszeg 2011. aug.: okl. mez\u0151gazd\u00e1sz, a Johannita rend lovagja, k\u00e9tkezi munk\u00e1s. \u2013 T. Domokos \u00e9s gr. sz\u00e9ki Teleki Eduardina fia. Feles\u00e9ge sz\u00fcletett borosjen\u0151i \u00e9s szegedi gr. Tisza Aime\u00e9 Erzs\u00e9bet (1914\u20131991). Gyermekei: Mih\u00e1ly (1935\u20131986), Erzs\u00e9bet M\u00e1ria (1938\u2013), Julianna \u2013 Czak\u00f3 J\u00f3zsefn\u00e9 (1942\u2013) K\u00e1lm\u00e1n (1947\u2013). Fiukat, K\u00e1lm\u00e1nt [&hellip;]<\/p>\n","protected":false},"featured_media":0,"comment_status":"open","ping_status":"closed","template":"","meta":[],"product_brand":[],"product_cat":[137],"product_tag":[],"class_list":{"0":"post-22878","1":"product","2":"type-product","3":"status-publish","5":"product_cat-maros-megyei-eletrajzi-lexikon","7":"first","8":"instock","9":"shipping-taxable","10":"product-type-simple"},"_links":{"self":[{"href":"https:\/\/uj.adatbank.ro\/lexikon\/wp-json\/wp\/v2\/product\/22878","targetHints":{"allow":["GET"]}}],"collection":[{"href":"https:\/\/uj.adatbank.ro\/lexikon\/wp-json\/wp\/v2\/product"}],"about":[{"href":"https:\/\/uj.adatbank.ro\/lexikon\/wp-json\/wp\/v2\/types\/product"}],"replies":[{"embeddable":true,"href":"https:\/\/uj.adatbank.ro\/lexikon\/wp-json\/wp\/v2\/comments?post=22878"}],"wp:attachment":[{"href":"https:\/\/uj.adatbank.ro\/lexikon\/wp-json\/wp\/v2\/media?parent=22878"}],"wp:term":[{"taxonomy":"product_brand","embeddable":true,"href":"https:\/\/uj.adatbank.ro\/lexikon\/wp-json\/wp\/v2\/product_brand?post=22878"},{"taxonomy":"product_cat","embeddable":true,"href":"https:\/\/uj.adatbank.ro\/lexikon\/wp-json\/wp\/v2\/product_cat?post=22878"},{"taxonomy":"product_tag","embeddable":true,"href":"https:\/\/uj.adatbank.ro\/lexikon\/wp-json\/wp\/v2\/product_tag?post=22878"}],"curies":[{"name":"wp","href":"https:\/\/api.w.org\/{rel}","templated":true}]}}

TELEKI Mihály, széki gr., Teleki Micu bácsi

<p>Gernyeszeg, 1908. aug. 20., † München, 1988. szept. 27, újratemetve Gernyeszeg 2011. aug.: okl. mezőgazdász, a Johannita rend lovagja, kétkezi munkás. – T. Domokos és gr. széki Teleki Eduardina fia. Felesége született borosjenői és szegedi gr. Tisza Aimeé Erzsébet (1914–1991). Gyermekei: Mihály (1935–1986), Erzsébet Mária (1938–), Julianna – Czakó Józsefné (1942–) Kálmán (1947–). Fiukat, Kálmánt Puy László adoptálta, és így már folytathatta tanulmányait, vegyészmérnök lett. Érettségizett a mv.-i Ref. Koll.-ban (1926). Mintagazda volt Gernyeszegen. Szaktudását, tapasztalatát megosztotta a kisgazdákkal. A Maros-Torda megyei Földműves Szövetség vezetőségi tagja (1939). A Mv.-i Takarékpénztár igazgatósági tagja (1939). A MSE alelnöke együtt Kabdebó Kálmánnal (1939). A Kocsordi birtokot, nagybátyja Tisza Lajos (1879–1942) ráhagyta, azt egy rövid ideig Szentkirályi Gyula, mezőpagocsai földbirtokos adminisztrálta. A gernyeszegi kastély és birtok utolsó tulajdonosa, minden odaveszett (1945). A securitate megfigyeltette (1958 k.). Mv.-en munkás, a mv.-i állatkertben és rókafarmon dolgozott, nyelvórákat adott, majd Németo.-ba távozott. A Johannita rend tiszteleti lovagja (1986–88). Jelenleg a kastélyt visszakapták az örökösök (kisegítő iskola, tüdőgondozó – preventórium volt, állaga tűrhető.) –  <strong>F. m..:</strong> Mo. állatainak és állati termékeinek értékesítési lehetőségei különös tekintettel kisgazda-társadalmának helyzetére (Bp., 1931). <br /><strong>– Irod.:</strong> Álló- és mozgóképek; Bartos 2012; Castellum Értesítő (2001., 6. sz.); Gudenus; Lőwy 2013; Marosi Ildikó: Örökbe hagyott beszélgetés gróf Teleki Mihállyal: interjú. (Csíkszereda, 2005.); M. Johannita családtört.; Mikó; Oláh-Gál Elvira = Nobile officium; Az OMGE által Bp.-en 1941. márc. 29. – ápr. 6. rendezett Országos Mezőgazdasági Kiállítás és 50. Tenyészállattvásár katalógusa (Bp., 1941), Pálffy János: Mo.-i és erdélyi urak (Kv., 1939); Pluhár; Vigh.</br></p>

<p>Gernyeszeg, 1908. aug. 20., † München, 1988. szept. 27, újratemetve Gernyeszeg 2011. aug.: okl. mezőgazdász, a Johannita rend lovagja, kétkezi munkás. – T. Domokos és gr. széki Teleki Eduardina fia. Felesége született borosjenői és szegedi gr. Tisza Aimeé Erzsébet (1914–1991). Gyermekei: Mihály (1935–1986), Erzsébet Mária (1938–), Julianna – Czakó Józsefné (1942–) Kálmán (1947–). Fiukat, Kálmánt [&hellip;]</p>
