{"id":22879,"date":"2025-08-01T17:03:55","date_gmt":"2025-08-01T15:03:55","guid":{"rendered":"https:\/\/uj.adatbank.ro\/lexikon\/termek\/teleki-mihaly-szeki-gr-2\/"},"modified":"2025-08-01T17:03:55","modified_gmt":"2025-08-01T15:03:55","slug":"teleki-mihaly-szeki-gr-2","status":"publish","type":"product","link":"https:\/\/uj.adatbank.ro\/lexikon\/termek\/teleki-mihaly-szeki-gr-2\/","title":{"rendered":"TELEKI Mih\u00e1ly, sz\u00e9ki gr."},"content":{"rendered":"<p>Mv., 1935. febr. 27., \u2020 Kv., 1986. j\u00fan. 9., Mv.-en nyugszik a ref. temet\u0151ben Tisza K\u00e1lm\u00e1n unok\u00e1ja (1866\u20131947) mellett. \u2013 Id. T. Mih\u00e1ly \u00e9s Tisza Erzs\u00e9bet gr. fia; feles\u00e9ge cs\u00edktusn\u00e1di Betegh M\u00e1ria (Kv., 1936. nov. 16.). Fiai: L\u00e1szl\u00f3, G\u00e1bor. \u00dajratemett\u00e9k a gernyeszegi csal\u00e1di kript\u00e1ba (2011. szept. 3): technikus. <br \/><strong>\u2013 Irod.:<\/strong> \u00c1ll\u00f3- \u00e9s mozg\u00f3k\u00e9pek; Csekme; Gudenus; Marosi Ildik\u00f3: \u00d6r\u00f6kbe hagyott besz\u00e9lget\u00e9s gr\u00f3f Teleki Mih\u00e1llyal: interj\u00fa (Cs\u00edkszereda, 2005.); Mv.-i ref. temet\u0151; [Nekrol\u00f3g] (V. Z., 1986., j\u00fan. 11.).<\/br><\/p>\n","protected":false},"excerpt":{"rendered":"<p>Mv., 1935. febr. 27., \u2020 Kv., 1986. j\u00fan. 9., Mv.-en nyugszik a ref. temet\u0151ben Tisza K\u00e1lm\u00e1n unok\u00e1ja (1866\u20131947) mellett. \u2013 Id. T. Mih\u00e1ly \u00e9s Tisza Erzs\u00e9bet gr. fia; feles\u00e9ge cs\u00edktusn\u00e1di Betegh M\u00e1ria (Kv., 1936. nov. 16.). Fiai: L\u00e1szl\u00f3, G\u00e1bor. \u00dajratemett\u00e9k a gernyeszegi csal\u00e1di kript\u00e1ba (2011. szept. 3): technikus. \u2013 Irod.: \u00c1ll\u00f3- \u00e9s mozg\u00f3k\u00e9pek; Csekme; Gudenus; [&hellip;]<\/p>\n","protected":false},"featured_media":0,"comment_status":"open","ping_status":"closed","template":"","meta":[],"product_brand":[],"product_cat":[137],"product_tag":[],"class_list":{"0":"post-22879","1":"product","2":"type-product","3":"status-publish","5":"product_cat-maros-megyei-eletrajzi-lexikon","7":"first","8":"instock","9":"shipping-taxable","10":"product-type-simple"},"_links":{"self":[{"href":"https:\/\/uj.adatbank.ro\/lexikon\/wp-json\/wp\/v2\/product\/22879","targetHints":{"allow":["GET"]}}],"collection":[{"href":"https:\/\/uj.adatbank.ro\/lexikon\/wp-json\/wp\/v2\/product"}],"about":[{"href":"https:\/\/uj.adatbank.ro\/lexikon\/wp-json\/wp\/v2\/types\/product"}],"replies":[{"embeddable":true,"href":"https:\/\/uj.adatbank.ro\/lexikon\/wp-json\/wp\/v2\/comments?post=22879"}],"wp:attachment":[{"href":"https:\/\/uj.adatbank.ro\/lexikon\/wp-json\/wp\/v2\/media?parent=22879"}],"wp:term":[{"taxonomy":"product_brand","embeddable":true,"href":"https:\/\/uj.adatbank.ro\/lexikon\/wp-json\/wp\/v2\/product_brand?post=22879"},{"taxonomy":"product_cat","embeddable":true,"href":"https:\/\/uj.adatbank.ro\/lexikon\/wp-json\/wp\/v2\/product_cat?post=22879"},{"taxonomy":"product_tag","embeddable":true,"href":"https:\/\/uj.adatbank.ro\/lexikon\/wp-json\/wp\/v2\/product_tag?post=22879"}],"curies":[{"name":"wp","href":"https:\/\/api.w.org\/{rel}","templated":true}]}}

TELEKI Mihály, széki gr.

<p>Mv., 1935. febr. 27., † Kv., 1986. jún. 9., Mv.-en nyugszik a ref. temetőben Tisza Kálmán unokája (1866–1947) mellett. – Id. T. Mihály és Tisza Erzsébet gr. fia; felesége csíktusnádi Betegh Mária (Kv., 1936. nov. 16.). Fiai: László, Gábor. Újratemették a gernyeszegi családi kriptába (2011. szept. 3): technikus. <br /><strong>– Irod.:</strong> Álló- és mozgóképek; Csekme; Gudenus; Marosi Ildikó: Örökbe hagyott beszélgetés gróf Teleki Mihállyal: interjú (Csíkszereda, 2005.); Mv.-i ref. temető; [Nekrológ] (V. Z., 1986., jún. 11.).</br></p>

<p>Mv., 1935. febr. 27., † Kv., 1986. jún. 9., Mv.-en nyugszik a ref. temetőben Tisza Kálmán unokája (1866–1947) mellett. – Id. T. Mihály és Tisza Erzsébet gr. fia; felesége csíktusnádi Betegh Mária (Kv., 1936. nov. 16.). Fiai: László, Gábor. Újratemették a gernyeszegi családi kriptába (2011. szept. 3): technikus. – Irod.: Álló- és mozgóképek; Csekme; Gudenus; [&hellip;]</p>
