{"id":22882,"date":"2025-08-01T17:04:00","date_gmt":"2025-08-01T15:04:00","guid":{"rendered":"https:\/\/uj.adatbank.ro\/lexikon\/termek\/teleki-miklos-szeki-gr\/"},"modified":"2025-08-01T17:04:00","modified_gmt":"2025-08-01T15:04:00","slug":"teleki-miklos-szeki-gr","status":"publish","type":"product","link":"https:\/\/uj.adatbank.ro\/lexikon\/termek\/teleki-miklos-szeki-gr\/","title":{"rendered":"TELEKI Mikl\u00f3s, sz\u00e9ki gr."},"content":{"rendered":"<p>1704., \u2020 1746. j\u00fal.: birtokos. \u2013 T. S\u00e1ndor (1679\u20131754) \u00e9s Bethlen J\u00falia legid\u0151sebb fia. Feles\u00e9ge kir\u00e1lyfalvi Gerh\u00e1rd Johanna Katalin (1716? \u2013 Nagysaj\u00f3, 1769. febr. 10. A sz\u00e1szr\u00e9geni sz\u00e1sz templomba temett\u00e9k.). Gyermek\u00fck: K\u00e1roly. \u2013 Katoliz\u00e1lt, tartom\u00e1nyi kancell\u00e1r, a rendek eln\u00f6ke, Erd\u00e9ly kincst\u00e1rnoka, a Szent Istv\u00e1n Rend k\u00f6z\u00e9pkeresztj\u00e9t kapta. <br \/><strong>\u2013 Irod.:<\/strong> Halotti besz\u00e9dek; Lev\u00e9lt\u00e1ri gy\u00e1szj.; Nagy Iv\u00e1n; S\u00e4chsisch-Regen; Verest\u00f3i Gy\u00f6rgy, cseri: Halotti besz\u00e9d sz\u00e9ki gr. T. M. felett, 1746. j\u00fal.17. (Kv., 1783).<\/br><\/p>\n","protected":false},"excerpt":{"rendered":"<p>1704., \u2020 1746. j\u00fal.: birtokos. \u2013 T. S\u00e1ndor (1679\u20131754) \u00e9s Bethlen J\u00falia legid\u0151sebb fia. Feles\u00e9ge kir\u00e1lyfalvi Gerh\u00e1rd Johanna Katalin (1716? \u2013 Nagysaj\u00f3, 1769. febr. 10. A sz\u00e1szr\u00e9geni sz\u00e1sz templomba temett\u00e9k.). Gyermek\u00fck: K\u00e1roly. \u2013 Katoliz\u00e1lt, tartom\u00e1nyi kancell\u00e1r, a rendek eln\u00f6ke, Erd\u00e9ly kincst\u00e1rnoka, a Szent Istv\u00e1n Rend k\u00f6z\u00e9pkeresztj\u00e9t kapta. \u2013 Irod.: Halotti besz\u00e9dek; Lev\u00e9lt\u00e1ri gy\u00e1szj.; Nagy Iv\u00e1n; [&hellip;]<\/p>\n","protected":false},"featured_media":0,"comment_status":"open","ping_status":"closed","template":"","meta":[],"product_brand":[],"product_cat":[137],"product_tag":[],"class_list":{"0":"post-22882","1":"product","2":"type-product","3":"status-publish","5":"product_cat-maros-megyei-eletrajzi-lexikon","7":"first","8":"instock","9":"shipping-taxable","10":"product-type-simple"},"_links":{"self":[{"href":"https:\/\/uj.adatbank.ro\/lexikon\/wp-json\/wp\/v2\/product\/22882","targetHints":{"allow":["GET"]}}],"collection":[{"href":"https:\/\/uj.adatbank.ro\/lexikon\/wp-json\/wp\/v2\/product"}],"about":[{"href":"https:\/\/uj.adatbank.ro\/lexikon\/wp-json\/wp\/v2\/types\/product"}],"replies":[{"embeddable":true,"href":"https:\/\/uj.adatbank.ro\/lexikon\/wp-json\/wp\/v2\/comments?post=22882"}],"wp:attachment":[{"href":"https:\/\/uj.adatbank.ro\/lexikon\/wp-json\/wp\/v2\/media?parent=22882"}],"wp:term":[{"taxonomy":"product_brand","embeddable":true,"href":"https:\/\/uj.adatbank.ro\/lexikon\/wp-json\/wp\/v2\/product_brand?post=22882"},{"taxonomy":"product_cat","embeddable":true,"href":"https:\/\/uj.adatbank.ro\/lexikon\/wp-json\/wp\/v2\/product_cat?post=22882"},{"taxonomy":"product_tag","embeddable":true,"href":"https:\/\/uj.adatbank.ro\/lexikon\/wp-json\/wp\/v2\/product_tag?post=22882"}],"curies":[{"name":"wp","href":"https:\/\/api.w.org\/{rel}","templated":true}]}}

TELEKI Miklós, széki gr.

<p>1704., † 1746. júl.: birtokos. – T. Sándor (1679–1754) és Bethlen Júlia legidősebb fia. Felesége királyfalvi Gerhárd Johanna Katalin (1716? – Nagysajó, 1769. febr. 10. A szászrégeni szász templomba temették.). Gyermekük: Károly. – Katolizált, tartományi kancellár, a rendek elnöke, Erdély kincstárnoka, a Szent István Rend középkeresztjét kapta. <br /><strong>– Irod.:</strong> Halotti beszédek; Levéltári gyászj.; Nagy Iván; Sächsisch-Regen; Verestói György, cseri: Halotti beszéd széki gr. T. M. felett, 1746. júl.17. (Kv., 1783).</br></p>

<p>1704., † 1746. júl.: birtokos. – T. Sándor (1679–1754) és Bethlen Júlia legidősebb fia. Felesége királyfalvi Gerhárd Johanna Katalin (1716? – Nagysajó, 1769. febr. 10. A szászrégeni szász templomba temették.). Gyermekük: Károly. – Katolizált, tartományi kancellár, a rendek elnöke, Erdély kincstárnoka, a Szent István Rend középkeresztjét kapta. – Irod.: Halotti beszédek; Levéltári gyászj.; Nagy Iván; [&hellip;]</p>
