{"id":22883,"date":"2025-08-01T17:04:02","date_gmt":"2025-08-01T15:04:02","guid":{"rendered":"https:\/\/uj.adatbank.ro\/lexikon\/termek\/teleki-miklos-szeki-gr-2\/"},"modified":"2025-08-01T17:04:02","modified_gmt":"2025-08-01T15:04:02","slug":"teleki-miklos-szeki-gr-2","status":"publish","type":"product","link":"https:\/\/uj.adatbank.ro\/lexikon\/termek\/teleki-miklos-szeki-gr-2\/","title":{"rendered":"TELEKI Mikl\u00f3s, sz\u00e9ki gr."},"content":{"rendered":"<p>1804. dec. 20., \u2020 Tancs, 1884. j\u00fal. 22, temetve a gy\u00e9resszentkir\u00e1lyi csal\u00e1di s\u00edrboltba: konzervat\u00edv politikus, kir. t\u00e1blai rendes \u00fcln\u00f6k, cs. k. kamar\u00e1s \u00e9s udvari tan\u00e1csos: tancsi birtokos. \u2013 Lajos (1778\u20131810) \u00e9s malomvizi Kendeffy Anna fia. Feles\u00e9ge: s\u00e1rdi Sim\u00e9ny Kl\u00e1ra (1807. febr. 19.\u2013 Tancs, 1888. j\u00fan. 13.). (Esk\u00fcv\u0151: 1826. febr. 19. B\u00e9csben), Sz\u00e9kelys\u00e1rd tulajdonosa (a 19. sz. k\u00f6zep\u00e9n). Gyermekeik: T. Oszk\u00e1r; Guszt\u00e1v Adolf, feles\u00e9ge nagyk\u00e1ll\u00f3i K\u00e1llay Gemma; Alfr\u00e9d. \u2013 R\u00e9szt vett az erd\u00e9lyi ogy. vit\u00e1iban (1847. j\u00fan.). Cs. kir. kamar\u00e1s, K\u0151v\u00e1rvid\u00e9k f\u0151isp\u00e1ni helytart\u00f3ja (1846\u201349); az erd\u00e9lyi kancell\u00e1ri\u00e1n\u00e1l tan\u00e1csos B\u00e9csben. R\u00f3mai Szentbirodalmi lovag. A Mv.-i Kaszin\u00f3 alap\u00edt\u00f3tagja (1832). Maross\u00e1rpataki, tancsi birtokos. <br \/><strong>\u2013 Irod.:<\/strong> Bi\u00e1s Istv\u00e1n; B\u00e9nyei; Bucsok\u2013Orb\u00e1n; Filep; Gudenus; Gy\u00e1szjelent\u0151; Lev\u00e9lt\u00e1ri gy\u00e1szj.; Nagy Iv\u00e1n, Ny\u00e1r\u00e1dszereda k\u00f6zs\u00e9g; Szathm\u00e1ry Papp K\u00e1roly.<\/br><\/p>\n","protected":false},"excerpt":{"rendered":"<p>1804. dec. 20., \u2020 Tancs, 1884. j\u00fal. 22, temetve a gy\u00e9resszentkir\u00e1lyi csal\u00e1di s\u00edrboltba: konzervat\u00edv politikus, kir. t\u00e1blai rendes \u00fcln\u00f6k, cs. k. kamar\u00e1s \u00e9s udvari tan\u00e1csos: tancsi birtokos. \u2013 Lajos (1778\u20131810) \u00e9s malomvizi Kendeffy Anna fia. Feles\u00e9ge: s\u00e1rdi Sim\u00e9ny Kl\u00e1ra (1807. febr. 19.\u2013 Tancs, 1888. j\u00fan. 13.). (Esk\u00fcv\u0151: 1826. febr. 19. B\u00e9csben), Sz\u00e9kelys\u00e1rd tulajdonosa (a 19. [&hellip;]<\/p>\n","protected":false},"featured_media":0,"comment_status":"open","ping_status":"closed","template":"","meta":[],"product_brand":[],"product_cat":[137],"product_tag":[],"class_list":{"0":"post-22883","1":"product","2":"type-product","3":"status-publish","5":"product_cat-maros-megyei-eletrajzi-lexikon","7":"first","8":"instock","9":"shipping-taxable","10":"product-type-simple"},"_links":{"self":[{"href":"https:\/\/uj.adatbank.ro\/lexikon\/wp-json\/wp\/v2\/product\/22883","targetHints":{"allow":["GET"]}}],"collection":[{"href":"https:\/\/uj.adatbank.ro\/lexikon\/wp-json\/wp\/v2\/product"}],"about":[{"href":"https:\/\/uj.adatbank.ro\/lexikon\/wp-json\/wp\/v2\/types\/product"}],"replies":[{"embeddable":true,"href":"https:\/\/uj.adatbank.ro\/lexikon\/wp-json\/wp\/v2\/comments?post=22883"}],"wp:attachment":[{"href":"https:\/\/uj.adatbank.ro\/lexikon\/wp-json\/wp\/v2\/media?parent=22883"}],"wp:term":[{"taxonomy":"product_brand","embeddable":true,"href":"https:\/\/uj.adatbank.ro\/lexikon\/wp-json\/wp\/v2\/product_brand?post=22883"},{"taxonomy":"product_cat","embeddable":true,"href":"https:\/\/uj.adatbank.ro\/lexikon\/wp-json\/wp\/v2\/product_cat?post=22883"},{"taxonomy":"product_tag","embeddable":true,"href":"https:\/\/uj.adatbank.ro\/lexikon\/wp-json\/wp\/v2\/product_tag?post=22883"}],"curies":[{"name":"wp","href":"https:\/\/api.w.org\/{rel}","templated":true}]}}

TELEKI Miklós, széki gr.

<p>1804. dec. 20., † Tancs, 1884. júl. 22, temetve a gyéresszentkirályi családi sírboltba: konzervatív politikus, kir. táblai rendes ülnök, cs. k. kamarás és udvari tanácsos: tancsi birtokos. – Lajos (1778–1810) és malomvizi Kendeffy Anna fia. Felesége: sárdi Simény Klára (1807. febr. 19.– Tancs, 1888. jún. 13.). (Esküvő: 1826. febr. 19. Bécsben), Székelysárd tulajdonosa (a 19. sz. közepén). Gyermekeik: T. Oszkár; Gusztáv Adolf, felesége nagykállói Kállay Gemma; Alfréd. – Részt vett az erdélyi ogy. vitáiban (1847. jún.). Cs. kir. kamarás, Kővárvidék főispáni helytartója (1846–49); az erdélyi kancelláriánál tanácsos Bécsben. Római Szentbirodalmi lovag. A Mv.-i Kaszinó alapítótagja (1832). Marossárpataki, tancsi birtokos. <br /><strong>– Irod.:</strong> Biás István; Bényei; Bucsok–Orbán; Filep; Gudenus; Gyászjelentő; Levéltári gyászj.; Nagy Iván, Nyárádszereda község; Szathmáry Papp Károly.</br></p>

<p>1804. dec. 20., † Tancs, 1884. júl. 22, temetve a gyéresszentkirályi családi sírboltba: konzervatív politikus, kir. táblai rendes ülnök, cs. k. kamarás és udvari tanácsos: tancsi birtokos. – Lajos (1778–1810) és malomvizi Kendeffy Anna fia. Felesége: sárdi Simény Klára (1807. febr. 19.– Tancs, 1888. jún. 13.). (Esküvő: 1826. febr. 19. Bécsben), Székelysárd tulajdonosa (a 19. [&hellip;]</p>
