{"id":22884,"date":"2025-08-01T17:04:05","date_gmt":"2025-08-01T15:04:05","guid":{"rendered":"https:\/\/uj.adatbank.ro\/lexikon\/termek\/teleki-pal-palko-szeki-gr\/"},"modified":"2025-08-01T17:04:05","modified_gmt":"2025-08-01T15:04:05","slug":"teleki-pal-palko-szeki-gr","status":"publish","type":"product","link":"https:\/\/uj.adatbank.ro\/lexikon\/termek\/teleki-pal-palko-szeki-gr\/","title":{"rendered":"TELEKI P\u00e1l, Palk\u00f3, sz\u00e9ki gr."},"content":{"rendered":"<p>Sorost\u00e9ly, 1677, \u2020 Kendil\u00f3na, 1731, temetve Kendil\u00f3na ref. templom, a mikh\u00e1zi kolostorban van a s\u00edrk\u00f6ve : f\u00f6ldbirtokos. \u2013 T. Mih\u00e1ly (1634\u20131690) \u00e9s Ve\u00e9r Judit fia. Eljegyezte (1699) \u00e9s feles\u00e9g\u00fcl vette (1701) a magyaro.-i gr. Vay Kat\u00e1t (\u2020 1768. dec. 4. temet\u00e9se). Kendil\u00f3n\u00e1n laktak. Gyermekeik: \u00c1d\u00e1m, t\u00e1bornok \u00e9s \u00c9va Kata Wass Mikl\u00f3sn\u00e9. K\u00f6z\u00e9piskol\u00e1t v\u00e9gzett Nagyenyeden (1695), Lip\u00f3t diplom\u00e1val Nyugat-Eur\u00f3p\u00e1ban peregrin\u00e1lt (1695 ut\u00e1n), a t\u00f6r\u00f6k\u2013osztr\u00e1k\u2013kuruc d\u00fal\u00e1s idej\u00e9n, k\u00fclf\u00f6ld\u00f6n tanult nyelveket \u00e9s teol\u00f3gi\u00e1t. \u00datit\u00e1rsa volt Zal\u00e1nyi Boldizs\u00e1r, akivel Frankfurtban, Franekereben tanultak, holland \u00e9s angol v\u00e1rosokat l\u00e1togattak (1697 nyar\u00e1n), Marburgban (1698. j\u00fan.), majd Sv\u00e1jcban, Franciao.-ban \u00e9s v\u00e9g\u00fcl B\u00e9csben voltak (1699). Erd\u00e9lybe hat \u00e9v ut\u00e1n t\u00e9rt vissza \u00e9s jelen volt ifj. Kem\u00e9ny J\u00e1nos temet\u00e9s\u00e9n (1701). Patr\u00f3nusa volt fia nevel\u0151j\u00e9nek, Pataki S\u00e1muelnek (1712. szept.\u2013), aki holland \u00e9s n\u00e9meto.-i egyetemeken k\u00e9pezte mag\u00e1t orvosnak. A R\u00e1k\u00f3czi-szabads\u00e1gharc kit\u00f6r\u00e9sekor Rabutin Szebenbe intern\u00e1lta, innen kezess\u00e9gen Havasalf\u00f6ldre ment, majd R\u00e1k\u00f3czi p\u00e1rtj\u00e1ra \u00e1llt. \u0150 \u00e9s feles\u00e9ge a kendil\u00f3nai templom \u00e9p\u00edttet\u0151je (1727), ami ma m\u0171eml\u00e9k. A kv.-i ref koll. f\u0151kur\u00e1tora volt. Meg\u00edrta \u00fatijegyzeteit, ami a kv.-i Erd\u00e9lyi M\u00fazeumban tal\u00e1lhat\u00f3. <br \/><strong>\u2013 Irod.:<\/strong> Bicsok\u2013Orb\u00e1n; B\u00f6jthe Andor: A G\u00f6rg\u00e9nyi ev. ref. egyh\u00e1zmegye t\u00f6rt\u00e9nete [k\u00e9zirat]; Egyed Emese: \u201eSz\u00e9pmesters\u00e9givel sokakot tan\u00edtott\u201d Egy er\u00e9lyi tud\u00f3s nagyasszony: Vajai Vay Kata = K\u00f6nyvek \u00e1ltal\u2026; Gy\u00f6rgy: A ferencrendiek; Halotti besz\u00e9dek; P\u00e1pai P\u00e1riz; Pataki; Szab\u00f3\u2013Tonk; Teleki Mih\u00e1ly udvartart\u00e1si napl\u00f3ja (1673\u20131681) (Kv., 2007); Verest\u00f3i Gy\u00f6rgy: Halotti oratio gr.Teleki P\u00e1l felett (Kv., 1731); Ver\u00f3k Attila: Erd\u00e9lyi k\u00f6nyves eml\u00e9kek Hall\u00e9ban az 1800 el\u0151tti id\u0151szakb\u00f3l = K\u00f6nyvek \u00e1ltal\u2026<\/br><\/p>\n","protected":false},"excerpt":{"rendered":"<p>Sorost\u00e9ly, 1677, \u2020 Kendil\u00f3na, 1731, temetve Kendil\u00f3na ref. templom, a mikh\u00e1zi kolostorban van a s\u00edrk\u00f6ve : f\u00f6ldbirtokos. \u2013 T. Mih\u00e1ly (1634\u20131690) \u00e9s Ve\u00e9r Judit fia. Eljegyezte (1699) \u00e9s feles\u00e9g\u00fcl vette (1701) a magyaro.-i gr. Vay Kat\u00e1t (\u2020 1768. dec. 4. temet\u00e9se). Kendil\u00f3n\u00e1n laktak. Gyermekeik: \u00c1d\u00e1m, t\u00e1bornok \u00e9s \u00c9va Kata Wass Mikl\u00f3sn\u00e9. K\u00f6z\u00e9piskol\u00e1t v\u00e9gzett Nagyenyeden (1695), [&hellip;]<\/p>\n","protected":false},"featured_media":0,"comment_status":"open","ping_status":"closed","template":"","meta":[],"product_brand":[],"product_cat":[137],"product_tag":[],"class_list":{"0":"post-22884","1":"product","2":"type-product","3":"status-publish","5":"product_cat-maros-megyei-eletrajzi-lexikon","7":"first","8":"instock","9":"shipping-taxable","10":"product-type-simple"},"_links":{"self":[{"href":"https:\/\/uj.adatbank.ro\/lexikon\/wp-json\/wp\/v2\/product\/22884","targetHints":{"allow":["GET"]}}],"collection":[{"href":"https:\/\/uj.adatbank.ro\/lexikon\/wp-json\/wp\/v2\/product"}],"about":[{"href":"https:\/\/uj.adatbank.ro\/lexikon\/wp-json\/wp\/v2\/types\/product"}],"replies":[{"embeddable":true,"href":"https:\/\/uj.adatbank.ro\/lexikon\/wp-json\/wp\/v2\/comments?post=22884"}],"wp:attachment":[{"href":"https:\/\/uj.adatbank.ro\/lexikon\/wp-json\/wp\/v2\/media?parent=22884"}],"wp:term":[{"taxonomy":"product_brand","embeddable":true,"href":"https:\/\/uj.adatbank.ro\/lexikon\/wp-json\/wp\/v2\/product_brand?post=22884"},{"taxonomy":"product_cat","embeddable":true,"href":"https:\/\/uj.adatbank.ro\/lexikon\/wp-json\/wp\/v2\/product_cat?post=22884"},{"taxonomy":"product_tag","embeddable":true,"href":"https:\/\/uj.adatbank.ro\/lexikon\/wp-json\/wp\/v2\/product_tag?post=22884"}],"curies":[{"name":"wp","href":"https:\/\/api.w.org\/{rel}","templated":true}]}}