{"id":22889,"date":"2025-08-01T17:04:20","date_gmt":"2025-08-01T15:04:20","guid":{"rendered":"https:\/\/uj.adatbank.ro\/lexikon\/termek\/teleki-polyxena-poly-len-szeki-gr-bornemisza-andrasne\/"},"modified":"2025-08-01T17:04:20","modified_gmt":"2025-08-01T15:04:20","slug":"teleki-polyxena-poly-len-szeki-gr-bornemisza-andrasne","status":"publish","type":"product","link":"https:\/\/uj.adatbank.ro\/lexikon\/termek\/teleki-polyxena-poly-len-szeki-gr-bornemisza-andrasne\/","title":{"rendered":"TELEKI Polyxena; Poly Len, sz\u00e9ki gr; Bornemisza Andr\u00e1sn\u00e9"},"content":{"rendered":"<p>Maros\u00e1rpatak, 1863. okt. 6., \u2020 Maross\u00e1rpatak, 1933. okt. 12 \u2013 f\u00f6ldbirtokos Abaf\u00e1j\u00e1n, Maross\u00e1rpatakon. \u2013T. Domokos (1825\u20131897) \u00e9s magyarb\u00e9nyei Rad\u00e1k Anna l\u00e1nya. F\u00e9rjhez ment k\u00e1szoni br. Bornemisza Andr\u00e1shoz (1883. okt. 10).). Nem hiteles forr\u00e1sok szerint a b\u00e1r\u00f3 politiz\u00e1lt, egy alkalommal, amikor Bp.-en j\u00e1rt, ellens\u00e9gei meggyilkolt\u00e1k (1893 v 95). Feles\u00e9ge sok\u00e1ig gy\u00e1szolta. A ref. egyh\u00e1z patr\u00f3nusa, az \u00farasztal\u00e1ra a bort \u0151 biztos\u00edtotta (1888). Mivel ut\u00f3da nem volt, a birtokot \u00e9s a fels\u0151 kast\u00e9lyt oldal\u00e1gi rokon, tancsi T Arctur \u00f6r\u00f6k\u00f6lte. T. Arcturral egy\u00fctt, \u00e9p\u00edt\u00e9szm\u00e9rn\u00f6k\u00f6k javaslat\u00e1ra, a presbit\u00e9rium \u00e9s a gy\u00fclekezet beleegyez\u00e9s\u00e9vel lebontott\u00e1k a r\u00e9gi ref. templomot \u00e9s \u00fajat \u00e9p\u00edtettek a Teleki J\u00f3zsef hathat\u00f3s t\u00e1mogat\u00e1s\u00e1val (1926). Az I. vh. neh\u00e9z \u00e9veiben seg\u00edtette a lakoss\u00e1got, t\u0171zif\u00e1val l\u00e1tta el az iskol\u00e1t \u00e9s az \u00f6zvegyeket. Patr\u00f3nusi tev\u00e9kenys\u00e9g\u00e9r\u0151l megeml\u00e9kezett a reform\u00e1ci\u00f3 400 \u00e9ves \u00e9vfordul\u00f3ja alkalm\u00e1val tartott presbit\u00e9riumi d\u00edszgy\u0171l\u00e9s (1917. dec.). <br \/><strong>\u2013 Irod.:<\/strong> Berekm\u00e9ri\u2013G\u00e1lfi; Az Erd\u00e9lyi Ref. Egyh\u00e1zker\u00fclet k\u00f6zgy\u0171l\u00e9s\u00e9nek jegyz\u0151k\u00f6nyve (Kv, 1888); Gudenus; Lev\u00e9lt\u00e1ri gy\u00e1szj.<\/br><\/p>\n","protected":false},"excerpt":{"rendered":"<p>Maros\u00e1rpatak, 1863. okt. 6., \u2020 Maross\u00e1rpatak, 1933. okt. 12 \u2013 f\u00f6ldbirtokos Abaf\u00e1j\u00e1n, Maross\u00e1rpatakon. \u2013T. Domokos (1825\u20131897) \u00e9s magyarb\u00e9nyei Rad\u00e1k Anna l\u00e1nya. F\u00e9rjhez ment k\u00e1szoni br. Bornemisza Andr\u00e1shoz (1883. okt. 10).). Nem hiteles forr\u00e1sok szerint a b\u00e1r\u00f3 politiz\u00e1lt, egy alkalommal, amikor Bp.-en j\u00e1rt, ellens\u00e9gei meggyilkolt\u00e1k (1893 v 95). Feles\u00e9ge sok\u00e1ig gy\u00e1szolta. A ref. egyh\u00e1z patr\u00f3nusa, az [&hellip;]<\/p>\n","protected":false},"featured_media":0,"comment_status":"open","ping_status":"closed","template":"","meta":[],"product_brand":[],"product_cat":[137],"product_tag":[],"class_list":{"0":"post-22889","1":"product","2":"type-product","3":"status-publish","5":"product_cat-maros-megyei-eletrajzi-lexikon","7":"first","8":"instock","9":"shipping-taxable","10":"product-type-simple"},"_links":{"self":[{"href":"https:\/\/uj.adatbank.ro\/lexikon\/wp-json\/wp\/v2\/product\/22889","targetHints":{"allow":["GET"]}}],"collection":[{"href":"https:\/\/uj.adatbank.ro\/lexikon\/wp-json\/wp\/v2\/product"}],"about":[{"href":"https:\/\/uj.adatbank.ro\/lexikon\/wp-json\/wp\/v2\/types\/product"}],"replies":[{"embeddable":true,"href":"https:\/\/uj.adatbank.ro\/lexikon\/wp-json\/wp\/v2\/comments?post=22889"}],"wp:attachment":[{"href":"https:\/\/uj.adatbank.ro\/lexikon\/wp-json\/wp\/v2\/media?parent=22889"}],"wp:term":[{"taxonomy":"product_brand","embeddable":true,"href":"https:\/\/uj.adatbank.ro\/lexikon\/wp-json\/wp\/v2\/product_brand?post=22889"},{"taxonomy":"product_cat","embeddable":true,"href":"https:\/\/uj.adatbank.ro\/lexikon\/wp-json\/wp\/v2\/product_cat?post=22889"},{"taxonomy":"product_tag","embeddable":true,"href":"https:\/\/uj.adatbank.ro\/lexikon\/wp-json\/wp\/v2\/product_tag?post=22889"}],"curies":[{"name":"wp","href":"https:\/\/api.w.org\/{rel}","templated":true}]}}

TELEKI Polyxena; Poly Len, széki gr; Bornemisza Andrásné

<p>Marosárpatak, 1863. okt. 6., † Marossárpatak, 1933. okt. 12 – földbirtokos Abafáján, Marossárpatakon. –T. Domokos (1825–1897) és magyarbényei Radák Anna lánya. Férjhez ment kászoni br. Bornemisza Andráshoz (1883. okt. 10).). Nem hiteles források szerint a báró politizált, egy alkalommal, amikor Bp.-en járt, ellenségei meggyilkolták (1893 v 95). Felesége sokáig gyászolta. A ref. egyház patrónusa, az úrasztalára a bort ő biztosította (1888). Mivel utóda nem volt, a birtokot és a felső kastélyt oldalági rokon, tancsi T Arctur örökölte. T. Arcturral együtt, építészmérnökök javaslatára, a presbitérium és a gyülekezet beleegyezésével lebontották a régi ref. templomot és újat építettek a Teleki József hathatós támogatásával (1926). Az I. vh. nehéz éveiben segítette a lakosságot, tűzifával látta el az iskolát és az özvegyeket. Patrónusi tevékenységéről megemlékezett a reformáció 400 éves évfordulója alkalmával tartott presbitériumi díszgyűlés (1917. dec.). <br /><strong>– Irod.:</strong> Berekméri–Gálfi; Az Erdélyi Ref. Egyházkerület közgyűlésének jegyzőkönyve (Kv, 1888); Gudenus; Levéltári gyászj.</br></p>

<p>Marosárpatak, 1863. okt. 6., † Marossárpatak, 1933. okt. 12 – földbirtokos Abafáján, Marossárpatakon. –T. Domokos (1825–1897) és magyarbényei Radák Anna lánya. Férjhez ment kászoni br. Bornemisza Andráshoz (1883. okt. 10).). Nem hiteles források szerint a báró politizált, egy alkalommal, amikor Bp.-en járt, ellenségei meggyilkolták (1893 v 95). Felesége sokáig gyászolta. A ref. egyház patrónusa, az [&hellip;]</p>
