{"id":22895,"date":"2025-08-01T17:04:35","date_gmt":"2025-08-01T15:04:35","guid":{"rendered":"https:\/\/uj.adatbank.ro\/lexikon\/termek\/teleki-samuel-szeki-gr-2\/"},"modified":"2025-08-01T17:04:35","modified_gmt":"2025-08-01T15:04:35","slug":"teleki-samuel-szeki-gr-2","status":"publish","type":"product","link":"https:\/\/uj.adatbank.ro\/lexikon\/termek\/teleki-samuel-szeki-gr-2\/","title":{"rendered":"TELEKI S\u00e1muel, sz\u00e9ki gr."},"content":{"rendered":"<p>1817? v. 1819? \u2020 Kv., 1882. \u00e1pr. 11. S\u00e1romberk\u00e9n a csal\u00e1di s\u00edrboltban nyugszik a feles\u00e9g\u00e9vel egy\u00fctt: bank\u00e1r, fels\u0151h\u00e1zi tag. \u2013 Ferenc (1787\u20131861) \u00e9s losonci B\u00e1nffy Erzs\u00e9bet fia. Feles\u00e9ge: gr. Bethlen Erzs\u00e9bet, B. Gy\u00f6rgy \u00e9s B\u00e1nffy \u00c1gnes le\u00e1nya (1818. m\u00e1j. 21., \u2013 B\u00e9cs, 1860. jan. 8.). Gyermekei: S\u00e1muel (1845\u20131916), az az Afrika-kutat\u00f3; \u00c1gnes Zeyk J\u00f3zsefn\u00e9; B\u00e9la (1847\u20131865); Erzs\u00e9bet B\u00e1nffy Zolt\u00e1nn\u00e9. \u2013 Az Erd\u00e9lyi Kereskedelmi- \u00e9s Hitelbank Rt. alap\u00edt\u00f3ja \u00e9s eln\u00f6ke. Fels\u0151h\u00e1zi tag. <br \/><strong>\u2013 Irod.:<\/strong> Bicsok\u2013Orb\u00e1n; Gudenus; Gy\u00e1szjelent\u0151; Kempelen; Lukinich; S\u00e1romberke.<\/br><\/p>\n","protected":false},"excerpt":{"rendered":"<p>1817? v. 1819? \u2020 Kv., 1882. \u00e1pr. 11. S\u00e1romberk\u00e9n a csal\u00e1di s\u00edrboltban nyugszik a feles\u00e9g\u00e9vel egy\u00fctt: bank\u00e1r, fels\u0151h\u00e1zi tag. \u2013 Ferenc (1787\u20131861) \u00e9s losonci B\u00e1nffy Erzs\u00e9bet fia. Feles\u00e9ge: gr. Bethlen Erzs\u00e9bet, B. Gy\u00f6rgy \u00e9s B\u00e1nffy \u00c1gnes le\u00e1nya (1818. m\u00e1j. 21., \u2013 B\u00e9cs, 1860. jan. 8.). Gyermekei: S\u00e1muel (1845\u20131916), az az Afrika-kutat\u00f3; \u00c1gnes Zeyk J\u00f3zsefn\u00e9; B\u00e9la [&hellip;]<\/p>\n","protected":false},"featured_media":0,"comment_status":"open","ping_status":"closed","template":"","meta":[],"product_brand":[],"product_cat":[137],"product_tag":[],"class_list":{"0":"post-22895","1":"product","2":"type-product","3":"status-publish","5":"product_cat-maros-megyei-eletrajzi-lexikon","7":"first","8":"instock","9":"shipping-taxable","10":"product-type-simple"},"_links":{"self":[{"href":"https:\/\/uj.adatbank.ro\/lexikon\/wp-json\/wp\/v2\/product\/22895","targetHints":{"allow":["GET"]}}],"collection":[{"href":"https:\/\/uj.adatbank.ro\/lexikon\/wp-json\/wp\/v2\/product"}],"about":[{"href":"https:\/\/uj.adatbank.ro\/lexikon\/wp-json\/wp\/v2\/types\/product"}],"replies":[{"embeddable":true,"href":"https:\/\/uj.adatbank.ro\/lexikon\/wp-json\/wp\/v2\/comments?post=22895"}],"wp:attachment":[{"href":"https:\/\/uj.adatbank.ro\/lexikon\/wp-json\/wp\/v2\/media?parent=22895"}],"wp:term":[{"taxonomy":"product_brand","embeddable":true,"href":"https:\/\/uj.adatbank.ro\/lexikon\/wp-json\/wp\/v2\/product_brand?post=22895"},{"taxonomy":"product_cat","embeddable":true,"href":"https:\/\/uj.adatbank.ro\/lexikon\/wp-json\/wp\/v2\/product_cat?post=22895"},{"taxonomy":"product_tag","embeddable":true,"href":"https:\/\/uj.adatbank.ro\/lexikon\/wp-json\/wp\/v2\/product_tag?post=22895"}],"curies":[{"name":"wp","href":"https:\/\/api.w.org\/{rel}","templated":true}]}}

TELEKI Sámuel, széki gr.

<p>1817? v. 1819? † Kv., 1882. ápr. 11. Sáromberkén a családi sírboltban nyugszik a feleségével együtt: bankár, felsőházi tag. – Ferenc (1787–1861) és losonci Bánffy Erzsébet fia. Felesége: gr. Bethlen Erzsébet, B. György és Bánffy Ágnes leánya (1818. máj. 21., – Bécs, 1860. jan. 8.). Gyermekei: Sámuel (1845–1916), az az Afrika-kutató; Ágnes Zeyk Józsefné; Béla (1847–1865); Erzsébet Bánffy Zoltánné. – Az Erdélyi Kereskedelmi- és Hitelbank Rt. alapítója és elnöke. Felsőházi tag. <br /><strong>– Irod.:</strong> Bicsok–Orbán; Gudenus; Gyászjelentő; Kempelen; Lukinich; Sáromberke.</br></p>

<p>1817? v. 1819? † Kv., 1882. ápr. 11. Sáromberkén a családi sírboltban nyugszik a feleségével együtt: bankár, felsőházi tag. – Ferenc (1787–1861) és losonci Bánffy Erzsébet fia. Felesége: gr. Bethlen Erzsébet, B. György és Bánffy Ágnes leánya (1818. máj. 21., – Bécs, 1860. jan. 8.). Gyermekei: Sámuel (1845–1916), az az Afrika-kutató; Ágnes Zeyk Józsefné; Béla [&hellip;]</p>
