{"id":22908,"date":"2025-08-01T17:05:10","date_gmt":"2025-08-01T15:05:10","guid":{"rendered":"https:\/\/uj.adatbank.ro\/lexikon\/termek\/teleki-szeki-gr\/"},"modified":"2025-08-01T17:05:10","modified_gmt":"2025-08-01T15:05:10","slug":"teleki-szeki-gr","status":"publish","type":"product","link":"https:\/\/uj.adatbank.ro\/lexikon\/termek\/teleki-szeki-gr\/","title":{"rendered":"TELEKI, sz\u00e9ki gr."},"content":{"rendered":"<p>T\u00f6rt\u00e9neti nevezetess\u00e9g\u0171 csal\u00e1d, a r\u00e9gi Gar\u00e1zda-nemzets\u00e9gb\u0151l s \u00edgy k\u00f6z\u00f6s eredet\u0171 a kihalt horogszegi Szil\u00e1gyi csal\u00e1ddal. K\u00f6z\u00f6s c\u00edmer\u00fcket (1409. febr. 24.) Zsigmond kir\u00e1lyt\u00f3l kapt\u00e1k. A Gar\u00e1zda nemzets\u00e9g szerezte meg t\u00f6bbek k\u00f6z\u00f6tt a csal\u00e1d nev\u00e9t ad\u00f3 Telek b\u00e9k\u00e9smegyei birtokot (1408), majd az egyes \u00e1gak el\u0151nev\u00e9t k\u00e9pez\u0151 Z\u00e1gorhida, Sz\u00e9k, stb. birtokokat (1414). Ezen \u00e1gak fi\u00fa\u00e1gon kihalv\u00e1n, h\u00e1zass\u00e1g \u00fatj\u00e1n valamennyien a sz\u00e9ki Teleki csal\u00e1dban egyes\u00fcltek. A 17. sz.-ban t\u0171ntek fel Erd\u00e9lyben. Els\u0151 ismert tagja Mih\u00e1ly, Bocskai fejedelem test\u0151rkapit\u00e1nya (1605), akinek feles\u00e9ge sz\u00e9ki Gar\u00e1zda Anna r\u00e9v\u00e9n \u00f6r\u00f6k\u00f6lte a fi\u00fa\u00e1gon kihalt Gar\u00e1zda csal\u00e1d birtokait \u00e9s r\u00e9gi c\u00edmer\u00e9t. Fi\u00e1t J\u00e1nost a borosjen\u0151i v\u00e1r kapit\u00e1ny\u00e1t, zar\u00e1ndi f\u0151isp\u00e1nt m\u00e1r sz\u00e9ki el\u0151n\u00e9vvel eml\u00edtett\u00e9k (1636) A csal\u00e1d f\u00e9ny\u00e9nek alapj\u00e1t az \u0151 \u00e9s Bornemisza Anna fia II. Mih\u00e1ly (1643\u20131690.), Apaffi Mih\u00e1ly erd\u00e9lyi fejedelemnek nagyhatalm\u00fa f\u0151kancell\u00e1rja, kora legnagyobb alakjainak egyike vetette meg. Gr\u00f3fi rangot kapott I. Leopoldt\u00f3l (1685). T\u0151le ered a csal\u00e1d. Hal\u00e1la ut\u00e1n, nagy \u00e9rdemeire val\u00f3 tekintettel a csal\u00e1d \u00f6sszes, 1685-t\u0151l kezdve sz\u00fcletett tagja gr\u00f3fi rangra emelkedett (1697. \u00e1pr. 20.). Mih\u00e1ly fiai r\u00f3mai szent birodalmi gr\u00f3fi rangot nyertek \u00e9s c\u00edmerb\u0151v\u00edt\u00e9sben r\u00e9szes\u00fcltek. Hat fia k\u00f6z\u00fcl Mih\u00e1ly a partiumi f\u0151\u00e1gat, S\u00e1ndor (1679\u20131754) a csal\u00e1d erd\u00e9lyi f\u0151\u00e1g\u00e1t alap\u00edtotta meg. A csal\u00e1d r\u00f3m. kath. \u00e9s ev. ref. C\u00edmer: Has\u00edtott \u00e9s k\u00e9tszer v\u00e1gott pajzs, koron\u00e1s sz\u00edv pajzzsal; ebben v\u00f6r\u00f6s mez\u0151ben \u00e1gaskod\u00f3 term. vadkecske, jobb el\u0151l\u00e1b\u00e1ban h\u00e1rom level\u0171 z\u00f6ld \u00e1gat tart. A nagy pajzs: 1. \u00e9s 4. k\u00e9k mez\u0151ben az udvar alj\u00e1n szarvaival f\u00f6lfel\u00e9 ford\u00edtott ez\u00fcst f\u00e9lhold; ezen befel\u00e9 \u00e1gaskod\u00f3 k\u00e9tfark\u00fa arany oroszl\u00e1n, jobb el\u0151l\u00e1b\u00e1ban arany koron\u00e1t tart. 2. \u00e9s 5. aranymez\u0151ben, a has\u00edt\u00e1svonalra t\u00e1masztott fekete f\u00e9l sas. 3. \u00e9s 6. ez\u00fcst mez\u0151ben v\u00f6r\u00f6s c\u00f6l\u00f6p. K\u00e9t sisak; sisakd\u00edszek: 1. befel\u00e9 fordult, kin\u00f6v\u0151 ez\u00fcst egyszarv\u00fa; takar\u00f3: ez\u00fcst-k\u00e9k. 2. befel\u00e9 fordult \u00e1gaskod\u00f3, k\u00e9tfark\u00fa arany oroszl\u00e1n, jobb els\u0151 l\u00e1b\u00e1ban kivont egyenes kardot tart, melynek k\u00f6zep\u00e9re arany korona van h\u00fazva; takar\u00f3: ez\u00fcst-v\u00f6r\u00f6s. A csal\u00e1d 17 sz. m\u00e1sodik fel\u00e9t\u0151l t\u00f6bb tagja meghat\u00e1roz\u00f3 szerepet j\u00e1tszott Erd\u00e9ly k\u00f6z\u00e9let\u00e9ben \u00e9s m\u0171vel\u0151d\u00e9st\u00f6rt\u00e9net\u00e9ben: politikusok, a tudom\u00e1nyos \u00e9let, az egyh\u00e1z, az iskola b\u0151kez\u0171 p\u00e1rtfog\u00f3i voltak, sokan k\u00f6z\u00fcl\u00fck maradand\u00f3 irodalmi alkot\u00e1sokkal tett\u00e9k ismertt\u00e9 nev\u00fcket. A Teleki nemzets\u00e9gnek \u2013 mely a polg\u00e1ri \u00e9s hadi p\u00e1ly\u00e1n annyi z\u00e1szl\u00f3surat, orsz\u00e1gnagyot: kancell\u00e1rokat, korona\u0151r\u00f6ket, f\u0151isp\u00e1nokat, t\u00e1bornokokat, a tudom\u00e1nyos irodalmi t\u00e9ren eg\u00e9sz t\u00e1bort termett, ezen fel\u00fcl m\u00e9g egy t\u00fcnd\u00f6kl\u0151 tulajdons\u00e1ga van, \u00e9s az, hogy sz\u00edvben, nyelvben mindv\u00e9gig magyarok maradtak. A S\u00e1ndor \u00e1ltal alap\u00edtott erd\u00e9lyi \u00e1g kiterjedt birtokokkal rendelkezett: Gernyeszeg, S\u00e1romberke, Maross\u00e1rpatak, Tancs. Kast\u00e9lyok: Maros megy\u00e9ben: Gernyeszeg, Maross\u00e1rpatak, S\u00e1romberke, G\u00f6rg\u00e9nyszentimre, udvarh\u00e1zak: Magyar\u00f3zd, Tancs, Mez\u0151nyulas M\u00e1s megy\u00e9kben: Fels\u0151zsuk (Kolozs), Kendil\u00f3na (Kolozs), Nal\u00e1cv\u00e1d (Hunyad), Paszmos, (Besz.-Nasz.), Koml\u00f3d (Besz.-Nasz.), Als\u00f3r\u00e1kos (Brass\u00f3). Kript\u00e1k: Gernyeszeg: kripta \u00e9s templom, Maross\u00e1rpatak, S\u00e1romberke. <br \/><strong>\u2013 Irod.:<\/strong> Bagyinszki; Bajza J\u00f3zsef \u00f6sszegy\u0171jt\u00f6tt munk\u00e1i (Pest, 1861\u201363; 1899\u20131900); B\u00e1rczay Oszk\u00e1r: A heraldika k\u00e9zik\u00f6nyve (Bp., 1897); Benk\u0151 J\u00f3zsef: Transsilvania (Vindobonae, 1777\u201378); Be\u00f6thy \u00c1kos: A magyar \u00e1llamis\u00e1g fejl\u0151d\u00e9se, k\u00fczdelmei (Bp., ? \u20131906.); Bi\u00e1s Istv\u00e1n: Bet\u0171soros kimutat\u00e1sa a sz\u00e9ki gr. Teleki-nemzets\u00e9g mv.-i lev\u00e9lt\u00e1r\u00e1ban eredetiben, tov\u00e1bb\u00e1 hiteles \u00e9s egyszer\u0171 m\u00e1solatban \u0151rz\u00f6tt gr\u00f3fi, b\u00e1r\u00f3i, honoss\u00e1gi \u00e9s nemess\u00e9gi okleveleknek (Mv., 1911); Bi\u00e1s Istv\u00e1n: A R\u00f3mai Szent Birodalmi sz\u00e9ki gr. Teleki-nemzets\u00e9g mv.-i lev\u00e9lt\u00e1r\u00e1ban \u0151rz\u00f6tt eredeti okiratokon lev\u0151 c\u00edmeres pecs\u00e9tek bet\u0171soros jegyz\u00e9ke (Mv., 1909); Bicsok\u2013Orb\u00e1n; B\u00edr\u00f3 J\u00f3zsef: A gernyeszegi Teleki kast\u00e9ly (Bp., 1938); De\u00e1k Farkas: A bujdos\u00f3k lev\u00e9lt\u00e1ra: A gr. Teleki csal\u00e1d mv.-i lev\u00e9lt\u00e1r\u00e1b\u00f3l (Bp., 1883); Fej\u00e9rpataky L\u00e1szl\u00f3: Magyar c\u00edmeres eml\u00e9kek (Bp., 1901\u201302); Genius kislexikona (Bp., 1930), Gudenus; Hellebrant \u00c1rp\u00e1d: Mo.-i \u0151snyomtatv\u00e1nyok a MTA k\u00f6nyvt\u00e1r\u00e1ban (Bp., 1880); Hoffmann Edit: Az OMSZM grafikai oszt\u00e1ly 86. ki\u00e1ll\u00edt\u00e1sa (Bp., 1940); Genealogischen Taschenbuch der deutschen gr\u00e4flichen H\u00e4user auf der Jahr 1844 (Gotha, 1844), Id\u0151t\u00e1r 2; Ifj\u00fas\u00e1got k\u00e9pz\u0151 ismeretek-t\u00e1ra (B\u00e9cs, 1840\u201342); Kempelen, K\u00f6bl\u00f6s Zolt\u00e1n: Magyar csal\u00e1dt\u00f6rt\u00e9neti k\u00f6nyv\u00e9szet 1472\u20131905 (Kv., 1909); Kazinczy Ferenc: A hajdan Gar\u00e1zda-ma m\u00e1r sz\u00e9ki gr. Teleki-h\u00e1z el\u00e1gaz\u00e1sa; K\u0151r\u00f6si Gyula: Eml\u00e9klapok a gr. Teleki csal\u00e1d t\u00f6rt\u00e9net\u00e9b\u0151l); K\u0151v\u00e1r; K\u0151v\u00e1ry L\u00e1szl\u00f3; Magyar l\u00e9lek-magyar munka \u00edr\u00e1sban \u00e9s k\u00e9pben (Bp., 1943); Magyaro. c\u00edmeres k\u00f6nyve (Bp., 1913); Makkai L\u00e1szl\u00f3: A magyar k\u00f6nyvgy\u0171jt\u0151 k\u00e9zik\u00f6nyve (Bp., 1939); MNZS; Nagy Iv\u00e1n, P\u00e1lmay; Pint\u00e9r; Pokoly; A R\u00f3mai Szent Birodalmi gr. sz\u00e9ki Teleki csal\u00e1d oklev\u00e9lt\u00e1ra (Bp., 1895); S\u00e1ndor; Szentp\u00e9teri Imre: K\u00f6z\u00e9pkori oklev\u00e9lsz\u00f6vegek (Bp., 1927), Szil\u00e1gyi; Szinnyey J\u00f3zsef: Sz\u00e9ki gr\u00f3f Teleki csal\u00e1d \u00edr\u00f3i (Bp., 1910); Transilvania; \u00daIL; \u00daIT; \u00daj lexikon.<\/br><\/p>\n","protected":false},"excerpt":{"rendered":"<p>T\u00f6rt\u00e9neti nevezetess\u00e9g\u0171 csal\u00e1d, a r\u00e9gi Gar\u00e1zda-nemzets\u00e9gb\u0151l s \u00edgy k\u00f6z\u00f6s eredet\u0171 a kihalt horogszegi Szil\u00e1gyi csal\u00e1ddal. K\u00f6z\u00f6s c\u00edmer\u00fcket (1409. febr. 24.) Zsigmond kir\u00e1lyt\u00f3l kapt\u00e1k. A Gar\u00e1zda nemzets\u00e9g szerezte meg t\u00f6bbek k\u00f6z\u00f6tt a csal\u00e1d nev\u00e9t ad\u00f3 Telek b\u00e9k\u00e9smegyei birtokot (1408), majd az egyes \u00e1gak el\u0151nev\u00e9t k\u00e9pez\u0151 Z\u00e1gorhida, Sz\u00e9k, stb. birtokokat (1414). Ezen \u00e1gak fi\u00fa\u00e1gon kihalv\u00e1n, h\u00e1zass\u00e1g \u00fatj\u00e1n [&hellip;]<\/p>\n","protected":false},"featured_media":0,"comment_status":"open","ping_status":"closed","template":"","meta":[],"product_brand":[],"product_cat":[137],"product_tag":[],"class_list":{"0":"post-22908","1":"product","2":"type-product","3":"status-publish","5":"product_cat-maros-megyei-eletrajzi-lexikon","7":"first","8":"instock","9":"shipping-taxable","10":"product-type-simple"},"_links":{"self":[{"href":"https:\/\/uj.adatbank.ro\/lexikon\/wp-json\/wp\/v2\/product\/22908","targetHints":{"allow":["GET"]}}],"collection":[{"href":"https:\/\/uj.adatbank.ro\/lexikon\/wp-json\/wp\/v2\/product"}],"about":[{"href":"https:\/\/uj.adatbank.ro\/lexikon\/wp-json\/wp\/v2\/types\/product"}],"replies":[{"embeddable":true,"href":"https:\/\/uj.adatbank.ro\/lexikon\/wp-json\/wp\/v2\/comments?post=22908"}],"wp:attachment":[{"href":"https:\/\/uj.adatbank.ro\/lexikon\/wp-json\/wp\/v2\/media?parent=22908"}],"wp:term":[{"taxonomy":"product_brand","embeddable":true,"href":"https:\/\/uj.adatbank.ro\/lexikon\/wp-json\/wp\/v2\/product_brand?post=22908"},{"taxonomy":"product_cat","embeddable":true,"href":"https:\/\/uj.adatbank.ro\/lexikon\/wp-json\/wp\/v2\/product_cat?post=22908"},{"taxonomy":"product_tag","embeddable":true,"href":"https:\/\/uj.adatbank.ro\/lexikon\/wp-json\/wp\/v2\/product_tag?post=22908"}],"curies":[{"name":"wp","href":"https:\/\/api.w.org\/{rel}","templated":true}]}}

TELEKI, széki gr.

<p>Történeti nevezetességű család, a régi Garázda-nemzetségből s így közös eredetű a kihalt horogszegi Szilágyi családdal. Közös címerüket (1409. febr. 24.) Zsigmond királytól kapták. A Garázda nemzetség szerezte meg többek között a család nevét adó Telek békésmegyei birtokot (1408), majd az egyes ágak előnevét képező Zágorhida, Szék, stb. birtokokat (1414). Ezen ágak fiúágon kihalván, házasság útján valamennyien a széki Teleki családban egyesültek. A 17. sz.-ban tűntek fel Erdélyben. Első ismert tagja Mihály, Bocskai fejedelem testőrkapitánya (1605), akinek felesége széki Garázda Anna révén örökölte a fiúágon kihalt Garázda család birtokait és régi címerét. Fiát Jánost a borosjenői vár kapitányát, zarándi főispánt már széki előnévvel említették (1636) A család fényének alapját az ő és Bornemisza Anna fia II. Mihály (1643–1690.), Apaffi Mihály erdélyi fejedelemnek nagyhatalmú főkancellárja, kora legnagyobb alakjainak egyike vetette meg. Grófi rangot kapott I. Leopoldtól (1685). Tőle ered a család. Halála után, nagy érdemeire való tekintettel a család összes, 1685-től kezdve született tagja grófi rangra emelkedett (1697. ápr. 20.). Mihály fiai római szent birodalmi grófi rangot nyertek és címerbővítésben részesültek. Hat fia közül Mihály a partiumi főágat, Sándor (1679–1754) a család erdélyi főágát alapította meg. A család róm. kath. és ev. ref. Címer: Hasított és kétszer vágott pajzs, koronás szív pajzzsal; ebben vörös mezőben ágaskodó term. vadkecske, jobb előlábában három levelű zöld ágat tart. A nagy pajzs: 1. és 4. kék mezőben az udvar alján szarvaival fölfelé fordított ezüst félhold; ezen befelé ágaskodó kétfarkú arany oroszlán, jobb előlábában arany koronát tart. 2. és 5. aranymezőben, a hasításvonalra támasztott fekete fél sas. 3. és 6. ezüst mezőben vörös cölöp. Két sisak; sisakdíszek: 1. befelé fordult, kinövő ezüst egyszarvú; takaró: ezüst-kék. 2. befelé fordult ágaskodó, kétfarkú arany oroszlán, jobb első lábában kivont egyenes kardot tart, melynek közepére arany korona van húzva; takaró: ezüst-vörös. A család 17 sz. második felétől több tagja meghatározó szerepet játszott Erdély közéletében és művelődéstörténetében: politikusok, a tudományos élet, az egyház, az iskola bőkezű pártfogói voltak, sokan közülük maradandó irodalmi alkotásokkal tették ismertté nevüket. A Teleki nemzetségnek – mely a polgári és hadi pályán annyi zászlósurat, országnagyot: kancellárokat, koronaőröket, főispánokat, tábornokokat, a tudományos irodalmi téren egész tábort termett, ezen felül még egy tündöklő tulajdonsága van, és az, hogy szívben, nyelvben mindvégig magyarok maradtak. A Sándor által alapított erdélyi ág kiterjedt birtokokkal rendelkezett: Gernyeszeg, Sáromberke, Marossárpatak, Tancs. Kastélyok: Maros megyében: Gernyeszeg, Marossárpatak, Sáromberke, Görgényszentimre, udvarházak: Magyarózd, Tancs, Mezőnyulas Más megyékben: Felsőzsuk (Kolozs), Kendilóna (Kolozs), Nalácvád (Hunyad), Paszmos, (Besz.-Nasz.), Komlód (Besz.-Nasz.), Alsórákos (Brassó). Kripták: Gernyeszeg: kripta és templom, Marossárpatak, Sáromberke. <br /><strong>– Irod.:</strong> Bagyinszki; Bajza József összegyűjtött munkái (Pest, 1861–63; 1899–1900); Bárczay Oszkár: A heraldika kézikönyve (Bp., 1897); Benkő József: Transsilvania (Vindobonae, 1777–78); Beöthy Ákos: A magyar államiság fejlődése, küzdelmei (Bp., ? –1906.); Biás István: Betűsoros kimutatása a széki gr. Teleki-nemzetség mv.-i levéltárában eredetiben, továbbá hiteles és egyszerű másolatban őrzött grófi, bárói, honossági és nemességi okleveleknek (Mv., 1911); Biás István: A Római Szent Birodalmi széki gr. Teleki-nemzetség mv.-i levéltárában őrzött eredeti okiratokon levő címeres pecsétek betűsoros jegyzéke (Mv., 1909); Bicsok–Orbán; Bíró József: A gernyeszegi Teleki kastély (Bp., 1938); Deák Farkas: A bujdosók levéltára: A gr. Teleki család mv.-i levéltárából (Bp., 1883); Fejérpataky László: Magyar címeres emlékek (Bp., 1901–02); Genius kislexikona (Bp., 1930), Gudenus; Hellebrant Árpád: Mo.-i ősnyomtatványok a MTA könyvtárában (Bp., 1880); Hoffmann Edit: Az OMSZM grafikai osztály 86. kiállítása (Bp., 1940); Genealogischen Taschenbuch der deutschen gräflichen Häuser auf der Jahr 1844 (Gotha, 1844), Időtár 2; Ifjúságot képző ismeretek-tára (Bécs, 1840–42); Kempelen, Köblös Zoltán: Magyar családtörténeti könyvészet 1472–1905 (Kv., 1909); Kazinczy Ferenc: A hajdan Garázda-ma már széki gr. Teleki-ház elágazása; Kőrösi Gyula: Emléklapok a gr. Teleki család történetéből); Kővár; Kőváry László; Magyar lélek-magyar munka írásban és képben (Bp., 1943); Magyaro. címeres könyve (Bp., 1913); Makkai László: A magyar könyvgyűjtő kézikönyve (Bp., 1939); MNZS; Nagy Iván, Pálmay; Pintér; Pokoly; A Római Szent Birodalmi gr. széki Teleki család oklevéltára (Bp., 1895); Sándor; Szentpéteri Imre: Középkori oklevélszövegek (Bp., 1927), Szilágyi; Szinnyey József: Széki gróf Teleki család írói (Bp., 1910); Transilvania; ÚIL; ÚIT; Új lexikon.</br></p>

<p>Történeti nevezetességű család, a régi Garázda-nemzetségből s így közös eredetű a kihalt horogszegi Szilágyi családdal. Közös címerüket (1409. febr. 24.) Zsigmond királytól kapták. A Garázda nemzetség szerezte meg többek között a család nevét adó Telek békésmegyei birtokot (1408), majd az egyes ágak előnevét képező Zágorhida, Szék, stb. birtokokat (1414). Ezen ágak fiúágon kihalván, házasság útján [&hellip;]</p>
