{"id":22909,"date":"2025-08-01T17:05:12","date_gmt":"2025-08-01T15:05:12","guid":{"rendered":"https:\/\/uj.adatbank.ro\/lexikon\/termek\/teleki-v-jozsef-%c2%a7-szeki-gr\/"},"modified":"2025-08-01T17:05:12","modified_gmt":"2025-08-01T15:05:12","slug":"teleki-v-jozsef-%c2%a7-szeki-gr","status":"publish","type":"product","link":"https:\/\/uj.adatbank.ro\/lexikon\/termek\/teleki-v-jozsef-%c2%a7-szeki-gr\/","title":{"rendered":"TELEKI V. J\u00f3zsef, \u00a7 sz\u00e9ki gr."},"content":{"rendered":"<p>Pest, 1790. okt. 20. \u2020 ? 1855. febr. 6: t\u00f6rt\u00e9n\u00e9sz, erd\u00e9lyi korm\u00e1nybiztos, f\u0151korm\u00e1nyz\u00f3, a jobb\u00e1gyfelszabad\u00edt\u00e1s h\u00edve. \u2013 T. L\u00e1szl\u00f3 (1764\u20131821) \u00e9s sz\u00e9ki gr. Teleki M\u00e1ria (\u2020 B\u00e9cs 1800. \u00e1pr. 23.) fia. A kir. t\u00e1bla b\u00edr\u00e1ja (1824), Csan\u00e1dmegye f\u0151isp\u00e1nja (1828\u201330), korona\u0151r (1840), korm\u00e1nysz\u00e9ki f\u0151kincst\u00e1rnok, Erd\u00e9ly f\u0151korm\u00e1nyz\u00f3ja visszal\u00e9p\u00e9s\u00e9ig (1842. \u00e1pr. 7.\u201348). Szorgalmazta a bankjegyek ez\u00fcstp\u00e9nzre val\u00f3 v\u00e1lt\u00e1s\u00e1t \u00e9s az orsz\u00e1ggy\u0171l\u00e9s \u00f6sszeh\u00edv\u00e1s\u00e1t (1848). A MTA eln\u00f6ke t\u00f6rt\u00e9n\u00e9sz. Gazdag k\u00f6nyvt\u00e1r\u00e1t 30 000 k\u00f6tetet, a MTA-nak aj\u00e1nd\u00e9kozta (1826), ebb\u0151l alakult \u00e9s \u00e9p\u00edtkezett tov\u00e1bb a MTA k\u00f6nyvt\u00e1ra. Az EME egyik alap\u00edt\u00f3ja. T\u00f6rt\u00e9n\u00e9szk\u00e9nt a Hunyadiak kor\u00e1t tanulm\u00e1nyozta. Fontos szerepe volt S\u00e1rm\u00e1s k\u00f6zs\u00e9g t\u00f6rt\u00e9net\u00e9ben, mert ismerve a falu t\u00f6rt\u00e9net\u00e9t, katolikus vall\u00e1sa ellen\u00e9re, v\u00e9grendelet\u00e9ben 5000 hold birtokot adom\u00e1nyozott a falunak, reform\u00e1tus vall\u00e1s\u00fa telepesek sz\u00e1m\u00e1ra. Az 1848-as forradalom k\u00f6vetkezm\u00e9nyek\u00e9nt, csak k\u00e9s\u0151bb \u00e9p\u00edtett\u00e9k a telepes h\u00e1zakat (1894\u2013), amelyekbe Gy\u0151rb\u0151l, Kom\u00e1rom megy\u00e9b\u0151l \u00e9s Toln\u00e1b\u00f3l \u00e9rkeztek telepesek, akiknek egy r\u00e9sze visszament (1902 k.). Ref. f\u0151gondnok. Megv\u00e1s\u00e1rolt\u00e1k a Kaszin\u00f3 r\u00e9sz\u00e9re arck\u00e9p\u00e9t (1848). Mv.-en gy\u00e1szistentiszteleten eml\u00e9keztek meg a ref. r\u00f3la (1855). \u2013  <strong>F. m..:<\/strong> Hunyadiak kora Magyarorsz\u00e1gon (Pest, 1857). <br \/><strong>\u2013 Irod.:<\/strong> 1848\u20131849 Marossz\u00e9k; Castellum \u00c9rtes\u00edt\u0151 (2000, 3. sz.); Halotti besz\u00e9dek; Husz\u00e1r Andr\u00e1s: Erd\u00e9ly utols\u00f3 rendi orsz\u00e1ggy\u0171l\u00e9se (N\u00fa., 1998. m\u00e1j. 30.); Id\u0151t\u00e1r 2; Kelemen Lajos 2006; MNL; Mo. F\u0151isp\u00e1njai; Nagy Iv\u00e1n; Szab\u00f3 \u00c1d\u00e1m: T. J. (1790\u20131855) tudom\u00e1nyos jelent\u0151s\u00e9ge (Telekiek); Visszatekint\u0151: [Hermann J\u00e1nos ref. lelk\u00e9sz t\u00f6rt\u00e9neti \u00f6sszefoglal\u00f3ja] (N\u00fa., 1993. aug. 17.).<\/br><\/p>\n","protected":false},"excerpt":{"rendered":"<p>Pest, 1790. okt. 20. \u2020 ? 1855. febr. 6: t\u00f6rt\u00e9n\u00e9sz, erd\u00e9lyi korm\u00e1nybiztos, f\u0151korm\u00e1nyz\u00f3, a jobb\u00e1gyfelszabad\u00edt\u00e1s h\u00edve. \u2013 T. L\u00e1szl\u00f3 (1764\u20131821) \u00e9s sz\u00e9ki gr. Teleki M\u00e1ria (\u2020 B\u00e9cs 1800. \u00e1pr. 23.) fia. A kir. t\u00e1bla b\u00edr\u00e1ja (1824), Csan\u00e1dmegye f\u0151isp\u00e1nja (1828\u201330), korona\u0151r (1840), korm\u00e1nysz\u00e9ki f\u0151kincst\u00e1rnok, Erd\u00e9ly f\u0151korm\u00e1nyz\u00f3ja visszal\u00e9p\u00e9s\u00e9ig (1842. \u00e1pr. 7.\u201348). Szorgalmazta a bankjegyek ez\u00fcstp\u00e9nzre val\u00f3 v\u00e1lt\u00e1s\u00e1t [&hellip;]<\/p>\n","protected":false},"featured_media":0,"comment_status":"open","ping_status":"closed","template":"","meta":[],"product_brand":[],"product_cat":[137],"product_tag":[],"class_list":{"0":"post-22909","1":"product","2":"type-product","3":"status-publish","5":"product_cat-maros-megyei-eletrajzi-lexikon","7":"first","8":"instock","9":"shipping-taxable","10":"product-type-simple"},"_links":{"self":[{"href":"https:\/\/uj.adatbank.ro\/lexikon\/wp-json\/wp\/v2\/product\/22909","targetHints":{"allow":["GET"]}}],"collection":[{"href":"https:\/\/uj.adatbank.ro\/lexikon\/wp-json\/wp\/v2\/product"}],"about":[{"href":"https:\/\/uj.adatbank.ro\/lexikon\/wp-json\/wp\/v2\/types\/product"}],"replies":[{"embeddable":true,"href":"https:\/\/uj.adatbank.ro\/lexikon\/wp-json\/wp\/v2\/comments?post=22909"}],"wp:attachment":[{"href":"https:\/\/uj.adatbank.ro\/lexikon\/wp-json\/wp\/v2\/media?parent=22909"}],"wp:term":[{"taxonomy":"product_brand","embeddable":true,"href":"https:\/\/uj.adatbank.ro\/lexikon\/wp-json\/wp\/v2\/product_brand?post=22909"},{"taxonomy":"product_cat","embeddable":true,"href":"https:\/\/uj.adatbank.ro\/lexikon\/wp-json\/wp\/v2\/product_cat?post=22909"},{"taxonomy":"product_tag","embeddable":true,"href":"https:\/\/uj.adatbank.ro\/lexikon\/wp-json\/wp\/v2\/product_tag?post=22909"}],"curies":[{"name":"wp","href":"https:\/\/api.w.org\/{rel}","templated":true}]}}

TELEKI V. József, § széki gr.

<p>Pest, 1790. okt. 20. † ? 1855. febr. 6: történész, erdélyi kormánybiztos, főkormányzó, a jobbágyfelszabadítás híve. – T. László (1764–1821) és széki gr. Teleki Mária († Bécs 1800. ápr. 23.) fia. A kir. tábla bírája (1824), Csanádmegye főispánja (1828–30), koronaőr (1840), kormányszéki főkincstárnok, Erdély főkormányzója visszalépéséig (1842. ápr. 7.–48). Szorgalmazta a bankjegyek ezüstpénzre való váltását és az országgyűlés összehívását (1848). A MTA elnöke történész. Gazdag könyvtárát 30 000 kötetet, a MTA-nak ajándékozta (1826), ebből alakult és építkezett tovább a MTA könyvtára. Az EME egyik alapítója. Történészként a Hunyadiak korát tanulmányozta. Fontos szerepe volt Sármás község történetében, mert ismerve a falu történetét, katolikus vallása ellenére, végrendeletében 5000 hold birtokot adományozott a falunak, református vallású telepesek számára. Az 1848-as forradalom következményeként, csak később építették a telepes házakat (1894–), amelyekbe Győrből, Komárom megyéből és Tolnából érkeztek telepesek, akiknek egy része visszament (1902 k.). Ref. főgondnok. Megvásárolták a Kaszinó részére arcképét (1848). Mv.-en gyászistentiszteleten emlékeztek meg a ref. róla (1855). –  <strong>F. m..:</strong> Hunyadiak kora Magyarországon (Pest, 1857). <br /><strong>– Irod.:</strong> 1848–1849 Marosszék; Castellum Értesítő (2000, 3. sz.); Halotti beszédek; Huszár András: Erdély utolsó rendi országgyűlése (Nú., 1998. máj. 30.); Időtár 2; Kelemen Lajos 2006; MNL; Mo. Főispánjai; Nagy Iván; Szabó Ádám: T. J. (1790–1855) tudományos jelentősége (Telekiek); Visszatekintő: [Hermann János ref. lelkész történeti összefoglalója] (Nú., 1993. aug. 17.).</br></p>

<p>Pest, 1790. okt. 20. † ? 1855. febr. 6: történész, erdélyi kormánybiztos, főkormányzó, a jobbágyfelszabadítás híve. – T. László (1764–1821) és széki gr. Teleki Mária († Bécs 1800. ápr. 23.) fia. A kir. tábla bírája (1824), Csanádmegye főispánja (1828–30), koronaőr (1840), kormányszéki főkincstárnok, Erdély főkormányzója visszalépéséig (1842. ápr. 7.–48). Szorgalmazta a bankjegyek ezüstpénzre való váltását [&hellip;]</p>
