{"id":22911,"date":"2025-08-01T17:05:17","date_gmt":"2025-08-01T15:05:17","guid":{"rendered":"https:\/\/uj.adatbank.ro\/lexikon\/termek\/teleki-zsofia-szeki-gr-teleki-jozsefne\/"},"modified":"2025-08-01T17:05:17","modified_gmt":"2025-08-01T15:05:17","slug":"teleki-zsofia-szeki-gr-teleki-jozsefne","status":"publish","type":"product","link":"https:\/\/uj.adatbank.ro\/lexikon\/termek\/teleki-zsofia-szeki-gr-teleki-jozsefne\/","title":{"rendered":"TELEKI Zs\u00f3fia, sz\u00e9ki gr, Teleki J\u00f3zsefn\u00e9"},"content":{"rendered":"<p>1784. dec. 4., \u2020 Gernyeszeg, 1844. aug. 10: birtokos gr.- T. Lajos (\u2020 1815) v. b. t. t, . \u00e9s nagyszalontai \u00e9s feketeb\u00e1tori Tholdy S\u00e1ra le\u00e1nya. F\u00e9rje sz\u00e9ki gr. Teleki J\u00f3zsef korm\u00e1nysz\u00e9ki tan\u00e1csos (1777\u20131817). Gyermekei: Julianna \u2013 gr. Tisza Lajosn\u00e9 (1805\u20131863), Domokos (1810\u20131876), Borb\u00e1la \u2013 R\u00e1day Gedeonn\u00e9 (1811\u20131841), Zs\u00f3fia \u2013 Bethlen J\u00e1nosn\u00e9 (1815\u20131852), Jozefa \u2013 Zeyk J\u00f3zsefn\u00e9. Gernyeszegen befejezt\u00e9k a kast\u00e9ly \u00fajj\u00e1alak\u00edt\u00e1s\u00e1t, jav\u00edt\u00e1s\u00e1t (1802) amelyet m\u00e9g Teleki L\u00e1szl\u00f3 kezdett el (1772). F\u00e9rje hal\u00e1la ut\u00e1n 6 kiskor\u00fa gyermekkel maradt \u00f6zvegyen (1817). M\u0171v\u00e9szetszeret\u0151 l\u00e9lek volt, a gernyeszegi parkban m\u0171v\u00e9szi eml\u00e9koszlopot \u00e1ll\u00edttatott f\u00e9rj\u00e9nek. Kv.-on a r\u00e9gi K\u00fcl-Monostor utc\u00e1ban klasszicista palot\u00e1t \u00e9p\u00edttetett, amely ma is \u00e1ll. F\u00e9rje hal\u00e1la ut\u00e1n is t\u00e1mogatta a mv.-i k\u00f3rh\u00e1zat anyagilag, egy-egy \u00e9vben k\u00e9t h\u00f3napig fedezte a k\u00f3rh\u00e1z kiad\u00e1sait. <br \/><strong>\u2013 Irod.:<\/strong> B\u00edr\u00f3 J\u00f3zsef: A gernyeszegi Teleki kast\u00e9ly (Bp., 1938); Gudenus; Lukinich; Nagy Iv\u00e1n; Szotyori.<\/br><\/p>\n","protected":false},"excerpt":{"rendered":"<p>1784. dec. 4., \u2020 Gernyeszeg, 1844. aug. 10: birtokos gr.- T. Lajos (\u2020 1815) v. b. t. t, . \u00e9s nagyszalontai \u00e9s feketeb\u00e1tori Tholdy S\u00e1ra le\u00e1nya. F\u00e9rje sz\u00e9ki gr. Teleki J\u00f3zsef korm\u00e1nysz\u00e9ki tan\u00e1csos (1777\u20131817). Gyermekei: Julianna \u2013 gr. Tisza Lajosn\u00e9 (1805\u20131863), Domokos (1810\u20131876), Borb\u00e1la \u2013 R\u00e1day Gedeonn\u00e9 (1811\u20131841), Zs\u00f3fia \u2013 Bethlen J\u00e1nosn\u00e9 (1815\u20131852), Jozefa \u2013 [&hellip;]<\/p>\n","protected":false},"featured_media":0,"comment_status":"open","ping_status":"closed","template":"","meta":[],"product_brand":[],"product_cat":[137],"product_tag":[],"class_list":{"0":"post-22911","1":"product","2":"type-product","3":"status-publish","5":"product_cat-maros-megyei-eletrajzi-lexikon","7":"first","8":"instock","9":"shipping-taxable","10":"product-type-simple"},"_links":{"self":[{"href":"https:\/\/uj.adatbank.ro\/lexikon\/wp-json\/wp\/v2\/product\/22911","targetHints":{"allow":["GET"]}}],"collection":[{"href":"https:\/\/uj.adatbank.ro\/lexikon\/wp-json\/wp\/v2\/product"}],"about":[{"href":"https:\/\/uj.adatbank.ro\/lexikon\/wp-json\/wp\/v2\/types\/product"}],"replies":[{"embeddable":true,"href":"https:\/\/uj.adatbank.ro\/lexikon\/wp-json\/wp\/v2\/comments?post=22911"}],"wp:attachment":[{"href":"https:\/\/uj.adatbank.ro\/lexikon\/wp-json\/wp\/v2\/media?parent=22911"}],"wp:term":[{"taxonomy":"product_brand","embeddable":true,"href":"https:\/\/uj.adatbank.ro\/lexikon\/wp-json\/wp\/v2\/product_brand?post=22911"},{"taxonomy":"product_cat","embeddable":true,"href":"https:\/\/uj.adatbank.ro\/lexikon\/wp-json\/wp\/v2\/product_cat?post=22911"},{"taxonomy":"product_tag","embeddable":true,"href":"https:\/\/uj.adatbank.ro\/lexikon\/wp-json\/wp\/v2\/product_tag?post=22911"}],"curies":[{"name":"wp","href":"https:\/\/api.w.org\/{rel}","templated":true}]}}

TELEKI Zsófia, széki gr, Teleki Józsefné

<p>1784. dec. 4., † Gernyeszeg, 1844. aug. 10: birtokos gr.- T. Lajos († 1815) v. b. t. t, . és nagyszalontai és feketebátori Tholdy Sára leánya. Férje széki gr. Teleki József kormányszéki tanácsos (1777–1817). Gyermekei: Julianna – gr. Tisza Lajosné (1805–1863), Domokos (1810–1876), Borbála – Ráday Gedeonné (1811–1841), Zsófia – Bethlen Jánosné (1815–1852), Jozefa – Zeyk Józsefné. Gernyeszegen befejezték a kastély újjáalakítását, javítását (1802) amelyet még Teleki László kezdett el (1772). Férje halála után 6 kiskorú gyermekkel maradt özvegyen (1817). Művészetszerető lélek volt, a gernyeszegi parkban művészi emlékoszlopot állíttatott férjének. Kv.-on a régi Kül-Monostor utcában klasszicista palotát építtetett, amely ma is áll. Férje halála után is támogatta a mv.-i kórházat anyagilag, egy-egy évben két hónapig fedezte a kórház kiadásait. <br /><strong>– Irod.:</strong> Bíró József: A gernyeszegi Teleki kastély (Bp., 1938); Gudenus; Lukinich; Nagy Iván; Szotyori.</br></p>

<p>1784. dec. 4., † Gernyeszeg, 1844. aug. 10: birtokos gr.- T. Lajos († 1815) v. b. t. t, . és nagyszalontai és feketebátori Tholdy Sára leánya. Férje széki gr. Teleki József kormányszéki tanácsos (1777–1817). Gyermekei: Julianna – gr. Tisza Lajosné (1805–1863), Domokos (1810–1876), Borbála – Ráday Gedeonné (1811–1841), Zsófia – Bethlen Jánosné (1815–1852), Jozefa – [&hellip;]</p>
