{"id":22917,"date":"2025-08-01T17:05:33","date_gmt":"2025-08-01T15:05:33","guid":{"rendered":"https:\/\/uj.adatbank.ro\/lexikon\/termek\/teleky-dezso-%c2%a7\/"},"modified":"2025-08-01T17:05:33","modified_gmt":"2025-08-01T15:05:33","slug":"teleky-dezso-%c2%a7","status":"publish","type":"product","link":"https:\/\/uj.adatbank.ro\/lexikon\/termek\/teleky-dezso-%c2%a7\/","title":{"rendered":"TELEKY Dezs\u0151, \u00a7"},"content":{"rendered":"<p>Konca (Feh\u00e9r), 1879, \u2020 Ny\u00e1r\u00e1dremete, 1953. dec. 21.: jog\u00e1sz, k\u00f6lt\u0151, \u00edr\u00f3, n\u00e9ptan\u00edt\u00f3. \u2013 A Telekiek d\u00e1lnoki \u00e1g\u00e1b\u00f3l sz\u00e1rmazott. T. J\u00f3zsef, f\u0151szolgab\u00edr\u00f3 \u00e9s Sz\u00f6gy\u00e9ny Gabriella fia.Testv\u00e9rei: Ilona, Margit, J\u00f3zsef \u00e9s G\u00e1bor. Sz\u00fclei kor\u00e1n elhaltak. A soproni nagyb\u00e1tyjuk, Sz\u00f6gy\u00e9ny B\u00e9la \u00e9s feles\u00e9ge, S\u00e1ghy Emilia Alvincre k\u00f6lt\u00f6ztek \u00e9s v\u00e1llalt\u00e1k a gyerekek gondoz\u00e1s\u00e1t. A tesv\u00e9rei is gyermekk\u00e9nt hunytak el. Feles\u00e9ge: Barab\u00e1s Piroska. Gyermekeik: J\u00f3zsef (1904\u2013?), Dezs\u0151, az 5. Teleky P\u00e1l (1923\u2013?). Gyulafeh\u00e9rv\u00e1ron \u00e9retts\u00e9gizett. Pozsonyban v\u00e9gezte a jogot, majd szolgab\u00edr\u00f3: Alvincen, T\u00f6visen, Verespatakon \u00e9s V\u00edzakn\u00e1n. Meg\u00edrta a Tervezetek a k\u00f6zigazgat\u00e1s reformj\u00e1r\u00f3l, k\u00fcl\u00f6n\u00f6s tekintettel a k\u00f6zs\u00e9gekre c. nagyszab\u00e1s\u00fa tanulm\u00e1ny\u00e1t a helyi adminisztr\u00e1ci\u00f3 \u00e1tszervez\u00e9s\u00e9r\u0151l \u00e9s a szem\u00e9lyazonoss\u00e1gi igazolv\u00e1nyok bevezet\u00e9s\u00e9nek sz\u00fcks\u00e9gess\u00e9g\u00e9r\u0151l (1913). Megtagadta az \u00e1llami esk\u00fct\u00e9telt, ez\u00e9rt a rom\u00e1n kir\u00e1lyi hat\u00f3s\u00e1gok, k\u00e1rp\u00f3tl\u00e1s \u00e9s nyugd\u00edj n\u00e9lk\u00fcl, elt\u00e1vol\u00edtott\u00e1k f\u0151szolgab\u00edr\u00f3i \u00e1ll\u00e1s\u00e1b\u00f3l. Alvincre, majd Brass\u00f3ba k\u00f6lt\u00f6z\u00f6tt. Az \u00edr\u00e1sb\u00f3l pr\u00f3b\u00e1lja fenntartani n\u00e9pes csal\u00e1dj\u00e1t. T\u00f6bb erd\u00e9lyi sajt\u00f3term\u00e9knek volt munkat\u00e1rsa, \u00e9s \u0151 szerkesztette a Brass\u00f3i Lapok gyerekrovat\u00e1t.\u00cdrt gyermekverseket, mes\u00e9ket, \u00e1llatmes\u00e9ket, kalandos t\u00f6rt\u00e9neteket, maga k\u00e9sz\u00edtett illusztr\u00e1ci\u00f3kkal. Megv\u00e1lt a Brass\u00f3i Lapok (1927) \u00e9s Csal\u00e1di k\u00f6r c. lapot ind\u00edtott, de csak 10 sz.-ot tudott megjelentetni. Anyagi neh\u00e9zs\u00e9gei miatt gyeng\u00e9n fizetett \u00e1ll\u00e1sokat is elv\u00e1llalt. A brass\u00f3i r. k. egyh\u00e1zk\u00f6zs\u00e9g p\u00e9nzt\u00e1rosak\u00e9nt, meg\u00edrta az egyh\u00e1zk\u00f6zs\u00e9g t\u00f6rt\u00e9net\u00e9t (1204\u20131782-ig). Az \u00daj cimbora c. kv.-i gyermeklap k\u00f6z\u00f6lte verseit. A r. k. pap, Dezs\u0151 fi\u00fakhoz Torock\u00f3szentgy\u00f6rgyre k\u00f6lt\u00f6ztek, majd Nagys\u00e1rm\u00e1sra \u00e9s innen Ny\u00e1r\u00e1dremet\u00e9re (1945\u2013). Mint a vil\u00e1gt\u00f6rt\u00e9nelem \u00e9s a m. irodalom kit\u0171n\u0151 ismer\u0151je, ezeket a tant\u00e1rgyakat tan\u00edtotta a ny\u00e1r\u00e1dremetei Egys\u00e9ges Gimn.-ban az \u00e1llamos\u00edt\u00e1sig (1945\u201348). H\u00e1zkutat\u00e1ssal, vallat\u00e1ssal zaklatt\u00e1k. Ny\u00e1r\u00e1dremete elfelejtett k\u00f6lt\u0151je. K\u00e9ziratban maradt hagyat\u00e9k\u00e1t Hegyi M\u00e1ria tan\u00e1rn\u0151 rendezte kiad\u00e1sra. \u2013  <strong>F. m..:<\/strong> Talpas \u00e9s Barnab\u00e1s (?), Erd\u00e9lyi reg\u00e9k (1926); Der\u0171sen viselt mostoha sors: versek \/ Hegyi M\u00e1ria bevezet\u0151je (Mv.-Ny\u00e1r\u00e1dremete, 2012). <br \/><strong>\u2013 Irod.:<\/strong> Ny\u00e1r\u00e1dremete; Sepsisz\u00e9ki.<\/br><\/p>\n","protected":false},"excerpt":{"rendered":"<p>Konca (Feh\u00e9r), 1879, \u2020 Ny\u00e1r\u00e1dremete, 1953. dec. 21.: jog\u00e1sz, k\u00f6lt\u0151, \u00edr\u00f3, n\u00e9ptan\u00edt\u00f3. \u2013 A Telekiek d\u00e1lnoki \u00e1g\u00e1b\u00f3l sz\u00e1rmazott. T. J\u00f3zsef, f\u0151szolgab\u00edr\u00f3 \u00e9s Sz\u00f6gy\u00e9ny Gabriella fia.Testv\u00e9rei: Ilona, Margit, J\u00f3zsef \u00e9s G\u00e1bor. Sz\u00fclei kor\u00e1n elhaltak. A soproni nagyb\u00e1tyjuk, Sz\u00f6gy\u00e9ny B\u00e9la \u00e9s feles\u00e9ge, S\u00e1ghy Emilia Alvincre k\u00f6lt\u00f6ztek \u00e9s v\u00e1llalt\u00e1k a gyerekek gondoz\u00e1s\u00e1t. A tesv\u00e9rei is gyermekk\u00e9nt hunytak el. [&hellip;]<\/p>\n","protected":false},"featured_media":0,"comment_status":"open","ping_status":"closed","template":"","meta":[],"product_brand":[],"product_cat":[137],"product_tag":[],"class_list":{"0":"post-22917","1":"product","2":"type-product","3":"status-publish","5":"product_cat-maros-megyei-eletrajzi-lexikon","7":"first","8":"instock","9":"shipping-taxable","10":"product-type-simple"},"_links":{"self":[{"href":"https:\/\/uj.adatbank.ro\/lexikon\/wp-json\/wp\/v2\/product\/22917","targetHints":{"allow":["GET"]}}],"collection":[{"href":"https:\/\/uj.adatbank.ro\/lexikon\/wp-json\/wp\/v2\/product"}],"about":[{"href":"https:\/\/uj.adatbank.ro\/lexikon\/wp-json\/wp\/v2\/types\/product"}],"replies":[{"embeddable":true,"href":"https:\/\/uj.adatbank.ro\/lexikon\/wp-json\/wp\/v2\/comments?post=22917"}],"wp:attachment":[{"href":"https:\/\/uj.adatbank.ro\/lexikon\/wp-json\/wp\/v2\/media?parent=22917"}],"wp:term":[{"taxonomy":"product_brand","embeddable":true,"href":"https:\/\/uj.adatbank.ro\/lexikon\/wp-json\/wp\/v2\/product_brand?post=22917"},{"taxonomy":"product_cat","embeddable":true,"href":"https:\/\/uj.adatbank.ro\/lexikon\/wp-json\/wp\/v2\/product_cat?post=22917"},{"taxonomy":"product_tag","embeddable":true,"href":"https:\/\/uj.adatbank.ro\/lexikon\/wp-json\/wp\/v2\/product_tag?post=22917"}],"curies":[{"name":"wp","href":"https:\/\/api.w.org\/{rel}","templated":true}]}}

TELEKY Dezső, §

<p>Konca (Fehér), 1879, † Nyárádremete, 1953. dec. 21.: jogász, költő, író, néptanító. – A Telekiek dálnoki ágából származott. T. József, főszolgabíró és Szögyény Gabriella fia.Testvérei: Ilona, Margit, József és Gábor. Szülei korán elhaltak. A soproni nagybátyjuk, Szögyény Béla és felesége, Sághy Emilia Alvincre költöztek és vállalták a gyerekek gondozását. A tesvérei is gyermekként hunytak el. Felesége: Barabás Piroska. Gyermekeik: József (1904–?), Dezső, az 5. Teleky Pál (1923–?). Gyulafehérváron érettségizett. Pozsonyban végezte a jogot, majd szolgabíró: Alvincen, Tövisen, Verespatakon és Vízaknán. Megírta a Tervezetek a közigazgatás reformjáról, különös tekintettel a községekre c. nagyszabású tanulmányát a helyi adminisztráció átszervezéséről és a személyazonossági igazolványok bevezetésének szükségességéről (1913). Megtagadta az állami eskütételt, ezért a román királyi hatóságok, kárpótlás és nyugdíj nélkül, eltávolították főszolgabírói állásából. Alvincre, majd Brassóba költözött. Az írásból próbálja fenntartani népes családját. Több erdélyi sajtóterméknek volt munkatársa, és ő szerkesztette a Brassói Lapok gyerekrovatát.Írt gyermekverseket, meséket, állatmeséket, kalandos történeteket, maga készített illusztrációkkal. Megvált a Brassói Lapok (1927) és Családi kör c. lapot indított, de csak 10 sz.-ot tudott megjelentetni. Anyagi nehézségei miatt gyengén fizetett állásokat is elvállalt. A brassói r. k. egyházközség pénztárosaként, megírta az egyházközség történetét (1204–1782-ig). Az Új cimbora c. kv.-i gyermeklap közölte verseit. A r. k. pap, Dezső fiúkhoz Torockószentgyörgyre költöztek, majd Nagysármásra és innen Nyárádremetére (1945–). Mint a világtörténelem és a m. irodalom kitűnő ismerője, ezeket a tantárgyakat tanította a nyárádremetei Egységes Gimn.-ban az államosításig (1945–48). Házkutatással, vallatással zaklatták. Nyárádremete elfelejtett költője. Kéziratban maradt hagyatékát Hegyi Mária tanárnő rendezte kiadásra. –  <strong>F. m..:</strong> Talpas és Barnabás (?), Erdélyi regék (1926); Derűsen viselt mostoha sors: versek / Hegyi Mária bevezetője (Mv.-Nyárádremete, 2012). <br /><strong>– Irod.:</strong> Nyárádremete; Sepsiszéki.</br></p>

<p>Konca (Fehér), 1879, † Nyárádremete, 1953. dec. 21.: jogász, költő, író, néptanító. – A Telekiek dálnoki ágából származott. T. József, főszolgabíró és Szögyény Gabriella fia.Testvérei: Ilona, Margit, József és Gábor. Szülei korán elhaltak. A soproni nagybátyjuk, Szögyény Béla és felesége, Sághy Emilia Alvincre költöztek és vállalták a gyerekek gondozását. A tesvérei is gyermekként hunytak el. [&hellip;]</p>
