{"id":22918,"date":"2025-08-01T17:05:36","date_gmt":"2025-08-01T15:05:36","guid":{"rendered":"https:\/\/uj.adatbank.ro\/lexikon\/termek\/teleky-endre\/"},"modified":"2025-08-01T17:05:36","modified_gmt":"2025-08-01T15:05:36","slug":"teleky-endre","status":"publish","type":"product","link":"https:\/\/uj.adatbank.ro\/lexikon\/termek\/teleky-endre\/","title":{"rendered":"TELEKY Endre"},"content":{"rendered":"<p>Segesv\u00e1r, 1913. okt. 24., \u2020 Mv., 2009. j\u00fal. 1.: \u00fcgyv\u00e9d. \u2013 Feles\u00e9ge: Farcz\u00e1dy \u00c9va (1924\u20132007. febr. 20). \u2013 Segesv\u00e1ron a n\u00e9met k\u00f6z\u00e9piskol\u00e1ban \u00e9retts\u00e9gizett (1930), majd Kv.-on jogot v\u00e9gzett (1936), dr. Segesv\u00e1ron \u00fcgyv\u00e9djel\u00f6lt (1936\u201340), A II. vh.-ban tart. z\u00e1szl\u00f3si rangban vett r\u00e9szt. Hadifogs\u00e1gba esett (1945. m\u00e1j.), de egy szovjet tiszt seg\u00edts\u00e9g\u00e9vel szabadon engedt\u00e9k \u00e9s haza\u00e9rkezett (1945. j\u00fan. 9.). Mv.-en \u00fcgyv\u00e9d (1941\u201377). Fekete Andor \u00fcgyv\u00e9di irod\u00e1j\u00e1ban is dolgozott. <br \/><strong>\u2013 Irod.:<\/strong> Berekm\u00e9ri; KKACs; [Nekrol\u00f3g] (N\u00fa., 2009. j\u00fal. 4.); Vajda Gy\u00f6rgy: Mv. legid\u0151sebb \u00fcgyv\u00e9dj\u00e9t k\u00f6sz\u00f6nt\u00f6tt\u00e9k (N\u00fa., 2003. okt. 25.).<\/br><\/p>\n","protected":false},"excerpt":{"rendered":"<p>Segesv\u00e1r, 1913. okt. 24., \u2020 Mv., 2009. j\u00fal. 1.: \u00fcgyv\u00e9d. \u2013 Feles\u00e9ge: Farcz\u00e1dy \u00c9va (1924\u20132007. febr. 20). \u2013 Segesv\u00e1ron a n\u00e9met k\u00f6z\u00e9piskol\u00e1ban \u00e9retts\u00e9gizett (1930), majd Kv.-on jogot v\u00e9gzett (1936), dr. Segesv\u00e1ron \u00fcgyv\u00e9djel\u00f6lt (1936\u201340), A II. vh.-ban tart. z\u00e1szl\u00f3si rangban vett r\u00e9szt. Hadifogs\u00e1gba esett (1945. m\u00e1j.), de egy szovjet tiszt seg\u00edts\u00e9g\u00e9vel szabadon engedt\u00e9k \u00e9s haza\u00e9rkezett (1945. [&hellip;]<\/p>\n","protected":false},"featured_media":0,"comment_status":"open","ping_status":"closed","template":"","meta":[],"product_brand":[],"product_cat":[137],"product_tag":[],"class_list":{"0":"post-22918","1":"product","2":"type-product","3":"status-publish","5":"product_cat-maros-megyei-eletrajzi-lexikon","7":"first","8":"instock","9":"shipping-taxable","10":"product-type-simple"},"_links":{"self":[{"href":"https:\/\/uj.adatbank.ro\/lexikon\/wp-json\/wp\/v2\/product\/22918","targetHints":{"allow":["GET"]}}],"collection":[{"href":"https:\/\/uj.adatbank.ro\/lexikon\/wp-json\/wp\/v2\/product"}],"about":[{"href":"https:\/\/uj.adatbank.ro\/lexikon\/wp-json\/wp\/v2\/types\/product"}],"replies":[{"embeddable":true,"href":"https:\/\/uj.adatbank.ro\/lexikon\/wp-json\/wp\/v2\/comments?post=22918"}],"wp:attachment":[{"href":"https:\/\/uj.adatbank.ro\/lexikon\/wp-json\/wp\/v2\/media?parent=22918"}],"wp:term":[{"taxonomy":"product_brand","embeddable":true,"href":"https:\/\/uj.adatbank.ro\/lexikon\/wp-json\/wp\/v2\/product_brand?post=22918"},{"taxonomy":"product_cat","embeddable":true,"href":"https:\/\/uj.adatbank.ro\/lexikon\/wp-json\/wp\/v2\/product_cat?post=22918"},{"taxonomy":"product_tag","embeddable":true,"href":"https:\/\/uj.adatbank.ro\/lexikon\/wp-json\/wp\/v2\/product_tag?post=22918"}],"curies":[{"name":"wp","href":"https:\/\/api.w.org\/{rel}","templated":true}]}}

<p>Segesvár, 1913. okt. 24., † Mv., 2009. júl. 1.: ügyvéd. – Felesége: Farczády Éva (1924–2007. febr. 20). – Segesváron a német középiskolában érettségizett (1930), majd Kv.-on jogot végzett (1936), dr. Segesváron ügyvédjelölt (1936–40), A II. vh.-ban tart. zászlósi rangban vett részt. Hadifogságba esett (1945. máj.), de egy szovjet tiszt segítségével szabadon engedték és hazaérkezett (1945. jún. 9.). Mv.-en ügyvéd (1941–77). Fekete Andor ügyvédi irodájában is dolgozott. <br /><strong>– Irod.:</strong> Berekméri; KKACs; [Nekrológ] (Nú., 2009. júl. 4.); Vajda György: Mv. legidősebb ügyvédjét köszöntötték (Nú., 2003. okt. 25.).</br></p>

<p>Segesvár, 1913. okt. 24., † Mv., 2009. júl. 1.: ügyvéd. – Felesége: Farczády Éva (1924–2007. febr. 20). – Segesváron a német középiskolában érettségizett (1930), majd Kv.-on jogot végzett (1936), dr. Segesváron ügyvédjelölt (1936–40), A II. vh.-ban tart. zászlósi rangban vett részt. Hadifogságba esett (1945. máj.), de egy szovjet tiszt segítségével szabadon engedték és hazaérkezett (1945. [&hellip;]</p>
