{"id":22922,"date":"2025-08-01T17:05:47","date_gmt":"2025-08-01T15:05:47","guid":{"rendered":"https:\/\/uj.adatbank.ro\/lexikon\/termek\/tellmann-friedrich\/"},"modified":"2025-08-01T17:05:47","modified_gmt":"2025-08-01T15:05:47","slug":"tellmann-friedrich","status":"publish","type":"product","link":"https:\/\/uj.adatbank.ro\/lexikon\/termek\/tellmann-friedrich\/","title":{"rendered":"TELLMANN, Friedrich"},"content":{"rendered":"<p>? \u2020 ?: tan\u00e1r. \u2013 Segesv\u00e1ron a sz\u00e1sz gimn\u00e1zium rektora (1831\u201340), aki az oktat\u00e1s korszer\u0171s\u00edt\u00e9se mellett egy tan\u00edt\u00f3k\u00e9pz\u0151t is l\u00e9tes\u00edtett a v\u00e1rosban, a taner\u0151-ut\u00e1np\u00f3tl\u00e1s biztos\u00edt\u00e1s\u00e1\u00e9rt (1831). Ez az iskola, amely n\u00e9gy\u00e9ves k\u00e9pz\u00e9ssel a falusi iskol\u00e1k r\u00e9sz\u00e9re k\u00e9pezett sz\u00e1sz tan\u00edt\u00f3kat, f\u00fcggetlen volt a gimn\u00e1ziumt\u00f3l. <br \/><strong>\u2013 Irod.:<\/strong> Sighi\u015foara.<\/br><\/p>\n","protected":false},"excerpt":{"rendered":"<p>? \u2020 ?: tan\u00e1r. \u2013 Segesv\u00e1ron a sz\u00e1sz gimn\u00e1zium rektora (1831\u201340), aki az oktat\u00e1s korszer\u0171s\u00edt\u00e9se mellett egy tan\u00edt\u00f3k\u00e9pz\u0151t is l\u00e9tes\u00edtett a v\u00e1rosban, a taner\u0151-ut\u00e1np\u00f3tl\u00e1s biztos\u00edt\u00e1s\u00e1\u00e9rt (1831). Ez az iskola, amely n\u00e9gy\u00e9ves k\u00e9pz\u00e9ssel a falusi iskol\u00e1k r\u00e9sz\u00e9re k\u00e9pezett sz\u00e1sz tan\u00edt\u00f3kat, f\u00fcggetlen volt a gimn\u00e1ziumt\u00f3l. \u2013 Irod.: Sighi\u015foara.<\/p>\n","protected":false},"featured_media":0,"comment_status":"open","ping_status":"closed","template":"","meta":[],"product_brand":[],"product_cat":[137],"product_tag":[],"class_list":{"0":"post-22922","1":"product","2":"type-product","3":"status-publish","5":"product_cat-maros-megyei-eletrajzi-lexikon","7":"first","8":"instock","9":"shipping-taxable","10":"product-type-simple"},"_links":{"self":[{"href":"https:\/\/uj.adatbank.ro\/lexikon\/wp-json\/wp\/v2\/product\/22922","targetHints":{"allow":["GET"]}}],"collection":[{"href":"https:\/\/uj.adatbank.ro\/lexikon\/wp-json\/wp\/v2\/product"}],"about":[{"href":"https:\/\/uj.adatbank.ro\/lexikon\/wp-json\/wp\/v2\/types\/product"}],"replies":[{"embeddable":true,"href":"https:\/\/uj.adatbank.ro\/lexikon\/wp-json\/wp\/v2\/comments?post=22922"}],"wp:attachment":[{"href":"https:\/\/uj.adatbank.ro\/lexikon\/wp-json\/wp\/v2\/media?parent=22922"}],"wp:term":[{"taxonomy":"product_brand","embeddable":true,"href":"https:\/\/uj.adatbank.ro\/lexikon\/wp-json\/wp\/v2\/product_brand?post=22922"},{"taxonomy":"product_cat","embeddable":true,"href":"https:\/\/uj.adatbank.ro\/lexikon\/wp-json\/wp\/v2\/product_cat?post=22922"},{"taxonomy":"product_tag","embeddable":true,"href":"https:\/\/uj.adatbank.ro\/lexikon\/wp-json\/wp\/v2\/product_tag?post=22922"}],"curies":[{"name":"wp","href":"https:\/\/api.w.org\/{rel}","templated":true}]}}