{"id":22927,"date":"2025-08-01T17:05:58","date_gmt":"2025-08-01T15:05:58","guid":{"rendered":"https:\/\/uj.adatbank.ro\/lexikon\/termek\/temesvary-endre-%c2%a7-vitez-temesvari-endre\/"},"modified":"2025-08-01T17:05:58","modified_gmt":"2025-08-01T15:05:58","slug":"temesvary-endre-%c2%a7-vitez-temesvari-endre","status":"publish","type":"product","link":"https:\/\/uj.adatbank.ro\/lexikon\/termek\/temesvary-endre-%c2%a7-vitez-temesvari-endre\/","title":{"rendered":"TEMESV\u00c1RY Endre, \u00a7 vit\u00e9z, Temesv\u00e1ri Endre"},"content":{"rendered":"<p>Mv., 1891. jan. 19. \u2020 Strassburg-Neudorf, 1964. j\u00fal. 20.: vez\u00e9r\u0151rnagy. \u2013 T. Mih\u00e1ly, keresked\u0151 \u00e9s Thallatz Ter\u00e9z fia. \u2013 Nagyv\u00e1radon tanult a honv\u00e9d hadapr\u00f3diskol\u00e1ban (1906\u201310), majd csend\u0151r tiszti tanfolyamot v\u00e9gzett. Z\u00e1szl\u00f3s (1910. aug. 18.), hadnagy (1912. nov. 1), f\u0151hadnagy (1915. jan. 1), sz\u00e1zados (1920. szept. 1.), \u0151rnagy (1931. nov. 1.), alezredes (1936. nov. 1.), ezredes (1940. szept. 1.), vez\u00e9r\u0151rnagy (1943. m\u00e1j. 1.). V\u00e9gig harcolta az els\u0151 vh.-t, r\u00e9szt vett a Sz\u00e9kely Hadoszt\u00e1ly harcaiban. Bel\u00e9pett a M. Kir. Csend\u0151rs\u00e9gbe (1921\u2013), amelynek utols\u00f3 fel\u00fcgyel\u0151je volt. A Gestapo letart\u00f3ztatta (1944. okt.16.), s f\u0151hadisz\u00e1ll\u00e1sukra sz\u00e1ll\u00edtotta. N\u00e9metorsz\u00e1g \u00f6sszeoml\u00e1sakor a francia z\u00f3n\u00e1ba ker\u00fclt, onnan \u00f6nk\u00e9nt hazat\u00e9rt. Tan\u00favallom\u00e1saival t\u00f6bb csend\u0151r \u00e9let\u00e9t mentette meg, \u0151t 10 \u00e9v b\u00f6rt\u00f6nre \u00edt\u00e9lt\u00e9k, V\u00e1cr\u00f3l francia k\u00f6zbenj\u00e1r\u00e1sra kiengedt\u00e9k (1958). Franciao.-ba t\u00e1vozott. <br \/><strong>\u2013 Irod.:<\/strong> Encyc. Hung.; Szak\u00e1ly S\u00e1ndor.<\/br><\/p>\n","protected":false},"excerpt":{"rendered":"<p>Mv., 1891. jan. 19. \u2020 Strassburg-Neudorf, 1964. j\u00fal. 20.: vez\u00e9r\u0151rnagy. \u2013 T. Mih\u00e1ly, keresked\u0151 \u00e9s Thallatz Ter\u00e9z fia. \u2013 Nagyv\u00e1radon tanult a honv\u00e9d hadapr\u00f3diskol\u00e1ban (1906\u201310), majd csend\u0151r tiszti tanfolyamot v\u00e9gzett. Z\u00e1szl\u00f3s (1910. aug. 18.), hadnagy (1912. nov. 1), f\u0151hadnagy (1915. jan. 1), sz\u00e1zados (1920. szept. 1.), \u0151rnagy (1931. nov. 1.), alezredes (1936. nov. 1.), ezredes [&hellip;]<\/p>\n","protected":false},"featured_media":0,"comment_status":"open","ping_status":"closed","template":"","meta":[],"product_brand":[],"product_cat":[137],"product_tag":[],"class_list":{"0":"post-22927","1":"product","2":"type-product","3":"status-publish","5":"product_cat-maros-megyei-eletrajzi-lexikon","7":"first","8":"instock","9":"shipping-taxable","10":"product-type-simple"},"_links":{"self":[{"href":"https:\/\/uj.adatbank.ro\/lexikon\/wp-json\/wp\/v2\/product\/22927","targetHints":{"allow":["GET"]}}],"collection":[{"href":"https:\/\/uj.adatbank.ro\/lexikon\/wp-json\/wp\/v2\/product"}],"about":[{"href":"https:\/\/uj.adatbank.ro\/lexikon\/wp-json\/wp\/v2\/types\/product"}],"replies":[{"embeddable":true,"href":"https:\/\/uj.adatbank.ro\/lexikon\/wp-json\/wp\/v2\/comments?post=22927"}],"wp:attachment":[{"href":"https:\/\/uj.adatbank.ro\/lexikon\/wp-json\/wp\/v2\/media?parent=22927"}],"wp:term":[{"taxonomy":"product_brand","embeddable":true,"href":"https:\/\/uj.adatbank.ro\/lexikon\/wp-json\/wp\/v2\/product_brand?post=22927"},{"taxonomy":"product_cat","embeddable":true,"href":"https:\/\/uj.adatbank.ro\/lexikon\/wp-json\/wp\/v2\/product_cat?post=22927"},{"taxonomy":"product_tag","embeddable":true,"href":"https:\/\/uj.adatbank.ro\/lexikon\/wp-json\/wp\/v2\/product_tag?post=22927"}],"curies":[{"name":"wp","href":"https:\/\/api.w.org\/{rel}","templated":true}]}}

TEMESVÁRY Endre, § vitéz, Temesvári Endre

<p>Mv., 1891. jan. 19. † Strassburg-Neudorf, 1964. júl. 20.: vezérőrnagy. – T. Mihály, kereskedő és Thallatz Teréz fia. – Nagyváradon tanult a honvéd hadapródiskolában (1906–10), majd csendőr tiszti tanfolyamot végzett. Zászlós (1910. aug. 18.), hadnagy (1912. nov. 1), főhadnagy (1915. jan. 1), százados (1920. szept. 1.), őrnagy (1931. nov. 1.), alezredes (1936. nov. 1.), ezredes (1940. szept. 1.), vezérőrnagy (1943. máj. 1.). Végig harcolta az első vh.-t, részt vett a Székely Hadosztály harcaiban. Belépett a M. Kir. Csendőrségbe (1921–), amelynek utolsó felügyelője volt. A Gestapo letartóztatta (1944. okt.16.), s főhadiszállásukra szállította. Németország összeomlásakor a francia zónába került, onnan önként hazatért. Tanúvallomásaival több csendőr életét mentette meg, őt 10 év börtönre ítélték, Vácról francia közbenjárásra kiengedték (1958). Franciao.-ba távozott. <br /><strong>– Irod.:</strong> Encyc. Hung.; Szakály Sándor.</br></p>

<p>Mv., 1891. jan. 19. † Strassburg-Neudorf, 1964. júl. 20.: vezérőrnagy. – T. Mihály, kereskedő és Thallatz Teréz fia. – Nagyváradon tanult a honvéd hadapródiskolában (1906–10), majd csendőr tiszti tanfolyamot végzett. Zászlós (1910. aug. 18.), hadnagy (1912. nov. 1), főhadnagy (1915. jan. 1), százados (1920. szept. 1.), őrnagy (1931. nov. 1.), alezredes (1936. nov. 1.), ezredes [&hellip;]</p>
