{"id":22929,"date":"2025-08-01T17:06:03","date_gmt":"2025-08-01T15:06:03","guid":{"rendered":"https:\/\/uj.adatbank.ro\/lexikon\/termek\/teodor-pompiliu-%c2%a7\/"},"modified":"2025-08-01T17:06:03","modified_gmt":"2025-08-01T15:06:03","slug":"teodor-pompiliu-%c2%a7","status":"publish","type":"product","link":"https:\/\/uj.adatbank.ro\/lexikon\/termek\/teodor-pompiliu-%c2%a7\/","title":{"rendered":"TEODOR, Pompiliu, \u00a7"},"content":{"rendered":"<p>Marosillye, 1930. j\u00fal. 19., \u2020 Kv., 2001. szept. 7.: t\u00f6rt\u00e9n\u00e9sz, egyetemi tan\u00e1r, akad\u00e9mikus. A kv.-i egyetemen v\u00e9gzett t\u00f6rt\u00e9nelem szakot. Kutat\u00f3 volt a kv.-i Akad\u00e9miai K\u00f6nyvt\u00e1r \u00e9s T\u00f6rt\u00e9nelmi Int\u00e9zetben, karrierje az egyetemi tan\u00e1rs\u00e1gig emelte, a kv.-i BBTE rom\u00e1n t\u00f6rt\u00e9nelem katedr\u00e1j\u00e1nak vezet\u0151je volt hossz\u00fa \u00e9vekig, a mv.-i Petru Maior Egyetem professzora, a k\u00e9t egyetem szen\u00e1tus\u00e1nak tagja, a Rom\u00e1n Akad\u00e9mia tagja, aleln\u00f6ke a t\u00f6rt\u00e9n\u00e9szek vil\u00e1gf\u00f3rum\u00e1nak (Forumul Mondial al Istoricilor), a rom\u00e1n tudom\u00e1ny sikeres k\u00e9pvisel\u0151je volt a sz\u00e1mos hazai \u00e9s nemzetk\u00f6zi konferenci\u00e1n. T\u00f6bb mint 30 alapvet\u0151 t\u00f6rt\u00e9nelmi m\u0171nek volt a szerz\u0151je volt \u00e9s vagy szerkeszt\u0151 ir\u00e1ny\u00edt\u00f3ja, valamint sok hazai \u00e9s egyetemes t\u00f6rt\u00e9nelmi tanulm\u00e1ny, cikk szerz\u0151je. K\u00f6z\u00f6lt hazai \u00e9s k\u00fclf\u00f6ldi szaklapokban: Studii \u015fi cercet\u0103ri de bibliologie, Steaua, Studii: Revista de istorie, Anuarul Institutului de Istorie \u2013 Cluj, Studii \u015fi cercet\u0103ri \u015ftiin\u0163ifice Ia\u015fi: Filologie, Tribuna, Studia Universitatis \u201eBabe\u015f-Bolyai\u201d: Historia, Forschungen, Revista de filozofie, Revue roumaine d`histoire, Acta Musei Napocensis, Lupta de clas\u0103, Revista arhivelor, Familia, Revista bibliotecilor, ASTRA, Studia bibliologica, Echinox, Cahiers roumaines d`\u00e9tudes litteraires, Memoriile Sec\u0163iunii Istorice a Academiei Rom\u00e2ne, Almanah Tribuna, Transilvania, Anuarul Institutului de Istorie \u015fi Arheologie \u2013 Cluj, Forum, Contemporanul, Igaz Sz\u00f3, Era socialist\u0103, Roumanie \u2013 pages d`histoire, Studii \u015fi comunic\u0103ri Satu-Mare, Korunk, File de istoria poporului rom\u00e2n, Magazin istoric, Revista de istorie, A H\u00e9t, Ateneu, Crisia, \u00cendrum\u0103tor bisericesc, misionar \u015fi patriotic, Cele trei Cri\u015furi, Revue de Transylvanie, Vatra, Revista istoric\u0103, Pagini transilvane, Xenopoliana, Colloquia, Transylvanian Review, Anuarul Institutului de Cercet\u0103ri Socio-Umane T\u00e2rgu-Mure\u015f, Cultura cre\u015ftin\u0103, illetve \u00d6sterreichische Osthefte . \u2013  <strong>F. m..:<\/strong> Evolu\u0163ia g\u00e2ndirii istorice rom\u00e2ne\u015fti (Cluj, 1970); Avram Iancu \u00een memorialistic\u0103 (Cluj, 1972); Die Entwicklung des historischen Denkens in der rum\u00e4nischen Geschichtsschreibung (Cluj, 1972); Istoria medie a Rom\u00e2niei: Manual pentru cl. a VIII-a (Buc., 1978); Istoria veche \u015fi medie a Rom\u00e2niei: Manual pentru cl. a VIII-a (Buc., 1979); Rom\u00e1nia \u00f3kori \u00e9s k\u00f6z\u00e9pkori t\u00f6rt\u00e9nete: Tank\u00f6nyv VIII: oszt\u00e1ly sz\u00e1m\u00e1ra (Buc., 1979); Istoria antic\u0103 \u015fi medie a Rom\u00e2niei: Manual pentru cl. a VIII-a (Buc., 1980); Interferen\u0163e iluministe europene (Cluj-N., 1984); Texte de istoriografie englez\u0103 \u015fi american\u0103 (Cluj-N., 1985); Istorici rom\u00e2ni \u015fi probleme istorice (Oradea, 1993); Incursiuni \u00een istoriografia rom\u00e2n\u00ee a secolului XX.(Oradea, 1995); Introducere \u00een istoria istoriografiei universale (Cluj-N., 2000); Sub semnul Lumininilor: Samuil Micu (Cluj-N., 2000); Introducere \u00een istoria istoriografiei din Rom\u00e2nia (Cluj-N., 2002);  <strong>t\u00e1rssz.:<\/strong> Omagiu lui P. Constantinescu-Ia\u015fi cu prilejul \u00eemplinirii a 70 de ani (Buc., 1965); Din istoria pedagogiei rom\u00e2ne\u015fti. Vol. 2. (Buc., 1966); Istoria literaturii rom\u00e2ne. Vol. 2. (Buc., 1968); Fragmentarium iluminist (Ghi\u015fe, Dumitruval; Cluj, 1972); Istoria Clujului (Cluj, 1974); Romania and europeac civilisation (Cluj, 1974); Sub semnul lui Clio: Omagiu acad. prof. \u015etefan Pascu (Cluj, 1974); Independen\u0163a rom\u00e2niei (Buc., 1977); Revolu\u0163ia de la 1848\u20131849 din Transilvania. Vol.1. (Buc., 1977); Enciclopedia istoriografiei rom\u00e2ne\u015fti (Buc., 1978); Romanian history 1848\u20131918: Essays from the first deutsch-romanian colloquium of historians (Utrecht, 1977); Rom\u00e1nia \u00f3kori \u00e9s k\u00f6z\u00e9pkori t\u00f6rt\u00e9nete. Tank\u00f6nyv a VIII. o. sz. Daicoviciu Hadriannal, C\u00eempeanu Ioannal, . Buc., 1979): Documente privind revolu\u0163ia de la 1848\u20131849 din Transilvania.Vol. 2. (Buc., 1979), Vol. 3. (Buc., 1982); Rapports du XV-e Congres international des sciences historiques. Vol. 2. (Buc., 1980); Probleme ale istoriei patriei \u015fi poporului rom\u00e2n (Buc., 1981); Stat, societate, na\u0163iune (Cluj-N., 1982); La culture roumaine a l`\u00e9poque des Lumieres. Vol. 1. (Buc., 1982); Marx contemporanul nostru (Buc., 1983); Na\u0163iunea rom\u00e2n\u0103 (Buc., 1984); R\u0103scoala lui Horea, 1784 (coord. Cluj-N., 1984); Nouvelles \u00e9tudes d`histoire. Vol.7 (Buc., 1985); Cunoa\u015ftere \u015fi ac\u0163iune: Profiluri de g\u00e2nditori rom\u00e2ni (Cluj-N., 1986); Istoria militar\u0103 a poporului rom\u00e2n. Vol. 3. (Buc., 1987); Istoria medie a Rom\u00e2niei: Formarea statelor medievale rom\u00e2ne\u015fti (sec. XII.-XIV) (Cluj-N., 1991); Convergen\u0163e europene: Istorie \u015fi societate \u00een epoca mdern\u0103 (Cluj-N., 1993); Istria ca lectura a lumii (Ia\u015fi, 1994); Memorandul 1892\u20131894: Ideologie \u015fi ac\u0163iune politic\u0103 rom\u00e2neasc\u0103 (Buc., 1994); David Prodan \u2013 puterea modelului (Cluj-N., 1995); The History of International Relations in Central and Eastern Europe: Study, traditions and research perspectives (Cluj-N., 1995); Omagiu mitropolitului Nicolae Colan (1893\u20131993) (Cluj-N., 1995); Institutul de Istorie Cluj-Napoca \u2013 1920\u20131995 (Cluj-N., 1995); Ethnicity and Religion in Central and Eastern Europe (Cluj-N., 1995); Alexandru Dimitrie Xenopol \u2013 omul \u015fi opera (Tg. M., 1995); Radu Manolescu: Omagiu (Buc., 1996); Interferen\u0163e istorice \u015fi culturale rom\u00e2no- europene (Tg. M., 1996); Eml\u00e9kk\u00f6nyv Jak\u00f3 Zsigmond sz\u00fclet\u00e9s\u00e9nek nyolcvanadik \u00e9vfordul\u00f3j\u00e1ra (Kv., 1996); Istoria Rom\u00e2niei (Buc., 1998); Church and Society in Central and Eastern Europe (Cluj-N., 1998); Incursiuni \u00een opera istoric\u0103 a lui Gheorghe I. Br\u0103tianu (Cluj-N., 1999); Multiculturalism and the History of International Relations from the 1854 Century up the Present (Ottawa, 1999); Spiritualitate transilvan\u0103 \u015fi istorie european\u0103 (Alba Iulia, 1999); Confessional Identity in East-Central Europe (Ashgate, 2002);  <strong> szerk.:<\/strong> sajt\u00f3 al\u00e1 rendezte, bevezet\u0151vel ell\u00e1tta: Gheorghe \u015eincai: \u00cenv\u0103\u0163\u0103tura fireasc\u0103 spre surparea supersti\u0163iei norodului (Buc., 1964); Samuil Micu: Scrieri filosofice (Buc., 1966); Ideea de unitate politic\u0103 la rom\u00e2ni (Buc., 1968); Din g\u00e2ndirea materialist-istoric\u0103 rom\u00e2neasc\u0103 (1921\u20131944) (Buc., 1972); Indici de reviste. Lucr\u0103ri de diplom\u0103: Bibliografie (Cluj-N., 1976); Ioan Lupa\u015f: Scrieri alese (Cluj-N., 1977); Academicianul David Prodan la \u00eemplinirea v\u00e2rstei de 75 de ani (Cluj-N., 1977); 60 de ani de la des\u0103v\u00e2r\u015firea unit\u0103\u0163ii de stat a Rom\u00e2niei (Buc., 1978); Profesorul Francisc Pall la v\u00e2rsta de 75 de ani (Cluj-N., 1978); Academicianul profesor doctor docent \u015etefan Pascu la \u00eemplinirea v\u00e2rstei de 65 de ani (Cluj-N., 1978); Istoricul Imreh Istv\u00e1n la v\u00e2rsta de 60 de ani (Cluj-N., 1979); Profesorul doctor Kov\u00e1cs Istv\u00e1n la v\u00e2rsta de 60 de ani (Cluj-N., 1979); Cluj: Monografie (Buc., 1980); Enlightenment and Romanian Society (Cluj-N., 1980); Ghidul studentului de istorie (Cluj-N., 1980); Profesorul doctor docent Jak\u00f3 Zsigmond la v\u00e2rsta de 65 de ani (Cluj-N., 1981); \u015ecoala Ardelean\u0103. Vol. 1.(Buc., 1983); Kutass\u00e1tok az \u00edr\u00e1sokat: Rom\u00e1n kr\u00f3nika\u00edr\u00f3k munk\u00e1ib\u00f3l (ford. Varr\u00f3 J\u00e1nos; Kv., 1983); Academicianul profesor doctor docent \u015etefan Pascu la \u00eemplinirea v\u00e2rstei de 70 de ani (Cluj-N., 1984); Civiliza\u0163ie medieval\u0103 \u015fi modern\u0103 rom\u00e2neasc\u0103 (Cluj-N., 1985); Keith Hitchins: Con\u015ftiin\u0163\u0103 na\u0163ional\u0103 \u015fi ac\u0163iune politic\u0103 la rom\u00e2nii din Transilvania (1700\u20131868). Vol. 1 (Cluj-N., 1987); Vol. 2. 1868\u20131918 (Cluj-N., 1992); Silviu Dragomir: Studii privind istoria revolu\u0163iei rom\u00e2ne de la 1848 (Cluj-N., 1989); The Lessons of Yalta: Colloquium of international relations, Cluj-Napoca, may 29\u201330, 1997 (Cluj-N., 1998). <br \/><strong>\u2013 Irod.:<\/strong> Nekrol\u00f3g (Cuv\u00e2ntul liber, 2001. szept. 8.); Fornade; R\u00e9thy\u2013\u00dajv\u00e1ri\u2013V\u00e1czi, Sebesty\u00e9n Mih\u00e1ly: Vir\u00e1g\u00e1ldozat (N\u00fa., 2001. nov. 22.); Tenta\u0163ia istoriei: \u00een memoria profesorului P. T.\/ Volum coordonat de: Nicolae Boc\u015fan, Ovidiu Ghitta, Doru Radosav (Cluj-N., 2003).<\/br><\/p>\n","protected":false},"excerpt":{"rendered":"<p>Marosillye, 1930. j\u00fal. 19., \u2020 Kv., 2001. szept. 7.: t\u00f6rt\u00e9n\u00e9sz, egyetemi tan\u00e1r, akad\u00e9mikus. A kv.-i egyetemen v\u00e9gzett t\u00f6rt\u00e9nelem szakot. Kutat\u00f3 volt a kv.-i Akad\u00e9miai K\u00f6nyvt\u00e1r \u00e9s T\u00f6rt\u00e9nelmi Int\u00e9zetben, karrierje az egyetemi tan\u00e1rs\u00e1gig emelte, a kv.-i BBTE rom\u00e1n t\u00f6rt\u00e9nelem katedr\u00e1j\u00e1nak vezet\u0151je volt hossz\u00fa \u00e9vekig, a mv.-i Petru Maior Egyetem professzora, a k\u00e9t egyetem szen\u00e1tus\u00e1nak tagja, a [&hellip;]<\/p>\n","protected":false},"featured_media":0,"comment_status":"open","ping_status":"closed","template":"","meta":[],"product_brand":[],"product_cat":[137],"product_tag":[],"class_list":{"0":"post-22929","1":"product","2":"type-product","3":"status-publish","5":"product_cat-maros-megyei-eletrajzi-lexikon","7":"first","8":"instock","9":"shipping-taxable","10":"product-type-simple"},"_links":{"self":[{"href":"https:\/\/uj.adatbank.ro\/lexikon\/wp-json\/wp\/v2\/product\/22929","targetHints":{"allow":["GET"]}}],"collection":[{"href":"https:\/\/uj.adatbank.ro\/lexikon\/wp-json\/wp\/v2\/product"}],"about":[{"href":"https:\/\/uj.adatbank.ro\/lexikon\/wp-json\/wp\/v2\/types\/product"}],"replies":[{"embeddable":true,"href":"https:\/\/uj.adatbank.ro\/lexikon\/wp-json\/wp\/v2\/comments?post=22929"}],"wp:attachment":[{"href":"https:\/\/uj.adatbank.ro\/lexikon\/wp-json\/wp\/v2\/media?parent=22929"}],"wp:term":[{"taxonomy":"product_brand","embeddable":true,"href":"https:\/\/uj.adatbank.ro\/lexikon\/wp-json\/wp\/v2\/product_brand?post=22929"},{"taxonomy":"product_cat","embeddable":true,"href":"https:\/\/uj.adatbank.ro\/lexikon\/wp-json\/wp\/v2\/product_cat?post=22929"},{"taxonomy":"product_tag","embeddable":true,"href":"https:\/\/uj.adatbank.ro\/lexikon\/wp-json\/wp\/v2\/product_tag?post=22929"}],"curies":[{"name":"wp","href":"https:\/\/api.w.org\/{rel}","templated":true}]}}

<p>Marosillye, 1930. júl. 19., † Kv., 2001. szept. 7.: történész, egyetemi tanár, akadémikus. A kv.-i egyetemen végzett történelem szakot. Kutató volt a kv.-i Akadémiai Könyvtár és Történelmi Intézetben, karrierje az egyetemi tanárságig emelte, a kv.-i BBTE román történelem katedrájának vezetője volt hosszú évekig, a mv.-i Petru Maior Egyetem professzora, a két egyetem szenátusának tagja, a Román Akadémia tagja, alelnöke a történészek világfórumának (Forumul Mondial al Istoricilor), a román tudomány sikeres képviselője volt a számos hazai és nemzetközi konferencián. Több mint 30 alapvető történelmi műnek volt a szerzője volt és vagy szerkesztő irányítója, valamint sok hazai és egyetemes történelmi tanulmány, cikk szerzője. Közölt hazai és külföldi szaklapokban: Studii şi cercetări de bibliologie, Steaua, Studii: Revista de istorie, Anuarul Institutului de Istorie – Cluj, Studii şi cercetări ştiinţifice Iaşi: Filologie, Tribuna, Studia Universitatis „Babeş-Bolyai”: Historia, Forschungen, Revista de filozofie, Revue roumaine d`histoire, Acta Musei Napocensis, Lupta de clasă, Revista arhivelor, Familia, Revista bibliotecilor, ASTRA, Studia bibliologica, Echinox, Cahiers roumaines d`études litteraires, Memoriile Secţiunii Istorice a Academiei Române, Almanah Tribuna, Transilvania, Anuarul Institutului de Istorie şi Arheologie – Cluj, Forum, Contemporanul, Igaz Szó, Era socialistă, Roumanie – pages d`histoire, Studii şi comunicări Satu-Mare, Korunk, File de istoria poporului român, Magazin istoric, Revista de istorie, A Hét, Ateneu, Crisia, Îndrumător bisericesc, misionar şi patriotic, Cele trei Crişuri, Revue de Transylvanie, Vatra, Revista istorică, Pagini transilvane, Xenopoliana, Colloquia, Transylvanian Review, Anuarul Institutului de Cercetări Socio-Umane Târgu-Mureş, Cultura creştină, illetve Österreichische Osthefte . –  <strong>F. m..:</strong> Evoluţia gândirii istorice româneşti (Cluj, 1970); Avram Iancu în memorialistică (Cluj, 1972); Die Entwicklung des historischen Denkens in der rumänischen Geschichtsschreibung (Cluj, 1972); Istoria medie a României: Manual pentru cl. a VIII-a (Buc., 1978); Istoria veche şi medie a României: Manual pentru cl. a VIII-a (Buc., 1979); Románia ókori és középkori története: Tankönyv VIII: osztály számára (Buc., 1979); Istoria antică şi medie a României: Manual pentru cl. a VIII-a (Buc., 1980); Interferenţe iluministe europene (Cluj-N., 1984); Texte de istoriografie engleză şi americană (Cluj-N., 1985); Istorici români şi probleme istorice (Oradea, 1993); Incursiuni în istoriografia românî a secolului XX.(Oradea, 1995); Introducere în istoria istoriografiei universale (Cluj-N., 2000); Sub semnul Lumininilor: Samuil Micu (Cluj-N., 2000); Introducere în istoria istoriografiei din România (Cluj-N., 2002);  <strong>társsz.:</strong> Omagiu lui P. Constantinescu-Iaşi cu prilejul împlinirii a 70 de ani (Buc., 1965); Din istoria pedagogiei româneşti. Vol. 2. (Buc., 1966); Istoria literaturii române. Vol. 2. (Buc., 1968); Fragmentarium iluminist (Ghişe, Dumitruval; Cluj, 1972); Istoria Clujului (Cluj, 1974); Romania and europeac civilisation (Cluj, 1974); Sub semnul lui Clio: Omagiu acad. prof. Ştefan Pascu (Cluj, 1974); Independenţa româniei (Buc., 1977); Revoluţia de la 1848–1849 din Transilvania. Vol.1. (Buc., 1977); Enciclopedia istoriografiei româneşti (Buc., 1978); Romanian history 1848–1918: Essays from the first deutsch-romanian colloquium of historians (Utrecht, 1977); Románia ókori és középkori története. Tankönyv a VIII. o. sz. Daicoviciu Hadriannal, Cîmpeanu Ioannal, . Buc., 1979): Documente privind revoluţia de la 1848–1849 din Transilvania.Vol. 2. (Buc., 1979), Vol. 3. (Buc., 1982); Rapports du XV-e Congres international des sciences historiques. Vol. 2. (Buc., 1980); Probleme ale istoriei patriei şi poporului român (Buc., 1981); Stat, societate, naţiune (Cluj-N., 1982); La culture roumaine a l`époque des Lumieres. Vol. 1. (Buc., 1982); Marx contemporanul nostru (Buc., 1983); Naţiunea română (Buc., 1984); Răscoala lui Horea, 1784 (coord. Cluj-N., 1984); Nouvelles études d`histoire. Vol.7 (Buc., 1985); Cunoaştere şi acţiune: Profiluri de gânditori români (Cluj-N., 1986); Istoria militară a poporului român. Vol. 3. (Buc., 1987); Istoria medie a României: Formarea statelor medievale româneşti (sec. XII.-XIV) (Cluj-N., 1991); Convergenţe europene: Istorie şi societate în epoca mdernă (Cluj-N., 1993); Istria ca lectura a lumii (Iaşi, 1994); Memorandul 1892–1894: Ideologie şi acţiune politică românească (Buc., 1994); David Prodan – puterea modelului (Cluj-N., 1995); The History of International Relations in Central and Eastern Europe: Study, traditions and research perspectives (Cluj-N., 1995); Omagiu mitropolitului Nicolae Colan (1893–1993) (Cluj-N., 1995); Institutul de Istorie Cluj-Napoca – 1920–1995 (Cluj-N., 1995); Ethnicity and Religion in Central and Eastern Europe (Cluj-N., 1995); Alexandru Dimitrie Xenopol – omul şi opera (Tg. M., 1995); Radu Manolescu: Omagiu (Buc., 1996); Interferenţe istorice şi culturale româno- europene (Tg. M., 1996); Emlékkönyv Jakó Zsigmond születésének nyolcvanadik évfordulójára (Kv., 1996); Istoria României (Buc., 1998); Church and Society in Central and Eastern Europe (Cluj-N., 1998); Incursiuni în opera istorică a lui Gheorghe I. Brătianu (Cluj-N., 1999); Multiculturalism and the History of International Relations from the 1854 Century up the Present (Ottawa, 1999); Spiritualitate transilvană şi istorie europeană (Alba Iulia, 1999); Confessional Identity in East-Central Europe (Ashgate, 2002);  <strong> szerk.:</strong> sajtó alá rendezte, bevezetővel ellátta: Gheorghe Şincai: Învăţătura firească spre surparea superstiţiei norodului (Buc., 1964); Samuil Micu: Scrieri filosofice (Buc., 1966); Ideea de unitate politică la români (Buc., 1968); Din gândirea materialist-istorică românească (1921–1944) (Buc., 1972); Indici de reviste. Lucrări de diplomă: Bibliografie (Cluj-N., 1976); Ioan Lupaş: Scrieri alese (Cluj-N., 1977); Academicianul David Prodan la împlinirea vârstei de 75 de ani (Cluj-N., 1977); 60 de ani de la desăvârşirea unităţii de stat a României (Buc., 1978); Profesorul Francisc Pall la vârsta de 75 de ani (Cluj-N., 1978); Academicianul profesor doctor docent Ştefan Pascu la împlinirea vârstei de 65 de ani (Cluj-N., 1978); Istoricul Imreh István la vârsta de 60 de ani (Cluj-N., 1979); Profesorul doctor Kovács István la vârsta de 60 de ani (Cluj-N., 1979); Cluj: Monografie (Buc., 1980); Enlightenment and Romanian Society (Cluj-N., 1980); Ghidul studentului de istorie (Cluj-N., 1980); Profesorul doctor docent Jakó Zsigmond la vârsta de 65 de ani (Cluj-N., 1981); Şcoala Ardeleană. Vol. 1.(Buc., 1983); Kutassátok az írásokat: Román krónikaírók munkáiból (ford. Varró János; Kv., 1983); Academicianul profesor doctor docent Ştefan Pascu la împlinirea vârstei de 70 de ani (Cluj-N., 1984); Civilizaţie medievală şi modernă românească (Cluj-N., 1985); Keith Hitchins: Conştiinţă naţională şi acţiune politică la românii din Transilvania (1700–1868). Vol. 1 (Cluj-N., 1987); Vol. 2. 1868–1918 (Cluj-N., 1992); Silviu Dragomir: Studii privind istoria revoluţiei române de la 1848 (Cluj-N., 1989); The Lessons of Yalta: Colloquium of international relations, Cluj-Napoca, may 29–30, 1997 (Cluj-N., 1998). <br /><strong>– Irod.:</strong> Nekrológ (Cuvântul liber, 2001. szept. 8.); Fornade; Réthy–Újvári–Váczi, Sebestyén Mihály: Virágáldozat (Nú., 2001. nov. 22.); Tentaţia istoriei: în memoria profesorului P. T./ Volum coordonat de: Nicolae Bocşan, Ovidiu Ghitta, Doru Radosav (Cluj-N., 2003).</br></p>

<p>Marosillye, 1930. júl. 19., † Kv., 2001. szept. 7.: történész, egyetemi tanár, akadémikus. A kv.-i egyetemen végzett történelem szakot. Kutató volt a kv.-i Akadémiai Könyvtár és Történelmi Intézetben, karrierje az egyetemi tanárságig emelte, a kv.-i BBTE román történelem katedrájának vezetője volt hosszú évekig, a mv.-i Petru Maior Egyetem professzora, a két egyetem szenátusának tagja, a [&hellip;]</p>
