{"id":22932,"date":"2025-08-01T17:06:11","date_gmt":"2025-08-01T15:06:11","guid":{"rendered":"https:\/\/uj.adatbank.ro\/lexikon\/termek\/teodoru-cristache\/"},"modified":"2025-08-01T17:06:11","modified_gmt":"2025-08-01T15:06:11","slug":"teodoru-cristache","status":"publish","type":"product","link":"https:\/\/uj.adatbank.ro\/lexikon\/termek\/teodoru-cristache\/","title":{"rendered":"TEODORU, Cristache"},"content":{"rendered":"<p>? \u2020 ?: tan\u00edt\u00f3. \u2013 A mv.-i 6. sz. Remeteszegi iskola els\u0151 igazgat\u00f3ja-tan\u00edt\u00f3ja (1925\u201337). <br \/><strong>\u2013 Irod.:<\/strong> Gimnaziul Al. I. Cuza; Remeteszeg.<\/br><\/p>\n","protected":false},"excerpt":{"rendered":"<p>? \u2020 ?: tan\u00edt\u00f3. \u2013 A mv.-i 6. sz. Remeteszegi iskola els\u0151 igazgat\u00f3ja-tan\u00edt\u00f3ja (1925\u201337). \u2013 Irod.: Gimnaziul Al. I. Cuza; Remeteszeg.<\/p>\n","protected":false},"featured_media":0,"comment_status":"open","ping_status":"closed","template":"","meta":[],"product_brand":[],"product_cat":[137],"product_tag":[],"class_list":{"0":"post-22932","1":"product","2":"type-product","3":"status-publish","5":"product_cat-maros-megyei-eletrajzi-lexikon","7":"first","8":"instock","9":"shipping-taxable","10":"product-type-simple"},"_links":{"self":[{"href":"https:\/\/uj.adatbank.ro\/lexikon\/wp-json\/wp\/v2\/product\/22932","targetHints":{"allow":["GET"]}}],"collection":[{"href":"https:\/\/uj.adatbank.ro\/lexikon\/wp-json\/wp\/v2\/product"}],"about":[{"href":"https:\/\/uj.adatbank.ro\/lexikon\/wp-json\/wp\/v2\/types\/product"}],"replies":[{"embeddable":true,"href":"https:\/\/uj.adatbank.ro\/lexikon\/wp-json\/wp\/v2\/comments?post=22932"}],"wp:attachment":[{"href":"https:\/\/uj.adatbank.ro\/lexikon\/wp-json\/wp\/v2\/media?parent=22932"}],"wp:term":[{"taxonomy":"product_brand","embeddable":true,"href":"https:\/\/uj.adatbank.ro\/lexikon\/wp-json\/wp\/v2\/product_brand?post=22932"},{"taxonomy":"product_cat","embeddable":true,"href":"https:\/\/uj.adatbank.ro\/lexikon\/wp-json\/wp\/v2\/product_cat?post=22932"},{"taxonomy":"product_tag","embeddable":true,"href":"https:\/\/uj.adatbank.ro\/lexikon\/wp-json\/wp\/v2\/product_tag?post=22932"}],"curies":[{"name":"wp","href":"https:\/\/api.w.org\/{rel}","templated":true}]}}