{"id":22933,"date":"2025-08-01T17:06:13","date_gmt":"2025-08-01T15:06:13","guid":{"rendered":"https:\/\/uj.adatbank.ro\/lexikon\/termek\/teofil\/"},"modified":"2025-08-01T17:06:13","modified_gmt":"2025-08-01T15:06:13","slug":"teofil","status":"publish","type":"product","link":"https:\/\/uj.adatbank.ro\/lexikon\/termek\/teofil\/","title":{"rendered":"TEOFIL"},"content":{"rendered":"<p>Erd\u00e9lyi ort. p\u00fcsp\u00f6k egyes\u00edti az ort. egyh\u00e1zat R\u00f3m\u00e1val, az ilyen ir\u00e1ny\u00fa t\u00e1rgyal\u00e1sok 1693-ban kezd\u0151dnek meg az \u0151 p\u00fcsp\u00f6ks\u00e9ge alatt, majd ut\u00f3da, Atanasie mitropolita v\u00e9gleges\u00edti ezt a szerz\u0151d\u00e9st, \u00e9s Gyulafeh\u00e9rv\u00e1rra kik\u00fcld\u00f6tt espereseivel, papjaival al\u00e1 is \u00edrja azt (1700). Mv.-en a jezsuit\u00e1k megjelen\u00e9s\u00e9vel terjed a katolicizmus (1702\u2013). Nekik siker\u00fclt Mv. rom\u00e1n nemzetis\u00e9g\u0171 lak\u00f3it \u00e1tt\u00e9r\u00edteni az \u00faj hitre. Az 1733-as statisztik\u00e1b\u00f3l kit\u0171nik, hogy 60 rom\u00e1n csal\u00e1d l\u00e9tezett (kb. 300 szem\u00e9ly), akik mind g. kat.-nak vallott\u00e1k magukat, de nem volt se templomuk, se papjuk, ez\u00e9rt Ny\u00e1r\u00e1dt\u0151h\u00f6z tartoztak, ahol Gavrila esperes m\u0171k\u00f6d\u00f6tt. <br \/><strong>\u2013 Irod.:<\/strong> Ierom. Silvestru Augustin Prundu\u015f \u2013 Pr. Clemente Pl\u0103ianu: Catolicism \u015fi Ortodoxie Rom\u00e2neasc\u0103 \u2013 scurt istoric al Bisericii Rom\u00e2ne Unite. Ierom. Silvestru Augustin Prundu\u015f \u015fi a Pr. Clemente Pl\u0103ianu. Casa de Editur\u0103 Via\u0163a Cre\u015ftin\u0103, Cluj-Napoca, 1994.<\/br><\/p>\n","protected":false},"excerpt":{"rendered":"<p>Erd\u00e9lyi ort. p\u00fcsp\u00f6k egyes\u00edti az ort. egyh\u00e1zat R\u00f3m\u00e1val, az ilyen ir\u00e1ny\u00fa t\u00e1rgyal\u00e1sok 1693-ban kezd\u0151dnek meg az \u0151 p\u00fcsp\u00f6ks\u00e9ge alatt, majd ut\u00f3da, Atanasie mitropolita v\u00e9gleges\u00edti ezt a szerz\u0151d\u00e9st, \u00e9s Gyulafeh\u00e9rv\u00e1rra kik\u00fcld\u00f6tt espereseivel, papjaival al\u00e1 is \u00edrja azt (1700). Mv.-en a jezsuit\u00e1k megjelen\u00e9s\u00e9vel terjed a katolicizmus (1702\u2013). Nekik siker\u00fclt Mv. rom\u00e1n nemzetis\u00e9g\u0171 lak\u00f3it \u00e1tt\u00e9r\u00edteni az \u00faj hitre. [&hellip;]<\/p>\n","protected":false},"featured_media":0,"comment_status":"open","ping_status":"closed","template":"","meta":[],"product_brand":[],"product_cat":[137],"product_tag":[],"class_list":{"0":"post-22933","1":"product","2":"type-product","3":"status-publish","5":"product_cat-maros-megyei-eletrajzi-lexikon","7":"first","8":"instock","9":"shipping-taxable","10":"product-type-simple"},"_links":{"self":[{"href":"https:\/\/uj.adatbank.ro\/lexikon\/wp-json\/wp\/v2\/product\/22933","targetHints":{"allow":["GET"]}}],"collection":[{"href":"https:\/\/uj.adatbank.ro\/lexikon\/wp-json\/wp\/v2\/product"}],"about":[{"href":"https:\/\/uj.adatbank.ro\/lexikon\/wp-json\/wp\/v2\/types\/product"}],"replies":[{"embeddable":true,"href":"https:\/\/uj.adatbank.ro\/lexikon\/wp-json\/wp\/v2\/comments?post=22933"}],"wp:attachment":[{"href":"https:\/\/uj.adatbank.ro\/lexikon\/wp-json\/wp\/v2\/media?parent=22933"}],"wp:term":[{"taxonomy":"product_brand","embeddable":true,"href":"https:\/\/uj.adatbank.ro\/lexikon\/wp-json\/wp\/v2\/product_brand?post=22933"},{"taxonomy":"product_cat","embeddable":true,"href":"https:\/\/uj.adatbank.ro\/lexikon\/wp-json\/wp\/v2\/product_cat?post=22933"},{"taxonomy":"product_tag","embeddable":true,"href":"https:\/\/uj.adatbank.ro\/lexikon\/wp-json\/wp\/v2\/product_tag?post=22933"}],"curies":[{"name":"wp","href":"https:\/\/api.w.org\/{rel}","templated":true}]}}

<p>Erdélyi ort. püspök egyesíti az ort. egyházat Rómával, az ilyen irányú tárgyalások 1693-ban kezdődnek meg az ő püspöksége alatt, majd utóda, Atanasie mitropolita véglegesíti ezt a szerződést, és Gyulafehérvárra kiküldött espereseivel, papjaival alá is írja azt (1700). Mv.-en a jezsuiták megjelenésével terjed a katolicizmus (1702–). Nekik sikerült Mv. román nemzetiségű lakóit áttéríteni az új hitre. Az 1733-as statisztikából kitűnik, hogy 60 román család létezett (kb. 300 személy), akik mind g. kat.-nak vallották magukat, de nem volt se templomuk, se papjuk, ezért Nyárádtőhöz tartoztak, ahol Gavrila esperes működött. <br /><strong>– Irod.:</strong> Ierom. Silvestru Augustin Prunduş – Pr. Clemente Plăianu: Catolicism şi Ortodoxie Românească – scurt istoric al Bisericii Române Unite. Ierom. Silvestru Augustin Prunduş şi a Pr. Clemente Plăianu. Casa de Editură Viaţa Creştină, Cluj-Napoca, 1994.</br></p>

<p>Erdélyi ort. püspök egyesíti az ort. egyházat Rómával, az ilyen irányú tárgyalások 1693-ban kezdődnek meg az ő püspöksége alatt, majd utóda, Atanasie mitropolita véglegesíti ezt a szerződést, és Gyulafehérvárra kiküldött espereseivel, papjaival alá is írja azt (1700). Mv.-en a jezsuiták megjelenésével terjed a katolicizmus (1702–). Nekik sikerült Mv. román nemzetiségű lakóit áttéríteni az új hitre. [&hellip;]</p>
