{"id":22943,"date":"2025-08-01T17:06:37","date_gmt":"2025-08-01T15:06:37","guid":{"rendered":"https:\/\/uj.adatbank.ro\/lexikon\/termek\/ternovszky-bela-kelemenfalvi\/"},"modified":"2025-08-01T17:06:37","modified_gmt":"2025-08-01T15:06:37","slug":"ternovszky-bela-kelemenfalvi","status":"publish","type":"product","link":"https:\/\/uj.adatbank.ro\/lexikon\/termek\/ternovszky-bela-kelemenfalvi\/","title":{"rendered":"TERNOVSZKY B\u00e9la, kelemenfalvi"},"content":{"rendered":"<p>1847. ? \u2020 Kv., 1914. j\u00fal. 11. Mv.-en temett\u00e9k: jog\u00e1sz, \u00edt\u00e9l\u0151t\u00e1blai eln\u00f6k. \u2013 A Felvid\u00e9kr\u0151l sz\u00e1rmazott. Feles\u00e9ge: Andre\u00e1nszky Ilona. Gyermekeik: dr. T. B\u00e9la; T. Aranka B\u00edr\u00f3 K\u00e1lm\u00e1nn\u00e9; T. Margit Bodolla Ferencn\u00e9; T. Ferenc, feles\u00e9ge Horv\u00e1th Tr\u00e9zsi; dr. T. Jen\u0151, feles\u00e9ge Hank\u00f3 Kl\u00e1ri. Az anyai d\u00e9dnagyapja volt G\u00e1lfalvi Zsoltnak, Juditnak \u00e9s Gy\u00f6rgynek. \u2013 Mv.-i Kir\u00e1lyi T\u00e1bla eln\u00f6ke (1899\u20131914). A Mv.-i Kaszin\u00f3 tagja. <br \/><strong>\u2013 Irod.:<\/strong> Bi\u00e1s Istv\u00e1n; Gy\u00e1szjelent\u0151; Id\u0151t\u00e1r; Sz\u00e1molok a kisz\u00e1m\u00edthatatlans\u00e1ggal \/ Ferenczes Istv\u00e1n besz\u00e9lget\u00e9se G\u00e1lfalvi Gy\u00f6rggyel (Sz\u00e9kelyf\u00f6ld, 2012, 4. sz.); Szentgy\u00f6rgyi.<\/br><\/p>\n","protected":false},"excerpt":{"rendered":"<p>1847. ? \u2020 Kv., 1914. j\u00fal. 11. Mv.-en temett\u00e9k: jog\u00e1sz, \u00edt\u00e9l\u0151t\u00e1blai eln\u00f6k. \u2013 A Felvid\u00e9kr\u0151l sz\u00e1rmazott. Feles\u00e9ge: Andre\u00e1nszky Ilona. Gyermekeik: dr. T. B\u00e9la; T. Aranka B\u00edr\u00f3 K\u00e1lm\u00e1nn\u00e9; T. Margit Bodolla Ferencn\u00e9; T. Ferenc, feles\u00e9ge Horv\u00e1th Tr\u00e9zsi; dr. T. Jen\u0151, feles\u00e9ge Hank\u00f3 Kl\u00e1ri. Az anyai d\u00e9dnagyapja volt G\u00e1lfalvi Zsoltnak, Juditnak \u00e9s Gy\u00f6rgynek. \u2013 Mv.-i Kir\u00e1lyi T\u00e1bla [&hellip;]<\/p>\n","protected":false},"featured_media":0,"comment_status":"open","ping_status":"closed","template":"","meta":[],"product_brand":[],"product_cat":[137],"product_tag":[],"class_list":{"0":"post-22943","1":"product","2":"type-product","3":"status-publish","5":"product_cat-maros-megyei-eletrajzi-lexikon","7":"first","8":"instock","9":"shipping-taxable","10":"product-type-simple"},"_links":{"self":[{"href":"https:\/\/uj.adatbank.ro\/lexikon\/wp-json\/wp\/v2\/product\/22943","targetHints":{"allow":["GET"]}}],"collection":[{"href":"https:\/\/uj.adatbank.ro\/lexikon\/wp-json\/wp\/v2\/product"}],"about":[{"href":"https:\/\/uj.adatbank.ro\/lexikon\/wp-json\/wp\/v2\/types\/product"}],"replies":[{"embeddable":true,"href":"https:\/\/uj.adatbank.ro\/lexikon\/wp-json\/wp\/v2\/comments?post=22943"}],"wp:attachment":[{"href":"https:\/\/uj.adatbank.ro\/lexikon\/wp-json\/wp\/v2\/media?parent=22943"}],"wp:term":[{"taxonomy":"product_brand","embeddable":true,"href":"https:\/\/uj.adatbank.ro\/lexikon\/wp-json\/wp\/v2\/product_brand?post=22943"},{"taxonomy":"product_cat","embeddable":true,"href":"https:\/\/uj.adatbank.ro\/lexikon\/wp-json\/wp\/v2\/product_cat?post=22943"},{"taxonomy":"product_tag","embeddable":true,"href":"https:\/\/uj.adatbank.ro\/lexikon\/wp-json\/wp\/v2\/product_tag?post=22943"}],"curies":[{"name":"wp","href":"https:\/\/api.w.org\/{rel}","templated":true}]}}

TERNOVSZKY Béla, kelemenfalvi

<p>1847. ? † Kv., 1914. júl. 11. Mv.-en temették: jogász, ítélőtáblai elnök. – A Felvidékről származott. Felesége: Andreánszky Ilona. Gyermekeik: dr. T. Béla; T. Aranka Bíró Kálmánné; T. Margit Bodolla Ferencné; T. Ferenc, felesége Horváth Trézsi; dr. T. Jenő, felesége Hankó Klári. Az anyai dédnagyapja volt Gálfalvi Zsoltnak, Juditnak és Györgynek. – Mv.-i Királyi Tábla elnöke (1899–1914). A Mv.-i Kaszinó tagja. <br /><strong>– Irod.:</strong> Biás István; Gyászjelentő; Időtár; Számolok a kiszámíthatatlansággal / Ferenczes István beszélgetése Gálfalvi Györggyel (Székelyföld, 2012, 4. sz.); Szentgyörgyi.</br></p>

<p>1847. ? † Kv., 1914. júl. 11. Mv.-en temették: jogász, ítélőtáblai elnök. – A Felvidékről származott. Felesége: Andreánszky Ilona. Gyermekeik: dr. T. Béla; T. Aranka Bíró Kálmánné; T. Margit Bodolla Ferencné; T. Ferenc, felesége Horváth Trézsi; dr. T. Jenő, felesége Hankó Klári. Az anyai dédnagyapja volt Gálfalvi Zsoltnak, Juditnak és Györgynek. – Mv.-i Királyi Tábla [&hellip;]</p>
