{"id":22945,"date":"2025-08-01T17:06:42","date_gmt":"2025-08-01T15:06:42","guid":{"rendered":"https:\/\/uj.adatbank.ro\/lexikon\/termek\/ternovszky-jeno-ternovszky-eugen\/"},"modified":"2025-08-01T17:06:42","modified_gmt":"2025-08-01T15:06:42","slug":"ternovszky-jeno-ternovszky-eugen","status":"publish","type":"product","link":"https:\/\/uj.adatbank.ro\/lexikon\/termek\/ternovszky-jeno-ternovszky-eugen\/","title":{"rendered":"TERNOVSZKY Jen\u0151, Ternovszky Eugen"},"content":{"rendered":"<p>? \u2020 ?: orvos. \u2013 A MSE aleln\u00f6ke, az \u00fasz\u00f3 szakoszt\u00e1ly megteremt\u0151je (1921), r\u00f6vid id\u0151 alatt olyan \u00fasz\u00f3g\u00e1rd\u00e1t alak\u00edtott, amely jelent\u0151s volt a belf\u00f6ldi egyes\u00fcletek k\u00f6z\u00f6tt. <br \/><strong>\u2013 Irod.:<\/strong> Almanah Tg. M.; Illy\u00e9s.<\/br><\/p>\n","protected":false},"excerpt":{"rendered":"<p>? \u2020 ?: orvos. \u2013 A MSE aleln\u00f6ke, az \u00fasz\u00f3 szakoszt\u00e1ly megteremt\u0151je (1921), r\u00f6vid id\u0151 alatt olyan \u00fasz\u00f3g\u00e1rd\u00e1t alak\u00edtott, amely jelent\u0151s volt a belf\u00f6ldi egyes\u00fcletek k\u00f6z\u00f6tt. \u2013 Irod.: Almanah Tg. M.; Illy\u00e9s.<\/p>\n","protected":false},"featured_media":0,"comment_status":"open","ping_status":"closed","template":"","meta":[],"product_brand":[],"product_cat":[137],"product_tag":[],"class_list":{"0":"post-22945","1":"product","2":"type-product","3":"status-publish","5":"product_cat-maros-megyei-eletrajzi-lexikon","7":"first","8":"instock","9":"shipping-taxable","10":"product-type-simple"},"_links":{"self":[{"href":"https:\/\/uj.adatbank.ro\/lexikon\/wp-json\/wp\/v2\/product\/22945","targetHints":{"allow":["GET"]}}],"collection":[{"href":"https:\/\/uj.adatbank.ro\/lexikon\/wp-json\/wp\/v2\/product"}],"about":[{"href":"https:\/\/uj.adatbank.ro\/lexikon\/wp-json\/wp\/v2\/types\/product"}],"replies":[{"embeddable":true,"href":"https:\/\/uj.adatbank.ro\/lexikon\/wp-json\/wp\/v2\/comments?post=22945"}],"wp:attachment":[{"href":"https:\/\/uj.adatbank.ro\/lexikon\/wp-json\/wp\/v2\/media?parent=22945"}],"wp:term":[{"taxonomy":"product_brand","embeddable":true,"href":"https:\/\/uj.adatbank.ro\/lexikon\/wp-json\/wp\/v2\/product_brand?post=22945"},{"taxonomy":"product_cat","embeddable":true,"href":"https:\/\/uj.adatbank.ro\/lexikon\/wp-json\/wp\/v2\/product_cat?post=22945"},{"taxonomy":"product_tag","embeddable":true,"href":"https:\/\/uj.adatbank.ro\/lexikon\/wp-json\/wp\/v2\/product_tag?post=22945"}],"curies":[{"name":"wp","href":"https:\/\/api.w.org\/{rel}","templated":true}]}}