{"id":22947,"date":"2025-08-01T17:06:48","date_gmt":"2025-08-01T15:06:48","guid":{"rendered":"https:\/\/uj.adatbank.ro\/lexikon\/termek\/tessitori-nora-%c2%a7\/"},"modified":"2025-08-01T17:06:48","modified_gmt":"2025-08-01T15:06:48","slug":"tessitori-nora-%c2%a7","status":"publish","type":"product","link":"https:\/\/uj.adatbank.ro\/lexikon\/termek\/tessitori-nora-%c2%a7\/","title":{"rendered":"TESSITORI N\u00f3ra, \u00a7"},"content":{"rendered":"<p>Kv., 1883. dec. 31., \u2020 Mv., 1969. j\u00fan. 26. Kv.-on, a H\u00e1zsong\u00e1rdi temet\u0151ben nyugszik: el\u0151ad\u00f3m\u0171v\u00e9sz, tan\u00e1r. \u2013 Apja Udin\u00e9b\u00f3l sz\u00e1rmaz\u00f3 k\u0151farag\u00f3 szobr\u00e1sz, 52 \u00e9ves kor\u00e1ban \u00f6ngyilkos lett. Testv\u00e9re: Adrianne. F\u00e9rje (1941\u2013): K\u0151m\u00edves Nagy Lajos \u00fajs\u00e1g\u00edr\u00f3, majd dramaturg, rendez\u0151, tan\u00e1r. \u2013 Sz\u00edn\u00e9szn\u0151 szeretett volna lenni, de m\u00e9gis tisztvisel\u0151 lett Kv.-on, hogy anyj\u00e1t \u00e9s testv\u00e9reit eltartsa. Ugyanakkor \u00e9nekelni tanult \u00e9s j\u00f3t\u00e9konys\u00e1gi rendezv\u00e9nyeken fell\u00e9pett. Els\u0151 \u00f6n\u00e1ll\u00f3 szaval\u00f3estj\u00e9t Kv.-on tartotta a Kelet Irodalmi T\u00e1rsas\u00e1g matin\u00e9j\u00e1n (1918). Rendszeresen szerepelt Erd\u00e9lyben (1939-ig), n\u00e9ha Bp.-en is fell\u00e9pett, utols\u00f3 el\u0151ad\u00f3estje is Bp.-en volt (1939), amit a r\u00e1di\u00f3 is r\u00f6gz\u00edtett. F\u00e9rje, K\u0151m\u00edves Nagy Lajos impressz\u00e1ri\u00f3ja lett. A kv.-i Sz\u00ednm\u0171v\u00e9szeti Akad.-n, majd a mv.-i Szentgy\u00f6rgyi Istv\u00e1n Sz\u00ednm\u0171v. Int.-ben a besz\u00e9dm\u0171v\u00e9szet, po\u00e9tika, fonetika tan\u00e1ra volt (1947\u201354). A KZST tagja (1926\u2013). F\u0151k\u00e9nt Ady, Babits, Juh\u00e1sz Gy., Kosztol\u00e1nyi \u00e9s T\u00f3th \u00c1rp\u00e1d verseivel \u00e9s a kort\u00e1rs erd\u00e9lyi irodalom, els\u0151sorban \u00c1prily, Dsida \u00e9s Tompa L\u00e1szl\u00f3 alkot\u00e1saival, valamint a sz\u00e9kely n\u00e9pballad\u00e1kkal szerepelt. Term\u00e9szetes el\u0151ad\u00e1sm\u00f3d, m\u00e9ly \u00e1t\u00e9l\u0151k\u00e9pess\u00e9g jellemezte el\u0151ad\u00e1sait. El\u0151ad\u00f3m\u0171v\u00e9szet\u00e9vel nagym\u00e9rt\u00e9kben hozz\u00e1j\u00e1rult, hogy Erd\u00e9lyben a m. vers megh\u00f3d\u00edtotta a k\u00f6z\u00f6ns\u00e9get. M\u0171v\u00e9szet\u00e9t m\u00e9ltatta Babits Mih\u00e1ly, V\u00e1rnai Zseni, Bartalis J\u00e1nos, Szentimrei Jen\u0151, Kuncz Alad\u00e1r, Dsida Jen\u0151, Molter K\u00e1roly, Tab\u00e9ry G\u00e9za, Kuncz Alad\u00e1r, Szentimrei Jen\u0151. M\u0171v\u00e9szete a levelez\u00e9s\u00e9b\u0151l is kirajzol\u00f3dik. T\u00f6bb erd\u00e9lyi k\u00f6lt\u0151 \u00edrt vagy dedik\u00e1lt neki verset: \u00c1prily Lajos, Tompa L\u00e1szl\u00f3, Szentimrey Jen\u0151. Alakja \u00e9s m\u0171v\u00e9szete t\u00f6bb k\u00e9pz\u0151m\u0171v\u00e9szt megihletett a Ferenczy-testv\u00e9reket, Thorma J\u00e1nost. <br \/><strong>\u2013 Irod.:<\/strong> 1924\u20131944 Helikon; Dsida; Ga\u00e1l Gy; Ga\u00e1l Gy\u00f6rgy: T. N. \u00e9s a d\u00e1tumok (A H\u00e9t, 1987. m\u00e1j.); H\u00e1zsong\u00e1rd; Helikon 1924\u20131944; A H\u00e9t \u00e9vk\u00f6nyve (1982); Id\u0151t\u00e1r 3; K\u00f6t\u0151; Marosi-KZST; M\u00c9L; MIIB; MSZL; Peris Ter\u00e9z: Eml\u00e9kez\u00e9s: T. N. (Mv. R\u00e1di\u00f3, 2000. jan. 4.; 2000. febr. 1.); RMIL; Szab\u00f3 Lajos: T. N. s\u00edrj\u00e1n\u00e1l (Utunk, 1969. j\u00fal.); T. N. m\u0171v\u00e9szete: cikkek, versek, eml\u00e9kez\u00e9sek, levelek (Bev. \u00e9s sajt\u00f3 al\u00e1 rendezte Marosi Ildik\u00f3; Buk., 1986); \u00daM\u00c9L.<\/br><\/p>\n","protected":false},"excerpt":{"rendered":"<p>Kv., 1883. dec. 31., \u2020 Mv., 1969. j\u00fan. 26. Kv.-on, a H\u00e1zsong\u00e1rdi temet\u0151ben nyugszik: el\u0151ad\u00f3m\u0171v\u00e9sz, tan\u00e1r. \u2013 Apja Udin\u00e9b\u00f3l sz\u00e1rmaz\u00f3 k\u0151farag\u00f3 szobr\u00e1sz, 52 \u00e9ves kor\u00e1ban \u00f6ngyilkos lett. Testv\u00e9re: Adrianne. F\u00e9rje (1941\u2013): K\u0151m\u00edves Nagy Lajos \u00fajs\u00e1g\u00edr\u00f3, majd dramaturg, rendez\u0151, tan\u00e1r. \u2013 Sz\u00edn\u00e9szn\u0151 szeretett volna lenni, de m\u00e9gis tisztvisel\u0151 lett Kv.-on, hogy anyj\u00e1t \u00e9s testv\u00e9reit eltartsa. Ugyanakkor [&hellip;]<\/p>\n","protected":false},"featured_media":0,"comment_status":"open","ping_status":"closed","template":"","meta":[],"product_brand":[],"product_cat":[137],"product_tag":[],"class_list":{"0":"post-22947","1":"product","2":"type-product","3":"status-publish","5":"product_cat-maros-megyei-eletrajzi-lexikon","7":"first","8":"instock","9":"shipping-taxable","10":"product-type-simple"},"_links":{"self":[{"href":"https:\/\/uj.adatbank.ro\/lexikon\/wp-json\/wp\/v2\/product\/22947","targetHints":{"allow":["GET"]}}],"collection":[{"href":"https:\/\/uj.adatbank.ro\/lexikon\/wp-json\/wp\/v2\/product"}],"about":[{"href":"https:\/\/uj.adatbank.ro\/lexikon\/wp-json\/wp\/v2\/types\/product"}],"replies":[{"embeddable":true,"href":"https:\/\/uj.adatbank.ro\/lexikon\/wp-json\/wp\/v2\/comments?post=22947"}],"wp:attachment":[{"href":"https:\/\/uj.adatbank.ro\/lexikon\/wp-json\/wp\/v2\/media?parent=22947"}],"wp:term":[{"taxonomy":"product_brand","embeddable":true,"href":"https:\/\/uj.adatbank.ro\/lexikon\/wp-json\/wp\/v2\/product_brand?post=22947"},{"taxonomy":"product_cat","embeddable":true,"href":"https:\/\/uj.adatbank.ro\/lexikon\/wp-json\/wp\/v2\/product_cat?post=22947"},{"taxonomy":"product_tag","embeddable":true,"href":"https:\/\/uj.adatbank.ro\/lexikon\/wp-json\/wp\/v2\/product_tag?post=22947"}],"curies":[{"name":"wp","href":"https:\/\/api.w.org\/{rel}","templated":true}]}}

TESSITORI Nóra, §

<p>Kv., 1883. dec. 31., † Mv., 1969. jún. 26. Kv.-on, a Házsongárdi temetőben nyugszik: előadóművész, tanár. – Apja Udinéból származó kőfaragó szobrász, 52 éves korában öngyilkos lett. Testvére: Adrianne. Férje (1941–): Kőmíves Nagy Lajos újságíró, majd dramaturg, rendező, tanár. – Színésznő szeretett volna lenni, de mégis tisztviselő lett Kv.-on, hogy anyját és testvéreit eltartsa. Ugyanakkor énekelni tanult és jótékonysági rendezvényeken fellépett. Első önálló szavalóestjét Kv.-on tartotta a Kelet Irodalmi Társaság matinéján (1918). Rendszeresen szerepelt Erdélyben (1939-ig), néha Bp.-en is fellépett, utolsó előadóestje is Bp.-en volt (1939), amit a rádió is rögzített. Férje, Kőmíves Nagy Lajos impresszáriója lett. A kv.-i Színművészeti Akad.-n, majd a mv.-i Szentgyörgyi István Színműv. Int.-ben a beszédművészet, poétika, fonetika tanára volt (1947–54). A KZST tagja (1926–). Főként Ady, Babits, Juhász Gy., Kosztolányi és Tóth Árpád verseivel és a kortárs erdélyi irodalom, elsősorban Áprily, Dsida és Tompa László alkotásaival, valamint a székely népballadákkal szerepelt. Természetes előadásmód, mély átélőképesség jellemezte előadásait. Előadóművészetével nagymértékben hozzájárult, hogy Erdélyben a m. vers meghódította a közönséget. Művészetét méltatta Babits Mihály, Várnai Zseni, Bartalis János, Szentimrei Jenő, Kuncz Aladár, Dsida Jenő, Molter Károly, Tabéry Géza, Kuncz Aladár, Szentimrei Jenő. Művészete a levelezéséből is kirajzolódik. Több erdélyi költő írt vagy dedikált neki verset: Áprily Lajos, Tompa László, Szentimrey Jenő. Alakja és művészete több képzőművészt megihletett a Ferenczy-testvéreket, Thorma Jánost. <br /><strong>– Irod.:</strong> 1924–1944 Helikon; Dsida; Gaál Gy; Gaál György: T. N. és a dátumok (A Hét, 1987. máj.); Házsongárd; Helikon 1924–1944; A Hét évkönyve (1982); Időtár 3; Kötő; Marosi-KZST; MÉL; MIIB; MSZL; Peris Teréz: Emlékezés: T. N. (Mv. Rádió, 2000. jan. 4.; 2000. febr. 1.); RMIL; Szabó Lajos: T. N. sírjánál (Utunk, 1969. júl.); T. N. művészete: cikkek, versek, emlékezések, levelek (Bev. és sajtó alá rendezte Marosi Ildikó; Buk., 1986); ÚMÉL.</br></p>

<p>Kv., 1883. dec. 31., † Mv., 1969. jún. 26. Kv.-on, a Házsongárdi temetőben nyugszik: előadóművész, tanár. – Apja Udinéból származó kőfaragó szobrász, 52 éves korában öngyilkos lett. Testvére: Adrianne. Férje (1941–): Kőmíves Nagy Lajos újságíró, majd dramaturg, rendező, tanár. – Színésznő szeretett volna lenni, de mégis tisztviselő lett Kv.-on, hogy anyját és testvéreit eltartsa. Ugyanakkor [&hellip;]</p>
