{"id":22952,"date":"2025-08-01T17:06:59","date_gmt":"2025-08-01T15:06:59","guid":{"rendered":"https:\/\/uj.adatbank.ro\/lexikon\/termek\/tetsi-krisztina\/"},"modified":"2025-08-01T17:06:59","modified_gmt":"2025-08-01T15:06:59","slug":"tetsi-krisztina","status":"publish","type":"product","link":"https:\/\/uj.adatbank.ro\/lexikon\/termek\/tetsi-krisztina\/","title":{"rendered":"T\u00c9TSI Krisztina"},"content":{"rendered":"<p>? 1745., \u2020 ? 1832. febr. 19.: T\u00e9tsi S\u00e1muel ref. koll\u00e9giumi teol\u00f3g. professzor le\u00e1nya, Getse D\u00e1niel \u00e9desanyja. \u2013 Kor\u00e1n \u00e1rvas\u00e1gra jutott \u00e9s az elhagyatotts\u00e1g\u00e1ban gy\u00e1moltalan ifj\u00fa le\u00e1ny, sz\u00e1razajtai Getse Benj\u00e1min, akkori t\u00e1blai kancellista h\u00e1zass\u00e1gi \u00edg\u00e9ret\u00e9ben b\u00edzva, de megcsalatva, vil\u00e1gra hozta az emberis\u00e9g nagy j\u00f3tev\u0151j\u00e9t, a sz\u00e9kely f\u0151v\u00e1ros legnagyobb fi\u00e1t: Getse D\u00e1nielt. A legnagyobb nyomorban teng\u0151d\u0151 anya \u00e9jt nappall\u00e1 t\u00e9ve varr\u00e1ssal \u00e9s egy\u00e9b munk\u00e1val tartotta fenn mag\u00e1t \u00e9s tan\u00edttatta gyermek\u00e9t. Azonban (1799-t\u0151l) m\u00e1r a t\u00f6rv\u00e9nyes\u00edtett fi\u00e1t\u00f3l \u2013 aki h\u0151n szeretett anyj\u00e1t az \u00e9let gondjain fel\u00fclemelni \u00f3hajtotta \u2013 b\u0151 t\u00e1mogat\u00e1sban r\u00e9szes\u00fclt. Fia hal\u00e1l\u00e1t t\u00fal\u00e9lte, \u00e9s annak v\u00e9grendelete \u00e9rtelm\u00e9ben vagyon\u00e1nak r\u00e9szesed\u00e9s\u00e9t hal\u00e1l\u00e1ig \u00e9lvezte, mely ut\u00e1n az Emberszereteti Int\u00e9zett\u00e9 lett. <br \/><strong>\u2013 Irod.:<\/strong> Kr\u00f3n. F\u00fcz. (1939.4\/6).<\/br><\/p>\n","protected":false},"excerpt":{"rendered":"<p>? 1745., \u2020 ? 1832. febr. 19.: T\u00e9tsi S\u00e1muel ref. koll\u00e9giumi teol\u00f3g. professzor le\u00e1nya, Getse D\u00e1niel \u00e9desanyja. \u2013 Kor\u00e1n \u00e1rvas\u00e1gra jutott \u00e9s az elhagyatotts\u00e1g\u00e1ban gy\u00e1moltalan ifj\u00fa le\u00e1ny, sz\u00e1razajtai Getse Benj\u00e1min, akkori t\u00e1blai kancellista h\u00e1zass\u00e1gi \u00edg\u00e9ret\u00e9ben b\u00edzva, de megcsalatva, vil\u00e1gra hozta az emberis\u00e9g nagy j\u00f3tev\u0151j\u00e9t, a sz\u00e9kely f\u0151v\u00e1ros legnagyobb fi\u00e1t: Getse D\u00e1nielt. A legnagyobb nyomorban teng\u0151d\u0151 [&hellip;]<\/p>\n","protected":false},"featured_media":0,"comment_status":"open","ping_status":"closed","template":"","meta":[],"product_brand":[],"product_cat":[137],"product_tag":[],"class_list":{"0":"post-22952","1":"product","2":"type-product","3":"status-publish","5":"product_cat-maros-megyei-eletrajzi-lexikon","7":"first","8":"instock","9":"shipping-taxable","10":"product-type-simple"},"_links":{"self":[{"href":"https:\/\/uj.adatbank.ro\/lexikon\/wp-json\/wp\/v2\/product\/22952","targetHints":{"allow":["GET"]}}],"collection":[{"href":"https:\/\/uj.adatbank.ro\/lexikon\/wp-json\/wp\/v2\/product"}],"about":[{"href":"https:\/\/uj.adatbank.ro\/lexikon\/wp-json\/wp\/v2\/types\/product"}],"replies":[{"embeddable":true,"href":"https:\/\/uj.adatbank.ro\/lexikon\/wp-json\/wp\/v2\/comments?post=22952"}],"wp:attachment":[{"href":"https:\/\/uj.adatbank.ro\/lexikon\/wp-json\/wp\/v2\/media?parent=22952"}],"wp:term":[{"taxonomy":"product_brand","embeddable":true,"href":"https:\/\/uj.adatbank.ro\/lexikon\/wp-json\/wp\/v2\/product_brand?post=22952"},{"taxonomy":"product_cat","embeddable":true,"href":"https:\/\/uj.adatbank.ro\/lexikon\/wp-json\/wp\/v2\/product_cat?post=22952"},{"taxonomy":"product_tag","embeddable":true,"href":"https:\/\/uj.adatbank.ro\/lexikon\/wp-json\/wp\/v2\/product_tag?post=22952"}],"curies":[{"name":"wp","href":"https:\/\/api.w.org\/{rel}","templated":true}]}}

TÉTSI Krisztina

<p>? 1745., † ? 1832. febr. 19.: Tétsi Sámuel ref. kollégiumi teológ. professzor leánya, Getse Dániel édesanyja. – Korán árvaságra jutott és az elhagyatottságában gyámoltalan ifjú leány, szárazajtai Getse Benjámin, akkori táblai kancellista házassági ígéretében bízva, de megcsalatva, világra hozta az emberiség nagy jótevőjét, a székely főváros legnagyobb fiát: Getse Dánielt. A legnagyobb nyomorban tengődő anya éjt nappallá téve varrással és egyéb munkával tartotta fenn magát és taníttatta gyermekét. Azonban (1799-től) már a törvényesített fiától – aki hőn szeretett anyját az élet gondjain felülemelni óhajtotta – bő támogatásban részesült. Fia halálát túlélte, és annak végrendelete értelmében vagyonának részesedését haláláig élvezte, mely után az Emberszereteti Intézetté lett. <br /><strong>– Irod.:</strong> Krón. Füz. (1939.4/6).</br></p>

<p>? 1745., † ? 1832. febr. 19.: Tétsi Sámuel ref. kollégiumi teológ. professzor leánya, Getse Dániel édesanyja. – Korán árvaságra jutott és az elhagyatottságában gyámoltalan ifjú leány, szárazajtai Getse Benjámin, akkori táblai kancellista házassági ígéretében bízva, de megcsalatva, világra hozta az emberiség nagy jótevőjét, a székely főváros legnagyobb fiát: Getse Dánielt. A legnagyobb nyomorban tengődő [&hellip;]</p>
