{"id":22953,"date":"2025-08-01T17:07:01","date_gmt":"2025-08-01T15:07:01","guid":{"rendered":"https:\/\/uj.adatbank.ro\/lexikon\/termek\/tetsi-miklos-tecsi\/"},"modified":"2025-08-01T17:07:01","modified_gmt":"2025-08-01T15:07:01","slug":"tetsi-miklos-tecsi","status":"publish","type":"product","link":"https:\/\/uj.adatbank.ro\/lexikon\/termek\/tetsi-miklos-tecsi\/","title":{"rendered":"T\u00c9TSI Mikl\u00f3s, T\u00e9csi"},"content":{"rendered":"<p>Mv., ? \u2020 ?: ref. lelk\u00e9sz. \u2013 T\u00e9tsi S\u00e1muel ref. koll. tan\u00e1r fia. Tanult Mv.-en (1760) a ref. koll\u00e9giumban, ahol k\u00f6nyvt\u00e1rnok (1765\u20131771), a syntaktika-classisban oszt\u00e1lytan\u00edt\u00f3, theologiae praeses, akad\u00e9mista; Marburgban (1772), Utrechtben (1774) Pap Ny\u00e1r\u00e1dszentbenedeken (1776\u20131789); Berekereszt\u00faron (1789\u20131807); a marosi egyh\u00e1zmegye esperese (1806\u20131807). <br \/><strong>\u2013 Irod.:<\/strong> Farcz\u00e1dy Elek: A marosv\u00e1s\u00e1rhjelyi Bolyai tudom\u00e1nyos k\u00f6nyvt\u00e1r = Eml\u00e9kk. K.L. 80; Keresztes; Koncz; Kr\u00f3n. F\u00fcz. (1939. 4\/8); Ny\u00e1r\u00e1dszentbenedek; Szab\u00f3\u2013Sz\u00f6gi; Zov\u00e1nyi.<\/br><\/p>\n","protected":false},"excerpt":{"rendered":"<p>Mv., ? \u2020 ?: ref. lelk\u00e9sz. \u2013 T\u00e9tsi S\u00e1muel ref. koll. tan\u00e1r fia. Tanult Mv.-en (1760) a ref. koll\u00e9giumban, ahol k\u00f6nyvt\u00e1rnok (1765\u20131771), a syntaktika-classisban oszt\u00e1lytan\u00edt\u00f3, theologiae praeses, akad\u00e9mista; Marburgban (1772), Utrechtben (1774) Pap Ny\u00e1r\u00e1dszentbenedeken (1776\u20131789); Berekereszt\u00faron (1789\u20131807); a marosi egyh\u00e1zmegye esperese (1806\u20131807). \u2013 Irod.: Farcz\u00e1dy Elek: A marosv\u00e1s\u00e1rhjelyi Bolyai tudom\u00e1nyos k\u00f6nyvt\u00e1r = Eml\u00e9kk. K.L. 80; [&hellip;]<\/p>\n","protected":false},"featured_media":0,"comment_status":"open","ping_status":"closed","template":"","meta":[],"product_brand":[],"product_cat":[137],"product_tag":[],"class_list":{"0":"post-22953","1":"product","2":"type-product","3":"status-publish","5":"product_cat-maros-megyei-eletrajzi-lexikon","7":"first","8":"instock","9":"shipping-taxable","10":"product-type-simple"},"_links":{"self":[{"href":"https:\/\/uj.adatbank.ro\/lexikon\/wp-json\/wp\/v2\/product\/22953","targetHints":{"allow":["GET"]}}],"collection":[{"href":"https:\/\/uj.adatbank.ro\/lexikon\/wp-json\/wp\/v2\/product"}],"about":[{"href":"https:\/\/uj.adatbank.ro\/lexikon\/wp-json\/wp\/v2\/types\/product"}],"replies":[{"embeddable":true,"href":"https:\/\/uj.adatbank.ro\/lexikon\/wp-json\/wp\/v2\/comments?post=22953"}],"wp:attachment":[{"href":"https:\/\/uj.adatbank.ro\/lexikon\/wp-json\/wp\/v2\/media?parent=22953"}],"wp:term":[{"taxonomy":"product_brand","embeddable":true,"href":"https:\/\/uj.adatbank.ro\/lexikon\/wp-json\/wp\/v2\/product_brand?post=22953"},{"taxonomy":"product_cat","embeddable":true,"href":"https:\/\/uj.adatbank.ro\/lexikon\/wp-json\/wp\/v2\/product_cat?post=22953"},{"taxonomy":"product_tag","embeddable":true,"href":"https:\/\/uj.adatbank.ro\/lexikon\/wp-json\/wp\/v2\/product_tag?post=22953"}],"curies":[{"name":"wp","href":"https:\/\/api.w.org\/{rel}","templated":true}]}}

TÉTSI Miklós, Técsi

<p>Mv., ? † ?: ref. lelkész. – Tétsi Sámuel ref. koll. tanár fia. Tanult Mv.-en (1760) a ref. kollégiumban, ahol könyvtárnok (1765–1771), a syntaktika-classisban osztálytanító, theologiae praeses, akadémista; Marburgban (1772), Utrechtben (1774) Pap Nyárádszentbenedeken (1776–1789); Berekeresztúron (1789–1807); a marosi egyházmegye esperese (1806–1807). <br /><strong>– Irod.:</strong> Farczády Elek: A marosvásárhjelyi Bolyai tudományos könyvtár = Emlékk. K.L. 80; Keresztes; Koncz; Krón. Füz. (1939. 4/8); Nyárádszentbenedek; Szabó–Szögi; Zoványi.</br></p>

<p>Mv., ? † ?: ref. lelkész. – Tétsi Sámuel ref. koll. tanár fia. Tanult Mv.-en (1760) a ref. kollégiumban, ahol könyvtárnok (1765–1771), a syntaktika-classisban osztálytanító, theologiae praeses, akadémista; Marburgban (1772), Utrechtben (1774) Pap Nyárádszentbenedeken (1776–1789); Berekeresztúron (1789–1807); a marosi egyházmegye esperese (1806–1807). – Irod.: Farczády Elek: A marosvásárhjelyi Bolyai tudományos könyvtár = Emlékk. K.L. 80; [&hellip;]</p>
